{"id":7,"date":"2016-05-24T12:29:05","date_gmt":"2016-05-24T12:29:05","guid":{"rendered":"https:\/\/bio.ufpr.br\/anatomia\/?page_id=7"},"modified":"2025-01-08T13:18:12","modified_gmt":"2025-01-08T13:18:12","slug":"a-secretaria","status":"publish","type":"page","link":"https:\/\/bio.ufpr.br\/anatomia\/a-secretaria\/","title":{"rendered":"Secretaria"},"content":{"rendered":"<p>A secretaria do Departamento de Anatomia funciona de Segunda a Sexta-Feira das 8h00 \u00e0s 12h00 e das 13h00 \u00e0s 17h00.<\/p>\n<table style=\"height: 484px\" width=\"796\">\n<tbody>\n<tr>\n<td style=\"width: 300px;text-align: left\"><\/td>\n<td>\n<p><a id=\"Secretario\" name=\"Secretario\"><\/a><img loading=\"lazy\" decoding=\"async\" class=\"alignnone wp-image-280\" src=\"https:\/\/bio.ufpr.br\/anatomia\/wp-content\/uploads\/sites\/30\/2016\/05\/icone-atribuicao-150x150.png\" alt=\"icone-atribuicao\" width=\"31\" height=\"31\" srcset=\"https:\/\/bio.ufpr.br\/anatomia\/wp-content\/uploads\/sites\/30\/2016\/05\/icone-atribuicao-150x150.png 150w, https:\/\/bio.ufpr.br\/anatomia\/wp-content\/uploads\/sites\/30\/2016\/05\/icone-atribuicao-300x300.png 300w, https:\/\/bio.ufpr.br\/anatomia\/wp-content\/uploads\/sites\/30\/2016\/05\/icone-atribuicao.png 512w\" sizes=\"auto, (max-width: 31px) 100vw, 31px\" \/>\u00a0 \u00a0Secret\u00e1ria<\/p>\n<p><a class=\"alignnone\" href=\"https:\/\/bio.ufpr.br\/anatomia\/wp-content\/uploads\/sites\/30\/2016\/05\/icone-pessoa.png\"><img loading=\"lazy\" decoding=\"async\" class=\"wp-image-272 alignnone\" src=\"https:\/\/bio.ufpr.br\/anatomia\/wp-content\/uploads\/sites\/30\/2016\/05\/icone-pessoa-150x150.png\" alt=\"icone-pessoa\" width=\"25\" height=\"25\" srcset=\"https:\/\/bio.ufpr.br\/anatomia\/wp-content\/uploads\/sites\/30\/2016\/05\/icone-pessoa-150x150.png 150w, https:\/\/bio.ufpr.br\/anatomia\/wp-content\/uploads\/sites\/30\/2016\/05\/icone-pessoa.png 225w\" sizes=\"auto, (max-width: 25px) 100vw, 25px\" \/><\/a>\u00a0 \u00a0Luana Desiderio<\/p>\n<p><a href=\"https:\/\/bio.ufpr.br\/anatomia\/wp-content\/uploads\/sites\/30\/2018\/10\/icone-telefone.jpg\"><img loading=\"lazy\" decoding=\"async\" class=\"wp-image-265 alignnone\" src=\"https:\/\/bio.ufpr.br\/anatomia\/wp-content\/uploads\/sites\/30\/2018\/10\/icone-telefone-150x150.jpg\" alt=\"icone-telefone\" width=\"25\" height=\"25\" srcset=\"https:\/\/bio.ufpr.br\/anatomia\/wp-content\/uploads\/sites\/30\/2018\/10\/icone-telefone-150x150.jpg 150w, https:\/\/bio.ufpr.br\/anatomia\/wp-content\/uploads\/sites\/30\/2018\/10\/icone-telefone-300x300.jpg 300w, https:\/\/bio.ufpr.br\/anatomia\/wp-content\/uploads\/sites\/30\/2018\/10\/icone-telefone.jpg 626w\" sizes=\"auto, (max-width: 25px) 100vw, 25px\" \/><\/a>\u00a0 \u00a0(41) 3361-1679<\/p>\n<p><a href=\"https:\/\/bio.ufpr.br\/anatomia\/wp-content\/uploads\/sites\/30\/2018\/10\/email_icon-icons.com_50400.png\"><img loading=\"lazy\" decoding=\"async\" class=\"alignnone wp-image-263\" src=\"https:\/\/bio.ufpr.br\/anatomia\/wp-content\/uploads\/sites\/30\/2018\/10\/email_icon-icons.com_50400-150x150.png\" alt=\"email_icon-icons-com_50400\" width=\"25\" height=\"25\" srcset=\"https:\/\/bio.ufpr.br\/anatomia\/wp-content\/uploads\/sites\/30\/2018\/10\/email_icon-icons.com_50400-150x150.png 150w, https:\/\/bio.ufpr.br\/anatomia\/wp-content\/uploads\/sites\/30\/2018\/10\/email_icon-icons.com_50400-300x300.png 300w, https:\/\/bio.ufpr.br\/anatomia\/wp-content\/uploads\/sites\/30\/2018\/10\/email_icon-icons.com_50400.png 512w\" sizes=\"auto, (max-width: 25px) 100vw, 25px\" \/><\/a>\u00a0 \u00a0<a href=\"mailto:anatomia@ufpr.br\">anatomia@ufpr.br<\/a><\/td>\n<\/tr>\n<\/tbody>\n<\/table>\n<p>_________________________________________________________________________________________________________<\/p>\n<div>Universidade Federal do Paran\u00e1.<\/div>\n<div>Setor de Ci\u00eancias Biol\u00f3gicas &#8211; Departamento de Anatomia<\/div>\n<div>Av. Cel. Francisco H. dos Santos, 100. Centro Polit\u00e9cnico.<\/div>\n<div>Jardim das Am\u00e9ricas, Curitiba-PR CEP: 81531-980.<\/div>\n<div>Caixa Postal n.\u00ba 19020<\/div>\n<div>Telefone de Contato: (41) 3361-1679<\/div>\n","protected":false},"excerpt":{"rendered":"<p>A secretaria do Departamento de Anatomia funciona de Segunda a Sexta-Feira das 8h00 \u00e0s 12h00 e das 13h00 \u00e0s 17h00. \u00a0 \u00a0Secret\u00e1ria \u00a0 \u00a0Luana Desiderio \u00a0 \u00a0(41) 3361-1679 \u00a0 \u00a0anatomia@ufpr.br _________________________________________________________________________________________________________ Universidade Federal do Paran\u00e1. Setor de Ci\u00eancias Biol\u00f3gicas &#8211; Departamento de Anatomia Av. Cel. Francisco H. dos Santos, 100. Centro Polit\u00e9cnico. Jardim das Am\u00e9ricas, [&hellip;]<\/p>\n","protected":false},"author":6,"featured_media":0,"parent":0,"menu_order":0,"comment_status":"open","ping_status":"open","template":"","meta":{"_acf_changed":false,"_monsterinsights_skip_tracking":false,"_monsterinsights_sitenote_active":false,"_monsterinsights_sitenote_note":"","_monsterinsights_sitenote_category":0,"footnotes":""},"class_list":["post-7","page","type-page","status-publish","hentry"],"acf":[],"_links":{"self":[{"href":"https:\/\/bio.ufpr.br\/anatomia\/wp-json\/wp\/v2\/pages\/7","targetHints":{"allow":["GET"]}}],"collection":[{"href":"https:\/\/bio.ufpr.br\/anatomia\/wp-json\/wp\/v2\/pages"}],"about":[{"href":"https:\/\/bio.ufpr.br\/anatomia\/wp-json\/wp\/v2\/types\/page"}],"author":[{"embeddable":true,"href":"https:\/\/bio.ufpr.br\/anatomia\/wp-json\/wp\/v2\/users\/6"}],"replies":[{"embeddable":true,"href":"https:\/\/bio.ufpr.br\/anatomia\/wp-json\/wp\/v2\/comments?post=7"}],"version-history":[{"count":75,"href":"https:\/\/bio.ufpr.br\/anatomia\/wp-json\/wp\/v2\/pages\/7\/revisions"}],"predecessor-version":[{"id":901,"href":"https:\/\/bio.ufpr.br\/anatomia\/wp-json\/wp\/v2\/pages\/7\/revisions\/901"}],"wp:attachment":[{"href":"https:\/\/bio.ufpr.br\/anatomia\/wp-json\/wp\/v2\/media?parent=7"}],"curies":[{"name":"wp","href":"https:\/\/api.w.org\/{rel}","templated":true}]}}