{"id":541,"date":"2019-04-18T09:26:07","date_gmt":"2019-04-18T12:26:07","guid":{"rendered":"https:\/\/bio.ufpr.br\/biogemm\/?page_id=541"},"modified":"2025-07-14T14:07:17","modified_gmt":"2025-07-14T17:07:17","slug":"o-laboratorio","status":"publish","type":"page","link":"https:\/\/bio.ufpr.br\/biogemm\/o-laboratorio\/","title":{"rendered":"O Laborat\u00f3rio"},"content":{"rendered":"<p><img loading=\"lazy\" decoding=\"async\" class=\"alignleft size-full wp-image-950\" src=\"https:\/\/bio.ufpr.br\/biogemm\/wp-content\/uploads\/sites\/55\/2025\/07\/IMG-20241217-WA0010.jpg\" alt=\"WhatsApp Image 2019-06-18 at 14.46.22\" width=\"1280\" height=\"509\" \/><\/p>\n<p><em>Equipe do Laborat\u00f3rio<\/em> (dez\/2024)<\/p>\n<p>O Laborat\u00f3rio de Bioprospecc\u00e7\u00e3o e Gen\u00e9tica Molecular de Microrganismos (BioGeMM) est\u00e1 <a href=\"https:\/\/bio.ufpr.br\/biogemm\/o-laboratorio\/localizacao\/\">localizado<\/a> no Departamento de Gen\u00e9tica da Universidade Federal do Paran\u00e1 (UFPR, Curitiba, Brasil).<\/p>\n<p>A l\u00edder do laborat\u00f3rio, <a href=\"https:\/\/bio.ufpr.br\/biogemm\/o-laboratorio\/chirlei-glienke\/\">Prof\u00aa Chirlei Glienke<\/a>, tem ampla experi\u00eancia em gen\u00e9tica de microrganismos, atuando em diversas <a href=\"https:\/\/bio.ufpr.br\/biogemm\/o-laboratorio\/linhas-de-pesquisa\/\">linhas de pesquisa<\/a>, as quais j\u00e1 geraram diversas <a href=\"https:\/\/bio.ufpr.br\/biogemm\/o-laboratorio\/publicacoes\/\">publica\u00e7\u00f5es cient\u00edficas<\/a>.<\/p>\n<p>A\u00a0<a href=\"https:\/\/bio.ufpr.br\/biogemm\/o-laboratorio\/equipe\/\">equipe do BioGeMM<\/a> \u00e9 composta por um t\u00e9cnico de n\u00edvel superior, alunos de p\u00f3s-gradua\u00e7\u00e3o dos Programas de <a href=\"https:\/\/bio.ufpr.br\/ppggenetica\/\">P\u00f3s-Gradua\u00e7\u00e3o em Gen\u00e9tica (PPGGEN &#8211; UFPR)<\/a> e <a href=\"http:\/\/www.prppg.ufpr.br\/ppgmpp\/\">P\u00f3s-Gradua\u00e7\u00e3o em Microbiologia, Parasitologia e Patologia (PPGMPP &#8211; UFPR)<\/a>, al\u00e9m de estudantes de gradua\u00e7\u00e3o\u00a0dos cursos de\u00a0Ci\u00eancias Biol\u00f3gicas, Engenharia de Bioprocessos e Biotecnologia, e Farm\u00e1cia, da UFPR.<\/p>\n<p>O laborat\u00f3rio tamb\u00e9m possui <a href=\"https:\/\/bio.ufpr.br\/biogemm\/o-laboratorio\/parcerias\/\">parcerias<\/a> com outros grupos de pesquisa da UFPR, bem como outros grupos brasileiros e internacionais.<\/p>\n<p>&nbsp;<\/p>\n","protected":false},"excerpt":{"rendered":"<p>Equipe do Laborat\u00f3rio (dez\/2024) O Laborat\u00f3rio de Bioprospecc\u00e7\u00e3o e Gen\u00e9tica Molecular de Microrganismos (BioGeMM) est\u00e1 localizado no Departamento de Gen\u00e9tica da Universidade Federal do Paran\u00e1 (UFPR, Curitiba, Brasil). A l\u00edder do laborat\u00f3rio, Prof\u00aa Chirlei Glienke, tem ampla experi\u00eancia em gen\u00e9tica de microrganismos, atuando em diversas linhas de pesquisa, as quais j\u00e1 geraram diversas publica\u00e7\u00f5es cient\u00edficas. [&hellip;]<\/p>\n","protected":false},"author":6,"featured_media":0,"parent":0,"menu_order":0,"comment_status":"closed","ping_status":"closed","template":"","meta":{"_acf_changed":false,"_monsterinsights_skip_tracking":false,"_monsterinsights_sitenote_active":false,"_monsterinsights_sitenote_note":"","_monsterinsights_sitenote_category":0,"footnotes":""},"class_list":["post-541","page","type-page","status-publish","hentry"],"acf":[],"_links":{"self":[{"href":"https:\/\/bio.ufpr.br\/biogemm\/wp-json\/wp\/v2\/pages\/541","targetHints":{"allow":["GET"]}}],"collection":[{"href":"https:\/\/bio.ufpr.br\/biogemm\/wp-json\/wp\/v2\/pages"}],"about":[{"href":"https:\/\/bio.ufpr.br\/biogemm\/wp-json\/wp\/v2\/types\/page"}],"author":[{"embeddable":true,"href":"https:\/\/bio.ufpr.br\/biogemm\/wp-json\/wp\/v2\/users\/6"}],"replies":[{"embeddable":true,"href":"https:\/\/bio.ufpr.br\/biogemm\/wp-json\/wp\/v2\/comments?post=541"}],"version-history":[{"count":11,"href":"https:\/\/bio.ufpr.br\/biogemm\/wp-json\/wp\/v2\/pages\/541\/revisions"}],"predecessor-version":[{"id":1598,"href":"https:\/\/bio.ufpr.br\/biogemm\/wp-json\/wp\/v2\/pages\/541\/revisions\/1598"}],"wp:attachment":[{"href":"https:\/\/bio.ufpr.br\/biogemm\/wp-json\/wp\/v2\/media?parent=541"}],"curies":[{"name":"wp","href":"https:\/\/api.w.org\/{rel}","templated":true}]}}

O Laboratório

<p><img loading="lazy" decoding="async" class="alignleft size-full wp-image-950" src="https://bio.ufpr.br/biogemm/wp-content/uploads/sites/55/2025/07/IMG-20241217-WA0010.jpg" alt="WhatsApp Image 2019-06-18 at 14.46.22" width="1280" height="509" /></p>
<p><em>Equipe do Laboratório</em> (dez/2024)</p>
<p>O Laboratório de Bioprospeccção e Genética Molecular de Microrganismos (BioGeMM) está <a href="https://bio.ufpr.br/biogemm/o-laboratorio/localizacao/">localizado</a> no Departamento de Genética da Universidade Federal do Paraná (UFPR, Curitiba, Brasil).</p>
<p>A líder do laboratório, <a href="https://bio.ufpr.br/biogemm/o-laboratorio/chirlei-glienke/">Profª Chirlei Glienke</a>, tem ampla experiência em genética de microrganismos, atuando em diversas <a href="https://bio.ufpr.br/biogemm/o-laboratorio/linhas-de-pesquisa/">linhas de pesquisa</a>, as quais já geraram diversas <a href="https://bio.ufpr.br/biogemm/o-laboratorio/publicacoes/">publicações científicas</a>.</p>
<p>A <a href="https://bio.ufpr.br/biogemm/o-laboratorio/equipe/">equipe do BioGeMM</a> é composta por um técnico de nível superior, alunos de pós-graduação dos Programas de <a href="https://bio.ufpr.br/ppggenetica/">Pós-Graduação em Genética (PPGGEN &#8211; UFPR)</a> e <a href="http://www.prppg.ufpr.br/ppgmpp/">Pós-Graduação em Microbiologia, Parasitologia e Patologia (PPGMPP &#8211; UFPR)</a>, além de estudantes de graduação dos cursos de Ciências Biológicas, Engenharia de Bioprocessos e Biotecnologia, e Farmácia, da UFPR.</p>
<p>O laboratório também possui <a href="https://bio.ufpr.br/biogemm/o-laboratorio/parcerias/">parcerias</a> com outros grupos de pesquisa da UFPR, bem como outros grupos brasileiros e internacionais.</p>
<p>&nbsp;</p>

<p>Equipe do Laboratório (dez/2024) O Laboratório de Bioprospeccção e Genética Molecular de Microrganismos (BioGeMM) está localizado no Departamento de Genética da Universidade Federal do Paraná (UFPR, Curitiba, Brasil). A líder do laboratório, Profª Chirlei Glienke, tem ampla experiência em genética de microrganismos, atuando em diversas linhas de pesquisa, as quais já geraram diversas publicações científicas. [&hellip;]</p>
