{"id":971,"date":"2019-06-19T16:48:09","date_gmt":"2019-06-19T19:48:09","guid":{"rendered":"https:\/\/bio.ufpr.br\/biogemm\/?page_id=971"},"modified":"2019-06-19T18:45:00","modified_gmt":"2019-06-19T21:45:00","slug":"linhas-de-pesquisa","status":"publish","type":"page","link":"https:\/\/bio.ufpr.br\/biogemm\/linhas-de-pesquisa\/","title":{"rendered":"Linhas de Pesquisa"},"content":{"rendered":"<p><strong>Bioprospec\u00e7\u00e3o de microrganismos endof\u00edticos\u00a0isolados de plantas medicinais<\/strong><\/p>\n<p>Esta linha de pesquisa busca avaliar o potencial de microrganismos endof\u00edticos isolados de plantas medicinais do Pantanal (<em>Vochysia divergens<\/em>, Cambar\u00e1) e Cerrado (<em>Stryphnodendron adstringens<\/em>, Barbatim\u00e3o) do Mato Grosso do Sul na produ\u00e7ao de mol\u00e9culas bioativas e no controle biol\u00f3gico. Os enfoques s\u00e3o de aplica\u00e7\u00e3o na ind\u00fastria farmac\u00eautica (controle de bact\u00e9rias multiresistentes de interesse cl\u00ednico e c\u00e9lulas tumorais) e agr\u00edcola\u00a0(controle de fitopat\u00f3genos de interesse agron\u00f4mico). A partir de testes de screening <em>in vitro<\/em> contra bact\u00e9rias, c\u00e9lulas tumorais e fitopat\u00f3genos, isolados promissores s\u00e3o selecionados para produ\u00e7\u00e3o de extratos brutos, que s\u00e3o fracionados e avaliados para identificar e caracterizar os compostos respons\u00e1veis pela atividade biol\u00f3gica de interesse.<\/p>\n<p>&nbsp;<\/p>\n<hr \/>\n<p><strong>Gen\u00e9tica da Intera\u00e7\u00e3o Planta Pat\u00f3geno\u00a0<\/strong><\/p>\n<p>Esta linha de pesquisa tem como foco o estudo de genes envolvidos na patogenicidade e\/ou virul\u00eancia de fungos fitopatog\u00eanicos, com especial enfoque em pat\u00f3genos de citros (<em>Phyllosticta citricarpa<\/em>, agente causal da Mancha Preta dos Citros; <em>Colletotrichum abscissum<\/em>, agente causal da Queda Prematura de Frutos e Podrid\u00e3o Floral) e milho (<em>Colletotrichum graminicola<\/em>, agente causal da antracnose em milho). Genes candidatos s\u00e3o escolhidos a partir de prospec\u00e7\u00e3o de genomas e estudos pr\u00e9vios da literatura, e s\u00e3o avaliados por abordagens funcionais, que envolvem fus\u00e3o com genes rep\u00f3rteres, dele\u00e7\u00e3o ou silenciamento, caracteriza\u00e7\u00f5es morfol\u00f3gicas e fisiol\u00f3gicas, e an\u00e1lise de desenvolvimento de sintomas <em>in planta<\/em>.<\/p>\n","protected":false},"excerpt":{"rendered":"<p>Bioprospec\u00e7\u00e3o de microrganismos endof\u00edticos\u00a0isolados de plantas medicinais Esta linha de pesquisa busca avaliar o potencial de microrganismos endof\u00edticos isolados de plantas medicinais do Pantanal (Vochysia divergens, Cambar\u00e1) e Cerrado (Stryphnodendron adstringens, Barbatim\u00e3o) do Mato Grosso do Sul na produ\u00e7ao de mol\u00e9culas bioativas e no controle biol\u00f3gico. Os enfoques s\u00e3o de aplica\u00e7\u00e3o na ind\u00fastria farmac\u00eautica (controle [&hellip;]<\/p>\n","protected":false},"author":2023,"featured_media":0,"parent":0,"menu_order":0,"comment_status":"closed","ping_status":"closed","template":"","meta":{"_acf_changed":false,"_monsterinsights_skip_tracking":false,"_monsterinsights_sitenote_active":false,"_monsterinsights_sitenote_note":"","_monsterinsights_sitenote_category":0,"footnotes":""},"class_list":["post-971","page","type-page","status-publish","hentry"],"acf":[],"_links":{"self":[{"href":"https:\/\/bio.ufpr.br\/biogemm\/wp-json\/wp\/v2\/pages\/971","targetHints":{"allow":["GET"]}}],"collection":[{"href":"https:\/\/bio.ufpr.br\/biogemm\/wp-json\/wp\/v2\/pages"}],"about":[{"href":"https:\/\/bio.ufpr.br\/biogemm\/wp-json\/wp\/v2\/types\/page"}],"author":[{"embeddable":true,"href":"https:\/\/bio.ufpr.br\/biogemm\/wp-json\/wp\/v2\/users\/2023"}],"replies":[{"embeddable":true,"href":"https:\/\/bio.ufpr.br\/biogemm\/wp-json\/wp\/v2\/comments?post=971"}],"version-history":[{"count":5,"href":"https:\/\/bio.ufpr.br\/biogemm\/wp-json\/wp\/v2\/pages\/971\/revisions"}],"predecessor-version":[{"id":1088,"href":"https:\/\/bio.ufpr.br\/biogemm\/wp-json\/wp\/v2\/pages\/971\/revisions\/1088"}],"wp:attachment":[{"href":"https:\/\/bio.ufpr.br\/biogemm\/wp-json\/wp\/v2\/media?parent=971"}],"curies":[{"name":"wp","href":"https:\/\/api.w.org\/{rel}","templated":true}]}}