{"id":57,"date":"2023-03-01T14:39:48","date_gmt":"2023-03-01T12:39:48","guid":{"rendered":"https:\/\/bio.ufpr.br\/biomedicina\/?page_id=57"},"modified":"2025-10-23T14:40:42","modified_gmt":"2025-10-23T12:40:42","slug":"a-coordenacao-2","status":"publish","type":"page","link":"https:\/\/bio.ufpr.br\/biomedicina\/a-coordenacao-2\/","title":{"rendered":"A Coordena\u00e7\u00e3o"},"content":{"rendered":"<p>&nbsp;<\/p>\n<p><strong>Coordenadora:\u00a0<\/strong>\u00a0 Profa. Dra. Jaqueline Carvalho de Oliveira<\/p>\n<p><strong>Vice-Coordenadora:<\/strong> Profa. Dra. Djanira Aparecida Luz Veronez<\/p>\n<p>&nbsp;<\/p>\n<p><strong>Secret\u00e1rio do Curso: <\/strong>Rodrigo Luiz de Paula Honorato (Assistente em Administra\u00e7\u00e3o)<\/p>\n<p>&nbsp;<\/p>\n<div class=\"x_elementToProof\" style=\"text-align: center\"><b data-olk-copy-source=\"MessageBody\">ATENDIMENTO<\/b><\/div>\n<div class=\"x_elementToProof\" style=\"text-align: center\"><b>Secretaria do Curso de Biomedicina<\/b><\/div>\n<div class=\"x_elementToProof\" style=\"text-align: center\"><b>Hor\u00e1rio Presencial:<\/b><\/div>\n<div class=\"x_elementToProof\" style=\"text-align: center\"><b>QUARTAS-FEIRAS<\/b><\/div>\n<div class=\"x_elementToProof\" style=\"text-align: center\"><b>8:30h \u2013 12:30h | 15:30h \u2013 17:30<\/b><\/div>\n<div class=\"x_elementToProof\" style=\"text-align: center\"><b>Atendimento Remoto (DEMAIS DIAS):<\/b><\/div>\n<div class=\"x_elementToProof\" style=\"text-align: center\"><b>E-mail: <a id=\"OWAa409d3d5-b98c-d8b7-8e2a-2d96e611a98a\" class=\"x_OWAAutoLink\" title=\"https:\/\/mailto:biomedicina@ufpr.br\/\" href=\"https:\/\/mailto:biomedicina@ufpr.br\/\" target=\"_blank\" rel=\"noopener noreferrer\" data-auth=\"NotApplicable\" data-linkindex=\"0\">biomedicina@ufpr.br<\/a><\/b><\/div>\n<div class=\"x_elementToProof\" style=\"text-align: center\"><b>Teams: <a id=\"OWA3bc50c64-d1d1-bc06-a73a-721cc15f2fcf\" class=\"x_OWAAutoLink\" title=\"https:\/\/mailto:rodrigo.honorato@ufpr.br\/\" href=\"https:\/\/mailto:rodrigo.honorato@ufpr.br\/\" target=\"_blank\" rel=\"noopener noreferrer\" data-auth=\"NotApplicable\" data-linkindex=\"1\">rodrigo.honorato@ufpr.br<\/a><\/b><\/div>\n<div class=\"x_elementToProof\" style=\"text-align: center\"><b>WhatsApp: (41) 99526-4656<\/b><\/div>\n<p>&nbsp;<\/p>\n<p><strong>Endere\u00e7o<\/strong><\/p>\n<p>Centro Polit\u00e9cnico, s\/n<br \/>\nSetor de Ci\u00eancias Biol\u00f3gicas<br \/>\nUniversidade Federal do Paran\u00e1<br \/>\nJardim das Am\u00e9ricas<br \/>\nCaixa Postal 19031<br \/>\nCEP 81531-990 Curitiba -PR<\/p>\n<p>&nbsp;<\/p>\n<p><strong>Linha de \u00f4nibus<\/strong><\/p>\n<p>Santa B\u00e1rbara<\/p>\n<p>Estudantes<\/p>\n<p>Inter II<\/p>\n<p>Interbairros II<\/p>\n<p>Interbairros V<\/p>\n<p>Ligeirinho Centro Polit\u00e9cnico<\/p>\n<p>Universidade<\/p>\n<p>&nbsp;<\/p>\n<p>&nbsp;<\/p>\n<p>&nbsp;<\/p>\n","protected":false},"excerpt":{"rendered":"<p>&nbsp; Coordenadora:\u00a0\u00a0 Profa. Dra. Jaqueline Carvalho de Oliveira Vice-Coordenadora: Profa. Dra. Djanira Aparecida Luz Veronez &nbsp; Secret\u00e1rio do Curso: Rodrigo Luiz de Paula Honorato (Assistente em Administra\u00e7\u00e3o) &nbsp; ATENDIMENTO Secretaria do Curso de Biomedicina Hor\u00e1rio Presencial: QUARTAS-FEIRAS 8:30h \u2013 12:30h | 15:30h \u2013 17:30 Atendimento Remoto (DEMAIS DIAS): E-mail: biomedicina@ufpr.br Teams: rodrigo.honorato@ufpr.br WhatsApp: (41) 99526-4656 [&hellip;]<\/p>\n","protected":false},"author":8,"featured_media":0,"parent":0,"menu_order":0,"comment_status":"open","ping_status":"open","template":"","meta":{"_acf_changed":false,"_monsterinsights_skip_tracking":false,"_monsterinsights_sitenote_active":false,"_monsterinsights_sitenote_note":"","_monsterinsights_sitenote_category":0,"footnotes":""},"class_list":["post-57","page","type-page","status-publish","hentry"],"acf":[],"_links":{"self":[{"href":"https:\/\/bio.ufpr.br\/biomedicina\/wp-json\/wp\/v2\/pages\/57","targetHints":{"allow":["GET"]}}],"collection":[{"href":"https:\/\/bio.ufpr.br\/biomedicina\/wp-json\/wp\/v2\/pages"}],"about":[{"href":"https:\/\/bio.ufpr.br\/biomedicina\/wp-json\/wp\/v2\/types\/page"}],"author":[{"embeddable":true,"href":"https:\/\/bio.ufpr.br\/biomedicina\/wp-json\/wp\/v2\/users\/8"}],"replies":[{"embeddable":true,"href":"https:\/\/bio.ufpr.br\/biomedicina\/wp-json\/wp\/v2\/comments?post=57"}],"version-history":[{"count":16,"href":"https:\/\/bio.ufpr.br\/biomedicina\/wp-json\/wp\/v2\/pages\/57\/revisions"}],"predecessor-version":[{"id":4513,"href":"https:\/\/bio.ufpr.br\/biomedicina\/wp-json\/wp\/v2\/pages\/57\/revisions\/4513"}],"wp:attachment":[{"href":"https:\/\/bio.ufpr.br\/biomedicina\/wp-json\/wp\/v2\/media?parent=57"}],"curies":[{"name":"wp","href":"https:\/\/api.w.org\/{rel}","templated":true}]}}