{"id":76,"date":"2023-03-17T18:21:44","date_gmt":"2023-03-17T16:21:44","guid":{"rendered":"https:\/\/bio.ufpr.br\/biomedicina\/?page_id=76"},"modified":"2023-03-17T20:07:48","modified_gmt":"2023-03-17T18:07:48","slug":"recepcao-dos-calouros","status":"publish","type":"page","link":"https:\/\/bio.ufpr.br\/biomedicina\/recepcao-dos-calouros\/","title":{"rendered":"SEMANA DE RECEP\u00c7\u00c3O DE CALOUROS &#8211; BIOMEDICINA -2023"},"content":{"rendered":"<p>&nbsp;<\/p>\n<table class=\" aligncenter\" width=\"1062\">\n<tbody>\n<tr>\n<td colspan=\"5\" width=\"1062\">\u00a0 \u00a0 \u00a0 \u00a0 \u00a0 \u00a0 \u00a0 \u00a0 \u00a0 \u00a0 \u00a0 \u00a0 \u00a0 \u00a0 \u00a0 \u00a0 \u00a0 \u00a0 \u00a0 \u00a0 \u00a0 \u00a0 \u00a0 \u00a0 \u00a0 \u00a0 \u00a0 \u00a0 \u00a0 \u00a0 \u00a0 \u00a0 \u00a0 \u00a0 \u00a0 \u00a0 \u00a0 \u00a0 \u00a0 \u00a0 \u00a0<strong> PROGRAMA DA SEMANA DE RECEP\u00c7\u00c3O DE CALOUROS &#8211; 2023<\/strong><\/td>\n<\/tr>\n<tr>\n<td colspan=\"5\">Curso: Biomedicina &#8211; Setor de Ci\u00eancias Biol\u00f3gicas<\/td>\n<\/tr>\n<tr>\n<td colspan=\"5\"><\/td>\n<\/tr>\n<tr>\n<td colspan=\"5\">Segunda 20\/03\/2023<\/td>\n<\/tr>\n<tr>\n<td>In\u00edcio<\/td>\n<td>Fim<\/td>\n<td>Atividade<\/td>\n<td>Descri\u00e7\u00e3o<\/td>\n<td>Local<\/td>\n<\/tr>\n<tr>\n<td>09h30<\/td>\n<td>11h30<\/td>\n<td>Recep\u00e7\u00e3o Geral<\/td>\n<td>Palestra geral para todos os cursos<\/td>\n<td>Audit\u00f3rio EDF<\/td>\n<\/tr>\n<tr>\n<td>11h30<\/td>\n<td>13h30<\/td>\n<td>Almo\u00e7o<\/td>\n<td><\/td>\n<td>R.U.<\/td>\n<\/tr>\n<tr>\n<td>13h30<\/td>\n<td>15h30<\/td>\n<td>TOUR<\/td>\n<td>Atividade para conhecer o setor<\/td>\n<td>Biol\u00f3gicas\/Biblioteca<\/td>\n<\/tr>\n<tr>\n<td>15h30<\/td>\n<td>16h00<\/td>\n<td>Intervalo<\/td>\n<td>Lanche<\/td>\n<td>Livre<\/td>\n<\/tr>\n<tr>\n<td>16h00<\/td>\n<td>17h30<\/td>\n<td>TOUR<\/td>\n<td>Atividade para conhecer o setor<\/td>\n<td>Centro Polit\u00e9cnico<\/td>\n<\/tr>\n<tr>\n<td><\/td>\n<td><\/td>\n<td><\/td>\n<td><\/td>\n<td><\/td>\n<\/tr>\n<tr>\n<td><\/td>\n<td><\/td>\n<td><\/td>\n<td><\/td>\n<td><\/td>\n<\/tr>\n<tr>\n<td colspan=\"5\">Ter\u00e7a 21\/03\/2023<\/td>\n<\/tr>\n<tr>\n<td>In\u00edcio<\/td>\n<td>Fim<\/td>\n<td>Atividade<\/td>\n<td>Descri\u00e7\u00e3o<\/td>\n<td>Local<\/td>\n<\/tr>\n<tr>\n<td>09h30<\/td>\n<td>10h30<\/td>\n<td>Dire\u00e7\u00e3o do Setor de Ci\u00eancias Biol\u00f3gicas<\/td>\n<td>Apresenta\u00e7\u00e3o do setor<\/td>\n<td>Audit\u00f3rio EDF<\/td>\n<\/tr>\n<tr>\n<td>10h30<\/td>\n<td>12h00<\/td>\n<td>PRAE<\/td>\n<td>Apresenta\u00e7\u00e3o dos aux\u00edlios estudantis<\/td>\n<td>Audit\u00f3rio EDF<\/td>\n<\/tr>\n<tr>\n<td>11h30<\/td>\n<td>13h30<\/td>\n<td>Almo\u00e7o<\/td>\n<td><\/td>\n<td>R.U.<\/td>\n<\/tr>\n<tr>\n<td>13h30<\/td>\n<td>13h45<\/td>\n<td>AUS<\/td>\n<td>Apresenta\u00e7\u00e3o da Atl\u00e9tica<\/td>\n<td>A decidir<\/td>\n<\/tr>\n<tr>\n<td>14h00<\/td>\n<td>15h30<\/td>\n<td>CRBM<\/td>\n<td>Apresenta\u00e7\u00e3o do CRBM e conversa com conselheira<\/td>\n<td>A decidir<\/td>\n<\/tr>\n<tr>\n<td>15h30<\/td>\n<td>16h00<\/td>\n<td>Intervalo<\/td>\n<td>Lanche<\/td>\n<td>Livre<\/td>\n<\/tr>\n<tr>\n<td>16h00<\/td>\n<td>16h45<\/td>\n<td>CABIOM<\/td>\n<td>Apresenta\u00e7\u00e3o CABiom<\/td>\n<td>A decidir<\/td>\n<\/tr>\n<tr>\n<td>16h45<\/td>\n<td>17h30<\/td>\n<td>Chromos<\/td>\n<td>Apresenta\u00e7\u00e3o Empresa Junior<\/td>\n<td>A decidir<\/td>\n<\/tr>\n<tr>\n<td><\/td>\n<td><\/td>\n<td><\/td>\n<td><\/td>\n<td><\/td>\n<\/tr>\n<tr>\n<td colspan=\"5\">Quarta 22\/03\/2023<\/td>\n<\/tr>\n<tr>\n<td>In\u00edcio<\/td>\n<td>Fim<\/td>\n<td>Atividade<\/td>\n<td>Descri\u00e7\u00e3o<\/td>\n<td>Local<\/td>\n<\/tr>\n<tr>\n<td>10h30<\/td>\n<td>12h00<\/td>\n<td>Palestra: Sa\u00fade Mental<\/td>\n<td>Profa. Lis Andr\u00e9a Pereira Soboll<\/td>\n<td>Audit\u00f3rio EDF<\/td>\n<\/tr>\n<tr>\n<td>12h00<\/td>\n<td>13h30<\/td>\n<td>Almo\u00e7o<\/td>\n<td><\/td>\n<td>R.U.<\/td>\n<\/tr>\n<tr>\n<td>13h30<\/td>\n<td>14h00<\/td>\n<td>Jaleco<\/td>\n<td>Prova de Jalecos<\/td>\n<td>A definir<\/td>\n<\/tr>\n<tr>\n<td>14h00<\/td>\n<td>15h00<\/td>\n<td>Coordena\u00e7\u00e3o<\/td>\n<td>Momento com a Coordena\u00e7\u00e3o de Biomedicina<\/td>\n<td>a definir<\/td>\n<\/tr>\n<tr>\n<td>15h00<\/td>\n<td>15h30<\/td>\n<td>Intervalo<\/td>\n<td>Lanche<\/td>\n<td>Livre<\/td>\n<\/tr>\n<tr>\n<td>15h30<\/td>\n<td>16h00<\/td>\n<td>Extens\u00e3o<\/td>\n<td>O que \u00e9 a extens\u00e3o na universidade<\/td>\n<td>A definir<\/td>\n<\/tr>\n<tr>\n<td>16h00<\/td>\n<td>16h30<\/td>\n<td>IC e PVA<\/td>\n<td>Oportunidades na universidade<\/td>\n<td>A definir<\/td>\n<\/tr>\n<tr>\n<td>16h30<\/td>\n<td>17h00<\/td>\n<td>Celin e Mobilidade Acad\u00eamica<\/td>\n<td>Oportunidades na universidade<\/td>\n<td>A definir<\/td>\n<\/tr>\n<tr>\n<td>17h00<\/td>\n<td>17h30<\/td>\n<td>Ligas Acad\u00eamicas<\/td>\n<td><\/td>\n<td>A definir<\/td>\n<\/tr>\n<tr>\n<td><\/td>\n<td><\/td>\n<td><\/td>\n<td><\/td>\n<td><\/td>\n<\/tr>\n<tr>\n<td colspan=\"5\">Quinta 23\/03\/2023<\/td>\n<\/tr>\n<tr>\n<td>In\u00edcio<\/td>\n<td>Fim<\/td>\n<td>Atividade<\/td>\n<td>Descri\u00e7\u00e3o<\/td>\n<td>Local<\/td>\n<\/tr>\n<tr>\n<td>9h<\/td>\n<td>10h<\/td>\n<td>DCE<\/td>\n<td>Explica\u00e7\u00e3o sobre os movimentos estudantis<\/td>\n<td>Audit\u00f3rio EDF<\/td>\n<\/tr>\n<tr>\n<td>10h<\/td>\n<td>11h<\/td>\n<td>SIPAD<\/td>\n<td>Explica\u00e7\u00e3o sobre o SIPAD<\/td>\n<td>Audit\u00f3rio EDF<\/td>\n<\/tr>\n<tr>\n<td>11h<\/td>\n<td>12h<\/td>\n<td>Biblioteca<\/td>\n<td>Palestra<\/td>\n<td>Audit\u00f3rio EDF<\/td>\n<\/tr>\n<tr>\n<td>11h30<\/td>\n<td>13h30<\/td>\n<td>Almo\u00e7o<\/td>\n<td><\/td>\n<td>R.U.<\/td>\n<\/tr>\n<tr>\n<td>13h30<\/td>\n<td>17h30<\/td>\n<td>Calourada Feminista<\/td>\n<td>Atividades culturais promovidas pelo DCE<\/td>\n<td>Centro Polit\u00e9cnico<\/td>\n<\/tr>\n<tr>\n<td><\/td>\n<td><\/td>\n<td><\/td>\n<td><\/td>\n<td><\/td>\n<\/tr>\n<tr>\n<td><\/td>\n<td><\/td>\n<td><\/td>\n<td><\/td>\n<td><\/td>\n<\/tr>\n<tr>\n<td colspan=\"5\">Sexta 23\/03\/2023<\/td>\n<\/tr>\n<tr>\n<td>In\u00edcio<\/td>\n<td>Fim<\/td>\n<td>Atividade<\/td>\n<td>Descri\u00e7\u00e3o<\/td>\n<td>Local<\/td>\n<\/tr>\n<tr>\n<td>8h30<\/td>\n<td>12h00<\/td>\n<td>A\u00e7\u00e3o Solid\u00e1ria<\/td>\n<td>Doa\u00e7\u00e3o de sangue<\/td>\n<td><\/td>\n<\/tr>\n<tr>\n<td>12h00<\/td>\n<td>13h30<\/td>\n<td>Almo\u00e7o<\/td>\n<td><\/td>\n<td>RU<\/td>\n<\/tr>\n<tr>\n<td>13h30<\/td>\n<td>15h30<\/td>\n<td>Veteranos<\/td>\n<td>Atividade com os veteranos<\/td>\n<td>a definir<\/td>\n<\/tr>\n<tr>\n<td>15h30<\/td>\n<td>17h30<\/td>\n<td>Apadrinhamento<\/td>\n<td width=\"510\">Apadrinhamento + Piquenique<\/td>\n<td>Biol\u00f3gicas<\/td>\n<\/tr>\n<tr>\n<td><\/td>\n<td><\/td>\n<td><\/td>\n<td><\/td>\n<td><\/td>\n<\/tr>\n<\/tbody>\n<\/table>\n<p><\/p>\n","protected":false},"excerpt":{"rendered":"<p>&nbsp; \u00a0 \u00a0 \u00a0 \u00a0 \u00a0 \u00a0 \u00a0 \u00a0 \u00a0 \u00a0 \u00a0 \u00a0 \u00a0 \u00a0 \u00a0 \u00a0 \u00a0 \u00a0 \u00a0 \u00a0 \u00a0 \u00a0 \u00a0 \u00a0 \u00a0 \u00a0 \u00a0 \u00a0 \u00a0 \u00a0 \u00a0 \u00a0 \u00a0 \u00a0 \u00a0 \u00a0 \u00a0 \u00a0 \u00a0 \u00a0 \u00a0 PROGRAMA DA SEMANA DE RECEP\u00c7\u00c3O DE CALOUROS &#8211; 2023 Curso: Biomedicina &#8211; Setor [&hellip;]<\/p>\n","protected":false},"author":8,"featured_media":0,"parent":0,"menu_order":0,"comment_status":"open","ping_status":"open","template":"","meta":{"_acf_changed":false,"_monsterinsights_skip_tracking":false,"_monsterinsights_sitenote_active":false,"_monsterinsights_sitenote_note":"","_monsterinsights_sitenote_category":0,"footnotes":""},"class_list":["post-76","page","type-page","status-publish","hentry"],"acf":[],"_links":{"self":[{"href":"https:\/\/bio.ufpr.br\/biomedicina\/wp-json\/wp\/v2\/pages\/76","targetHints":{"allow":["GET"]}}],"collection":[{"href":"https:\/\/bio.ufpr.br\/biomedicina\/wp-json\/wp\/v2\/pages"}],"about":[{"href":"https:\/\/bio.ufpr.br\/biomedicina\/wp-json\/wp\/v2\/types\/page"}],"author":[{"embeddable":true,"href":"https:\/\/bio.ufpr.br\/biomedicina\/wp-json\/wp\/v2\/users\/8"}],"replies":[{"embeddable":true,"href":"https:\/\/bio.ufpr.br\/biomedicina\/wp-json\/wp\/v2\/comments?post=76"}],"version-history":[{"count":17,"href":"https:\/\/bio.ufpr.br\/biomedicina\/wp-json\/wp\/v2\/pages\/76\/revisions"}],"predecessor-version":[{"id":1188,"href":"https:\/\/bio.ufpr.br\/biomedicina\/wp-json\/wp\/v2\/pages\/76\/revisions\/1188"}],"wp:attachment":[{"href":"https:\/\/bio.ufpr.br\/biomedicina\/wp-json\/wp\/v2\/media?parent=76"}],"curies":[{"name":"wp","href":"https:\/\/api.w.org\/{rel}","templated":true}]}}