{"id":78,"date":"2013-06-14T14:49:37","date_gmt":"2013-06-14T14:49:37","guid":{"rendered":"https:\/\/bio.ufpr.br\/biomedicina\/?page_id=78"},"modified":"2016-05-17T11:44:43","modified_gmt":"2016-05-17T11:44:43","slug":"feira-de-cursos-e-profissoes","status":"publish","type":"page","link":"https:\/\/bio.ufpr.br\/biomedicina\/feira-de-cursos-e-profissoes\/","title":{"rendered":"Feira de Profiss\u00f5es"},"content":{"rendered":"<p>&nbsp;<\/p>\n<p>A Feira de Cursos e Profiss\u00f5es UFPR, tamb\u00e9m conhecida como Feira de Profiss\u00f5es, \u00e9 um evento anual com o objetivo de divulgar informa\u00e7\u00f5es sobre os curso de gradua\u00e7\u00e3o e atividades relacionadas oferecidas pela UFPR. Participam do evento acad\u00eamicos, docentes e servidores t\u00e9cnico da universidade. \u00a0O evento \u00e9 gratuito e aberto a todos.<\/p>\n<p>No ano de 2016 a Feira ocorrer\u00e1 de 25 a 28 de agosto.<\/p>\n<p>Para mais informa\u00e7\u00f5es sobre o evento acesse: <a href=\"http:\/\/www.feiradecursos.ufpr.br\/\" target=\"_blank\">http:\/\/www.feiradecursos.ufpr.br\/<\/a><\/p>\n<h1 align=\"justify\"><\/h1>\n<p><strong>\u00a0<\/strong><\/p>\n","protected":false},"excerpt":{"rendered":"<p>&nbsp; A Feira de Cursos e Profiss\u00f5es UFPR, tamb\u00e9m conhecida como Feira de Profiss\u00f5es, \u00e9 um evento anual com o objetivo de divulgar informa\u00e7\u00f5es sobre os curso de gradua\u00e7\u00e3o e atividades relacionadas oferecidas pela UFPR. Participam do evento acad\u00eamicos, docentes e servidores t\u00e9cnico da universidade. \u00a0O evento \u00e9 gratuito e aberto a todos. No ano [&hellip;]<\/p>\n","protected":false},"author":8,"featured_media":0,"parent":0,"menu_order":0,"comment_status":"open","ping_status":"open","template":"","meta":{"_acf_changed":false,"_monsterinsights_skip_tracking":false,"footnotes":""},"class_list":["post-78","page","type-page","status-publish","hentry"],"acf":[],"_links":{"self":[{"href":"https:\/\/bio.ufpr.br\/biomedicina\/wp-json\/wp\/v2\/pages\/78","targetHints":{"allow":["GET"]}}],"collection":[{"href":"https:\/\/bio.ufpr.br\/biomedicina\/wp-json\/wp\/v2\/pages"}],"about":[{"href":"https:\/\/bio.ufpr.br\/biomedicina\/wp-json\/wp\/v2\/types\/page"}],"author":[{"embeddable":true,"href":"https:\/\/bio.ufpr.br\/biomedicina\/wp-json\/wp\/v2\/users\/8"}],"replies":[{"embeddable":true,"href":"https:\/\/bio.ufpr.br\/biomedicina\/wp-json\/wp\/v2\/comments?post=78"}],"version-history":[{"count":9,"href":"https:\/\/bio.ufpr.br\/biomedicina\/wp-json\/wp\/v2\/pages\/78\/revisions"}],"predecessor-version":[{"id":902,"href":"https:\/\/bio.ufpr.br\/biomedicina\/wp-json\/wp\/v2\/pages\/78\/revisions\/902"}],"wp:attachment":[{"href":"https:\/\/bio.ufpr.br\/biomedicina\/wp-json\/wp\/v2\/media?parent=78"}],"curies":[{"name":"wp","href":"https:\/\/api.w.org\/{rel}","templated":true}]}}

Feira de Profissões

<p>&nbsp;</p>
<p>A Feira de Cursos e Profissões UFPR, também conhecida como Feira de Profissões, é um evento anual com o objetivo de divulgar informações sobre os curso de graduação e atividades relacionadas oferecidas pela UFPR. Participam do evento acadêmicos, docentes e servidores técnico da universidade.  O evento é gratuito e aberto a todos.</p>
<p>No ano de 2016 a Feira ocorrerá de 25 a 28 de agosto.</p>
<p>Para mais informações sobre o evento acesse: <a href="http://www.feiradecursos.ufpr.br/" target="_blank">http://www.feiradecursos.ufpr.br/</a></p>
<h1 align="justify"></h1>
<p><strong> </strong></p>

<p>&nbsp; A Feira de Cursos e Profissões UFPR, também conhecida como Feira de Profissões, é um evento anual com o objetivo de divulgar informações sobre os curso de graduação e atividades relacionadas oferecidas pela UFPR. Participam do evento acadêmicos, docentes e servidores técnico da universidade.  O evento é gratuito e aberto a todos. No ano [&hellip;]</p>
