{"id":875,"date":"2017-01-16T11:57:09","date_gmt":"2017-01-16T09:57:09","guid":{"rendered":"https:\/\/bio.ufpr.br\/biomedicina\/?page_id=875"},"modified":"2026-06-17T20:09:22","modified_gmt":"2026-06-17T18:09:22","slug":"disciplnas-isoladas-comunidade-externa","status":"publish","type":"page","link":"https:\/\/bio.ufpr.br\/biomedicina\/disciplnas-isoladas-comunidade-externa\/","title":{"rendered":"Disciplnas isoladas (Comunidade externa)"},"content":{"rendered":"<p>A comunidade externa poder\u00e1 cursar disciplinas ofertadas nos cursos de gradua\u00e7\u00e3o da UFPR (disciplina ISOLADAS), de acordo com o estabelecido abaixo:<\/p>\n<p style=\"text-align: left\" align=\"center\"><b>Resolu\u00e7\u00e3o 37\/97 \u2013 CEPE<\/b><\/p>\n<p style=\"text-align: left\" align=\"center\"><b>SE\u00c7\u00c3O I &#8211; Da Matr\u00edcula em Disciplinas Isoladas<\/b><\/p>\n<p>&nbsp;<\/p>\n<p>Art. 26 &#8211; Ser\u00e1 permitida exclusivamente a pessoas n\u00e3o integrantes do corpo discente regular da UFPR, portadoras, no m\u00ednimo, de certificados de conclus\u00e3o do ensino m\u00e9dio, a matr\u00edcula em disciplinas isoladas dos cursos da mesma, sem exig\u00eancia de classifica\u00e7\u00e3o em processo de sele\u00e7\u00e3o e admiss\u00e3o (concurso vestibular), para complementa\u00e7\u00e3o e\/ou atualiza\u00e7\u00e3o de conhecimentos.<\/p>\n<p>\u00a7 1\u00ba &#8211; Ser\u00e1 de tr\u00eas (03) o n\u00famero m\u00e1ximo de disciplinas isoladas a serem cursadas pelo interessado, simultaneamente, em cada per\u00edodo letivo.<\/p>\n<p>\u00a7 2\u00ba &#8211; Quando se tratar de aluno estrangeiro amparado por conv\u00eanio firmado entre a UFPR e alguma Institui\u00e7\u00e3o de Ensino Superior estrangeira, o n\u00famero m\u00e1ximo de disciplinas previsto no par\u00e1grafo anterior poder\u00e1 ser ampliado, a crit\u00e9rio da coordena\u00e7\u00e3o do conv\u00eanio.<\/p>\n<p>Art. 27 &#8211; O requerimento de matr\u00edcula, instru\u00eddo com o comprovante de conclus\u00e3o do ensino m\u00e9dio do candidato e o formul\u00e1rio padr\u00e3o de autoriza\u00e7\u00e3o de matr\u00edcula j\u00e1 preenchido pelo departamento ap\u00f3s an\u00e1lise da justificativa que fundamentou o pedido, ser\u00e1 protocolado pelo interessado ou por seu representante, nos prazos previstos no Calend\u00e1rio Escolar, no DAA, ao qual caber\u00e1 o registro das matr\u00edculas e a posterior emiss\u00e3o dos certificados comprobat\u00f3rios correspondentes.<\/p>\n<p>\u00a7 1\u00ba &#8211; No preenchimento do formul\u00e1rio padr\u00e3o de autoriza\u00e7\u00e3o de matr\u00edcula, o departamento levar\u00e1 em conta, al\u00e9m da possibilidade de aceita\u00e7\u00e3o de alunos tempor\u00e1rios em fun\u00e7\u00e3o das caracter\u00edsticas da disciplina e da sua clientela alvo, a exist\u00eancia de vaga e os pr\u00e9-requisitos exigidos na mesma.<\/p>\n<p>\u00a7 2\u00ba &#8211; Poder\u00e1 o departamento decidir pela dispensa de pr\u00e9-requisitos, \u00e0 vista da forma\u00e7\u00e3o do requerente, ficando facultado ao mesmo solicitar informa\u00e7\u00f5es adicionais ao interessado.<\/p>\n<p>Art. 28 &#8211; A aprova\u00e7\u00e3o em disciplina isolada, na forma do artigo 26, n\u00e3o assegura o direito a diploma de gradua\u00e7\u00e3o mas, unicamente, a certificado comprobat\u00f3rio, ressalvados os casos em que haja posterior ingresso regular no curso.<\/p>\n<p>&nbsp;<\/p>\n<p><b>Procedimento para a matr\u00edcula:<\/b><\/p>\n<p>&nbsp;<\/p>\n<ul>\n<li>O interessado dever\u00e1 verificar se a disciplina pretendida est\u00e1 sendo ofertada no semestre de interesse e qual o professor respons\u00e1vel (consulte a grade hor\u00e1ria AQUI);<\/li>\n<li>O interessado dever\u00e1 procurar o docente da disciplina para verificar se existe vaga na turma e se ele e o chefe do Departamento ofertante autorizam a matr\u00edcula;<\/li>\n<li>O interessado dever\u00e1 preencher o formul\u00e1rio de matr\u00edcula e coletar a assinatura do Chefe do Departamento respons\u00e1vel pela oferta da disciplina;<\/li>\n<li>Assim que o interessado obtiver autoriza\u00e7\u00e3o por escrito poder\u00e1 assistir aulas;<\/li>\n<li>A matr\u00edcula \u00e9 realizada em data estabelecida no calend\u00e1rio acad\u00eamico no NAA\/UFPR (Pr\u00e9dio Hist\u00f3rico da Pra\u00e7a Santos Andrade).<\/li>\n<\/ul>\n","protected":false},"excerpt":{"rendered":"<p>A comunidade externa poder\u00e1 cursar disciplinas ofertadas nos cursos de gradua\u00e7\u00e3o da UFPR (disciplina ISOLADAS), de acordo com o estabelecido abaixo: Resolu\u00e7\u00e3o 37\/97 \u2013 CEPE SE\u00c7\u00c3O I &#8211; Da Matr\u00edcula em Disciplinas Isoladas &nbsp; Art. 26 &#8211; Ser\u00e1 permitida exclusivamente a pessoas n\u00e3o integrantes do corpo discente regular da UFPR, portadoras, no m\u00ednimo, de certificados [&hellip;]<\/p>\n","protected":false},"author":8,"featured_media":0,"parent":0,"menu_order":0,"comment_status":"open","ping_status":"open","template":"","meta":{"_acf_changed":false,"_monsterinsights_skip_tracking":false,"footnotes":""},"class_list":["post-875","page","type-page","status-publish","hentry"],"acf":[],"_links":{"self":[{"href":"https:\/\/bio.ufpr.br\/biomedicina\/wp-json\/wp\/v2\/pages\/875","targetHints":{"allow":["GET"]}}],"collection":[{"href":"https:\/\/bio.ufpr.br\/biomedicina\/wp-json\/wp\/v2\/pages"}],"about":[{"href":"https:\/\/bio.ufpr.br\/biomedicina\/wp-json\/wp\/v2\/types\/page"}],"author":[{"embeddable":true,"href":"https:\/\/bio.ufpr.br\/biomedicina\/wp-json\/wp\/v2\/users\/8"}],"replies":[{"embeddable":true,"href":"https:\/\/bio.ufpr.br\/biomedicina\/wp-json\/wp\/v2\/comments?post=875"}],"version-history":[{"count":12,"href":"https:\/\/bio.ufpr.br\/biomedicina\/wp-json\/wp\/v2\/pages\/875\/revisions"}],"predecessor-version":[{"id":4705,"href":"https:\/\/bio.ufpr.br\/biomedicina\/wp-json\/wp\/v2\/pages\/875\/revisions\/4705"}],"wp:attachment":[{"href":"https:\/\/bio.ufpr.br\/biomedicina\/wp-json\/wp\/v2\/media?parent=875"}],"curies":[{"name":"wp","href":"https:\/\/api.w.org\/{rel}","templated":true}]}}

<p>A comunidade externa poderá cursar disciplinas ofertadas nos cursos de graduação da UFPR (disciplina ISOLADAS), de acordo com o estabelecido abaixo:</p>
<p style="text-align: left" align="center"><b>Resolução 37/97 – CEPE</b></p>
<p style="text-align: left" align="center"><b>SEÇÃO I &#8211; Da Matrícula em Disciplinas Isoladas</b></p>
<p>&nbsp;</p>
<p>Art. 26 &#8211; Será permitida exclusivamente a pessoas não integrantes do corpo discente regular da UFPR, portadoras, no mínimo, de certificados de conclusão do ensino médio, a matrícula em disciplinas isoladas dos cursos da mesma, sem exigência de classificação em processo de seleção e admissão (concurso vestibular), para complementação e/ou atualização de conhecimentos.</p>
<p>§ 1º &#8211; Será de três (03) o número máximo de disciplinas isoladas a serem cursadas pelo interessado, simultaneamente, em cada período letivo.</p>
<p>§ 2º &#8211; Quando se tratar de aluno estrangeiro amparado por convênio firmado entre a UFPR e alguma Instituição de Ensino Superior estrangeira, o número máximo de disciplinas previsto no parágrafo anterior poderá ser ampliado, a critério da coordenação do convênio.</p>
<p>Art. 27 &#8211; O requerimento de matrícula, instruído com o comprovante de conclusão do ensino médio do candidato e o formulário padrão de autorização de matrícula já preenchido pelo departamento após análise da justificativa que fundamentou o pedido, será protocolado pelo interessado ou por seu representante, nos prazos previstos no Calendário Escolar, no DAA, ao qual caberá o registro das matrículas e a posterior emissão dos certificados comprobatórios correspondentes.</p>
<p>§ 1º &#8211; No preenchimento do formulário padrão de autorização de matrícula, o departamento levará em conta, além da possibilidade de aceitação de alunos temporários em função das características da disciplina e da sua clientela alvo, a existência de vaga e os pré-requisitos exigidos na mesma.</p>
<p>§ 2º &#8211; Poderá o departamento decidir pela dispensa de pré-requisitos, à vista da formação do requerente, ficando facultado ao mesmo solicitar informações adicionais ao interessado.</p>
<p>Art. 28 &#8211; A aprovação em disciplina isolada, na forma do artigo 26, não assegura o direito a diploma de graduação mas, unicamente, a certificado comprobatório, ressalvados os casos em que haja posterior ingresso regular no curso.</p>
<p>&nbsp;</p>
<p><b>Procedimento para a matrícula:</b></p>
<p>&nbsp;</p>
<ul>
<li>O interessado deverá verificar se a disciplina pretendida está sendo ofertada no semestre de interesse e qual o professor responsável (consulte a grade horária AQUI);</li>
<li>O interessado deverá procurar o docente da disciplina para verificar se existe vaga na turma e se ele e o chefe do Departamento ofertante autorizam a matrícula;</li>
<li>O interessado deverá preencher o formulário de matrícula e coletar a assinatura do Chefe do Departamento responsável pela oferta da disciplina;</li>
<li>Assim que o interessado obtiver autorização por escrito poderá assistir aulas;</li>
<li>A matrícula é realizada em data estabelecida no calendário acadêmico no NAA/UFPR (Prédio Histórico da Praça Santos Andrade).</li>
</ul>

<p>A comunidade externa poderá cursar disciplinas ofertadas nos cursos de graduação da UFPR (disciplina ISOLADAS), de acordo com o estabelecido abaixo: Resolução 37/97 – CEPE SEÇÃO I &#8211; Da Matrícula em Disciplinas Isoladas &nbsp; Art. 26 &#8211; Será permitida exclusivamente a pessoas não integrantes do corpo discente regular da UFPR, portadoras, no mínimo, de certificados [&hellip;]</p>
