{"id":878,"date":"2016-05-03T13:01:29","date_gmt":"2016-05-03T13:01:29","guid":{"rendered":"https:\/\/bio.ufpr.br\/biomedicina\/?page_id=878"},"modified":"2018-02-16T20:38:28","modified_gmt":"2018-02-16T18:38:28","slug":"disciplina-eletivas-alunos-ufpr","status":"publish","type":"page","link":"https:\/\/bio.ufpr.br\/biomedicina\/disciplina-eletivas-alunos-ufpr\/","title":{"rendered":"Disciplina eletiva (alunos UFPR)"},"content":{"rendered":"<p>Os alunos de gradua\u00e7\u00e3o da UFPR podem cursar disciplina pertencentes ao curr\u00edculo de outros cursos de gradua\u00e7\u00e3o (disciplina eletiva), de acordo com o estabelecido abaixo:<\/p>\n<p>&nbsp;<\/p>\n<p><b>\u00a0<\/b><\/p>\n<p style=\"text-align: left\" align=\"center\"><b>Resolu\u00e7\u00e3o 37\/97 &#8211; CEPE<\/b><\/p>\n<p style=\"text-align: left\" align=\"center\"><b>SE\u00c7\u00c3O II &#8211; da Matr\u00edcula em Disciplina Eletiva<\/b><\/p>\n<p>&nbsp;<\/p>\n<p>Art. 55 &#8211; Alunos matriculados em cursos de gradua\u00e7\u00e3o da UFPR, interessados no enriquecimento de sua forma\u00e7\u00e3o cultural, poder\u00e3o matricular-se em disciplinas eletivas, atendidas as seguintes condi\u00e7\u00f5es:<\/p>\n<p>a) haver vaga na turma;<\/p>\n<p>b) n\u00e3o ser disciplina do seu curso;<\/p>\n<p>c) n\u00e3o lhe faltar pr\u00e9-requisito ou co-requisito, ressalvada a possibilidade de dispensa prevista no artigo \u00a056 desta Resolu\u00e7\u00e3o;<\/p>\n<p>d) n\u00e3o acarretar excesso de carga hor\u00e1ria semanal, ou seja, o aluno n\u00e3o poder\u00e1 exceder oito (08) horas de aula di\u00e1rias e\/ou quarenta (40) horas semanais, entre as disciplinas curriculares e as eletivas.<\/p>\n<p>Art. 56 &#8211; O pedido de matr\u00edcula em disciplina eletiva ser\u00e1 protocolado no Departamento de Assuntos Acad\u00eamicos, nos prazos estipulados pelo Calend\u00e1rio Escolar, mediante a apresenta\u00e7\u00e3o do formul\u00e1rio padr\u00e3o de autoriza\u00e7\u00e3o de matr\u00edcula j\u00e1 preenchido pelo departamento respons\u00e1vel pela disciplina, em que conste, se for o caso, dispensa de pr\u00e9 e\/ou co-requisito.<\/p>\n<p>Art. 57 &#8211; Ap\u00f3s a verifica\u00e7\u00e3o de todas as condi\u00e7\u00f5es para a matr\u00edcula em disciplina eletiva, caber\u00e1 ao DAA a respectiva digita\u00e7\u00e3o.<\/p>\n<p>Par\u00e1grafo \u00danico &#8211; Excepcionalmente, conforme a caracter\u00edstica de determinadas disciplinas eletivas, poder\u00e1 a dire\u00e7\u00e3o do DAA delegar compet\u00eancia \u00e0s coordena\u00e7\u00f5es de cursos para procederem \u00e0 digita\u00e7\u00e3o das matr\u00edculas.<\/p>\n<p>Art. 58 &#8211; A carga hor\u00e1ria de disciplinas eletivas n\u00e3o \u00e9 computada para efeito da integraliza\u00e7\u00e3o curricular.<\/p>\n<p>Art. 59 &#8211; A concess\u00e3o de equival\u00eancia de disciplina eletiva com disciplina obrigat\u00f3ria ou optativa poder\u00e1 ocorrer nos casos em que, por for\u00e7a de reformula\u00e7\u00e3o curricular, novo ingresso regular do aluno ou altera\u00e7\u00e3o do respectivo registro acad\u00eamico, a disciplina cursada como eletiva na UFPR passe a integrar a grade curricular do curso ao qual o aluno esteja vinculado.<\/p>\n<p>\u00a7 1\u00ba &#8211; Excepcionalmente, poder\u00e1 o colegiado de curso conceder equival\u00eancia de disciplina eletiva para obrigat\u00f3ria ou optativa, em situa\u00e7\u00f5es em que, embora o c\u00f3digo das disciplinas envolvidas n\u00e3o seja o mesmo, os respectivos conte\u00fados program\u00e1ticos, cargas hor\u00e1rias e enfoques permitam a referida concess\u00e3o.<\/p>\n<p>\u00a7 2\u00ba &#8211; Nos casos previstos no \u00a7 1\u00ba deste artigo, dever\u00e1 a coordena\u00e7\u00e3o do curso encaminhar ao DAA a\u00a0 ficha de adapta\u00e7\u00e3o curricular acompanhada de justificativa do colegiado de curso e manifesta\u00e7\u00e3o formal dos departamentos envolvidos.<\/p>\n<p>&nbsp;<\/p>\n<p><b>Procedimento para a matr\u00edcula:<\/b><\/p>\n<p><b>\u00a0<\/b><\/p>\n<ul>\n<li>O interessado dever\u00e1 verificar se a disciplina pretendida est\u00e1 sendo ofertada no semestre de interesse e qual o professor respons\u00e1vel (consulte a grade hor\u00e1ria <a href=\"https:\/\/bio.ufpr.br\/biomedicina\/wp-content\/uploads\/sites\/4\/2013\/06\/2018-1\u00ba-SEM.xlsx\">Aqui <\/a>);<\/li>\n<li>O interessado dever\u00e1 procurar o docente da disciplina para verificar se existe vaga na turma e se ele e o chefe do Departamento ofertante autorizam a matr\u00edcula;<\/li>\n<li>O interessado dever\u00e1 preencher o <a href=\"https:\/\/bio.ufpr.br\/biomedicina\/formularios\/\" target=\"_blank\">formul\u00e1rio<\/a> pr\u00f3prio de matr\u00edcula e coletar a assinatura do Chefe do Departamento respons\u00e1vel pela oferta da disciplina e da Coordena\u00e7\u00e3o de seu Curso de origem;<\/li>\n<li>Assim que o interessado obtiver autoriza\u00e7\u00e3o por escrito poder\u00e1 assistir aulas;<\/li>\n<li>A matr\u00edcula \u00e9 realizada em data estabelecida no calend\u00e1rio acad\u00eamico no NAA\/UFPR (Pr\u00e9dio Hist\u00f3rico da Pra\u00e7a Santos Andrade).<\/li>\n<\/ul>\n","protected":false},"excerpt":{"rendered":"<p>Os alunos de gradua\u00e7\u00e3o da UFPR podem cursar disciplina pertencentes ao curr\u00edculo de outros cursos de gradua\u00e7\u00e3o (disciplina eletiva), de acordo com o estabelecido abaixo: &nbsp; \u00a0 Resolu\u00e7\u00e3o 37\/97 &#8211; CEPE SE\u00c7\u00c3O II &#8211; da Matr\u00edcula em Disciplina Eletiva &nbsp; Art. 55 &#8211; Alunos matriculados em cursos de gradua\u00e7\u00e3o da UFPR, interessados no enriquecimento de [&hellip;]<\/p>\n","protected":false},"author":8,"featured_media":0,"parent":0,"menu_order":0,"comment_status":"open","ping_status":"open","template":"","meta":{"_acf_changed":false,"_monsterinsights_skip_tracking":false,"_monsterinsights_sitenote_active":false,"_monsterinsights_sitenote_note":"","_monsterinsights_sitenote_category":0,"footnotes":""},"class_list":["post-878","page","type-page","status-publish","hentry"],"acf":[],"_links":{"self":[{"href":"https:\/\/bio.ufpr.br\/biomedicina\/wp-json\/wp\/v2\/pages\/878","targetHints":{"allow":["GET"]}}],"collection":[{"href":"https:\/\/bio.ufpr.br\/biomedicina\/wp-json\/wp\/v2\/pages"}],"about":[{"href":"https:\/\/bio.ufpr.br\/biomedicina\/wp-json\/wp\/v2\/types\/page"}],"author":[{"embeddable":true,"href":"https:\/\/bio.ufpr.br\/biomedicina\/wp-json\/wp\/v2\/users\/8"}],"replies":[{"embeddable":true,"href":"https:\/\/bio.ufpr.br\/biomedicina\/wp-json\/wp\/v2\/comments?post=878"}],"version-history":[{"count":6,"href":"https:\/\/bio.ufpr.br\/biomedicina\/wp-json\/wp\/v2\/pages\/878\/revisions"}],"predecessor-version":[{"id":1325,"href":"https:\/\/bio.ufpr.br\/biomedicina\/wp-json\/wp\/v2\/pages\/878\/revisions\/1325"}],"wp:attachment":[{"href":"https:\/\/bio.ufpr.br\/biomedicina\/wp-json\/wp\/v2\/media?parent=878"}],"curies":[{"name":"wp","href":"https:\/\/api.w.org\/{rel}","templated":true}]}}