{"id":269,"date":"2022-03-28T10:00:03","date_gmt":"2022-03-28T13:00:03","guid":{"rendered":"https:\/\/bio.ufpr.br\/bioterio\/?page_id=269"},"modified":"2025-10-10T10:01:32","modified_gmt":"2025-10-10T13:01:32","slug":"equipe-tecnica","status":"publish","type":"page","link":"https:\/\/bio.ufpr.br\/bioterio\/equipe-tecnica\/","title":{"rendered":"Equipe T\u00e9cnica"},"content":{"rendered":"<p style=\"text-align: justify\"><strong>Equipe T\u00e9cnica &#8211; Produ\u00e7\u00e3o &amp; Experimenta\u00e7\u00e3o:<\/strong><\/p>\n<p style=\"text-align: justify\">\u00c1lvaro Alves de Almeida &#8211; T\u00e9cnico em Bioterismo<\/p>\n<p>Ant\u00f4nio Marcos Stropp &#8211; T\u00e9cnico em Bioterismo<\/p>\n<p>Anny Caroliny de Souza Monteiro Pereira &#8211; T\u00e9cnica em Bioterismo<\/p>\n<p style=\"text-align: justify\">Ana L\u00facia Novak &#8211; T\u00e9cnica em Biot\u00e9rismo<\/p>\n<p><span class=\"markb7c8sjnqf\" data-markjs=\"true\" data-ogac=\"\" data-ogab=\"\" data-ogsc=\"\" data-ogsb=\"\">Dhandrea<\/span> Vithoria Rodrigues Narok &#8211;\u00a0 T\u00e9cnica em Bioterismo<\/p>\n<p><span class=\"markrrn64xyi5\" data-markjs=\"true\" data-ogac=\"\" data-ogab=\"\" data-ogsc=\"\" data-ogsb=\"\">Jarderson<\/span> Gomes de Oliveira &#8211;\u00a0 T\u00e9cnico em Bioterismo<\/p>\n<p>Lucas Daniel Silva de Oliveira &#8211; T\u00e9cnico em Bioterismo<\/p>\n<p>Marcos Vin\u00edcius Moroni de Lima Cabrera &#8211; T\u00e9cnico em Bioterismo<\/p>\n<p>Rhuan Gustavo de Oliveira &#8211; T\u00e9cnico em Bioterismo<\/p>\n<p style=\"text-align: justify\">Sirlei Swirkovski &#8211; T\u00e9cnica em Bioterismo<\/p>\n<p style=\"text-align: justify\">Augusto Cesar Rosati &#8211; Supervisor T\u00e9cnico em Bioterismo<\/p>\n<p style=\"text-align: justify\">Gilmara Miranda Solano Polak\u00a0\u00a0&#8211; Supervisora T\u00e9cnica em Bioterismo<\/p>\n<p>Angela Cristina da Fonseca de Oliveira &#8211; M\u00e9dica Veterin\u00e1ria RT\u00a0\u00a0(CRMV- PR 16946)<\/p>\n<p style=\"text-align: justify\">Nic\u00e1ssia de Sousa Oliveira &#8211;\u00a0 M\u00e9dica Veterin\u00e1ria (CRMV- PR 21317)<\/p>\n<p>Christine Hauer Piekarz &#8211; M\u00e9dica Veterin\u00e1ria CEUA (CRMV &#8211; PR 5889)<\/p>\n<p>Jos\u00e9 Fernando Richit &#8211; Bi\u00f3logo (CRBIO 129585\/07-D)<\/p>\n<p>Jhulia de Fatima Wasiluk &#8211;\u00a0 T\u00e9cnica de laborat\u00f3rio<\/p>\n<p>Lais Soares Rodrigues &#8211; T\u00e9cnica de laborat\u00f3rio<\/p>\n<p>Nat\u00e1lia Brum Alison &#8211; T\u00e9cnica de laborat\u00f3rio<\/p>\n<p>&nbsp;<\/p>\n<p style=\"text-align: justify\"><strong>Equipe\u00a0Administrativa:<\/strong><\/p>\n<p style=\"text-align: justify\">Coordenadora CGB: Prof.\u00aa Dr.\u00aa Alexandra Acco<\/p>\n<p style=\"text-align: justify\">Vice-Coordenador CGB: Prof. Dr. Anderson Joel Martino Andrade<\/p>\n<p style=\"text-align: justify\">Diretor: Prof. Dr. Thales Ricardo Cipriani<\/p>\n<p style=\"text-align: justify\">Vice-Diretor: Prof. Dr. Marcelo de Meira Santos Lima<\/p>\n","protected":false},"excerpt":{"rendered":"<p>Equipe T\u00e9cnica &#8211; Produ\u00e7\u00e3o &amp; Experimenta\u00e7\u00e3o: \u00c1lvaro Alves de Almeida &#8211; T\u00e9cnico em Bioterismo Ant\u00f4nio Marcos Stropp &#8211; T\u00e9cnico em Bioterismo Anny Caroliny de Souza Monteiro Pereira &#8211; T\u00e9cnica em Bioterismo Ana L\u00facia Novak &#8211; T\u00e9cnica em Biot\u00e9rismo Dhandrea Vithoria Rodrigues Narok &#8211;\u00a0 T\u00e9cnica em Bioterismo Jarderson Gomes de Oliveira &#8211;\u00a0 T\u00e9cnico em Bioterismo Lucas [&hellip;]<\/p>\n","protected":false},"author":6,"featured_media":0,"parent":0,"menu_order":0,"comment_status":"closed","ping_status":"closed","template":"","meta":{"_acf_changed":false,"_monsterinsights_skip_tracking":false,"_monsterinsights_sitenote_active":false,"_monsterinsights_sitenote_note":"","_monsterinsights_sitenote_category":0,"footnotes":""},"class_list":["post-269","page","type-page","status-publish","hentry"],"acf":[],"_links":{"self":[{"href":"https:\/\/bio.ufpr.br\/bioterio\/wp-json\/wp\/v2\/pages\/269","targetHints":{"allow":["GET"]}}],"collection":[{"href":"https:\/\/bio.ufpr.br\/bioterio\/wp-json\/wp\/v2\/pages"}],"about":[{"href":"https:\/\/bio.ufpr.br\/bioterio\/wp-json\/wp\/v2\/types\/page"}],"author":[{"embeddable":true,"href":"https:\/\/bio.ufpr.br\/bioterio\/wp-json\/wp\/v2\/users\/6"}],"replies":[{"embeddable":true,"href":"https:\/\/bio.ufpr.br\/bioterio\/wp-json\/wp\/v2\/comments?post=269"}],"version-history":[{"count":25,"href":"https:\/\/bio.ufpr.br\/bioterio\/wp-json\/wp\/v2\/pages\/269\/revisions"}],"predecessor-version":[{"id":417,"href":"https:\/\/bio.ufpr.br\/bioterio\/wp-json\/wp\/v2\/pages\/269\/revisions\/417"}],"wp:attachment":[{"href":"https:\/\/bio.ufpr.br\/bioterio\/wp-json\/wp\/v2\/media?parent=269"}],"curies":[{"name":"wp","href":"https:\/\/api.w.org\/{rel}","templated":true}]}}