{"id":366,"date":"2023-08-18T15:48:10","date_gmt":"2023-08-18T18:48:10","guid":{"rendered":"https:\/\/bio.ufpr.br\/bioterio\/?page_id=366"},"modified":"2025-05-22T14:04:31","modified_gmt":"2025-05-22T17:04:31","slug":"comite-gestor-do-bioterio","status":"publish","type":"page","link":"https:\/\/bio.ufpr.br\/bioterio\/comite-gestor-do-bioterio\/","title":{"rendered":"Comit\u00ea Gestor do Biot\u00e9rio"},"content":{"rendered":"<p><strong>DO COMIT\u00ca GESTOR<\/strong><\/p>\n<p style=\"text-align: justify\">O Comit\u00ea gestor \u00e9 constitu\u00eddo por:<\/p>\n<p style=\"text-align: justify\">I. Coordenador e vice-coordenador do COMPLEXO BIOT\u00c9RIO;<\/p>\n<p style=\"text-align: justify\">II. Cinco representantes dos Pesquisadores Permanentes e cinco suplentes, escolhidos entre seus pares;<\/p>\n<p style=\"text-align: justify\">III. Coordenador t\u00e9cnico;<\/p>\n<p style=\"text-align: justify\">IV. Um representante dos Membros Efetivos COMPLEXO BIOT\u00c9RIO, escolhido entre seus pares;<\/p>\n<p style=\"text-align: justify\">V. Um representante discente e um suplente escolhido entre seus pares;<\/p>\n<p style=\"text-align: justify\"><strong>Par\u00e1grafo Primeiro<\/strong>. O Coordenador, Vice-coordenador e Representantes Permanentes s\u00e3o escolhidos via elei\u00e7\u00e3o (vide artigo 9\u00ba). Uma nova elei\u00e7\u00e3o deve ocorrer a cada dois anos, podendo haver uma recondu\u00e7\u00e3o de indicados, desde que em acordo com seus respectivos pares, sem preju\u00edzo para as fun\u00e7\u00f5es deste Comit\u00ea. Tamb\u00e9m dever\u00e1 haver nova escolha para representante discente e suplente a cada dois anos, podendo haver uma recondu\u00e7\u00e3o. O coordenador t\u00e9cnico, cujas atribui\u00e7\u00f5es s\u00e3o definidas no cap\u00edtulo VII deste regimento, e o representante dos Membros Efetivos podem ser reconduzidos indefinidamente, desde que com aprova\u00e7\u00e3o do Comit\u00ea gestor.<\/p>\n<p style=\"text-align: justify\"><strong>Par\u00e1grafo Segundo<\/strong>. Candidatos a representante dos Pesquisadores que sejam externos ao Setor de Ci\u00eancias Biol\u00f3gicas, com votos v\u00e1lidos, ter\u00e3o um assento priorit\u00e1rio para representante titular e um assento para representante suplente.<\/p>\n<p style=\"text-align: justify\"><strong>Par\u00e1grafo Terceiro<\/strong>. Cada Departamento poder\u00e1 ter apenas dois representantes titulares eleitos.<\/p>\n<p style=\"text-align: justify\"><strong>Par\u00e1grafo Quarto<\/strong>. O universo eleitoral para vota\u00e7\u00e3o para representante dos pesquisadores permanentes compreender\u00e1 os pesquisadores permanentes e colaboradores, conforme as defini\u00e7\u00f5es do artigo 1\u00ba deste regimento. Para os representantes discentes, o universo eleitoral \u00e9 composto por alunos de p\u00f3s-gradua\u00e7\u00e3o que tenham realizado o Curso de Manipula\u00e7\u00e3o Animal promovido pelo Setor de Ci\u00eancias Biol\u00f3gicas da UFPR.<\/p>\n<p style=\"text-align: justify\"><strong>Par\u00e1grafo Quinto<\/strong>. S\u00e3o atribui\u00e7\u00f5es do Comit\u00ea gestor:<\/p>\n<p style=\"text-align: justify\">\u2022 Indicar o nome do Coordenador t\u00e9cnico do COMPLEXO BIOT\u00c9RIO;<\/p>\n<p style=\"text-align: justify\">\u2022 Estabelecer diretrizes no Planejamento Estrat\u00e9gico do COMPLEXO BIOT\u00c9RIO, para fomento de \u00e1reas de atua\u00e7\u00e3o t\u00e9cnica e cient\u00edfica, compatibilizando com a gest\u00e3o financeira do COMPLEXO BIOT\u00c9RIO;<\/p>\n<p style=\"text-align: justify\">\u2022 Deliberar sobre as metodologias e servi\u00e7os de rotina do COMPLEXO BIOT\u00c9RIO e sobre a implementa\u00e7\u00e3o de novas metodologias de interesse das \u00e1reas de atua\u00e7\u00e3o t\u00e9cnica e cient\u00edfica do COMPLEXO BIOT\u00c9RIO;<\/p>\n<p style=\"text-align: justify\">\u2022 Acompanhar e fiscalizar o desempenho t\u00e9cnico e cient\u00edfico do COMPLEXO BIOT\u00c9RIO, propondo melhorias sempre que necess\u00e1rio;<\/p>\n<p style=\"text-align: justify\">\u2022 Estar em sintonia com editais p\u00fablicos e privados para financiamento de projetos de pesquisas e inova\u00e7\u00e3o;<\/p>\n<p style=\"text-align: justify\">\u2022 Contribuir para a submiss\u00e3o de projetos de pesquisa e inova\u00e7\u00e3o para capta\u00e7\u00e3o de recursos, bem como cadastramento do COMPLEXO BIOT\u00c9RIO em ag\u00eancias reguladoras e de fomento em n\u00edvel estadual, nacional e internacional, sempre que oportuno.<\/p>\n<p style=\"text-align: justify\">\u2022 Propor pol\u00edticas de cotas de distribui\u00e7\u00e3o de animais para os diferentes Departamentos solicitantes.<\/p>\n<p style=\"text-align: justify\">\u2022 Propor pol\u00edticas de fornecimento de animais.<\/p>\n<p style=\"text-align: justify\">\u2022 Estabelecer o custo e subsequente precifica\u00e7\u00e3o de animais e insumos, quando aplic\u00e1vel.<\/p>\n<p style=\"text-align: justify\">\u2022 Aprovar relat\u00f3rios semestrais de presta\u00e7\u00e3o de contas contendo dados de controle or\u00e7ament\u00e1rio, das receitas, das despesas e dos estoques. Esses relat\u00f3rios servir\u00e3o de base para o planejamento dos exerc\u00edcios fiscais seguintes.<\/p>\n<p style=\"text-align: justify\">\u2022 Elaborar e acompanhar a execu\u00e7\u00e3o do planejamento or\u00e7ament\u00e1rio estrat\u00e9gico anual.<\/p>\n<p>&nbsp;<\/p>\n<p><strong>Integrantes do Comit\u00ea Gestor do Complexo Biot\u00e9rio &#8211; UFPR, para o per\u00edodo Maio\/2025 a Maio\/2027<\/strong><\/p>\n<p>Alexandra Acco (Coordenadora) &#8211; Farmacologia (aleacco@ufpr.br)<\/p>\n<p>Anderson Joel Martino Andrade (Vice-coordenador) &#8211; Fisiologia (anderson.andrade@ufpr.br)<\/p>\n<p>Anna Maria Siebel &#8211; Farmacologia (annasiebel@ufpr.br)<\/p>\n<p>Cristina Aparecida Jark Stern &#8211; Farmacologia (cristina.stern@ufpr.br)<\/p>\n<p>Luiz Cl\u00e1udio Fernandes &#8211; Fisiologia (lcfer@ufpr.br)<\/p>\n<p>Paula Santana Lunardi &#8211; Bioqu\u00edmica e Biologia Molecular (paula.lunardi@ufpr.br)<\/p>\n<p>Ricardo Fernandez Perez &#8211; Fisiologia (ricfer@ufpr.br)<\/p>\n<p>Angela Cristina da Fonseca de Oliveira (Coordenadora T\u00e9cnica) &#8211; Biot\u00e9rio (angela.fonseca@ufpr.br)<\/p>\n<p>Nic\u00e1ssia de Sousa Oliveira (Coordenadora T\u00e9cnica) &#8211; Biot\u00e9rio (nicassia.sousa@ufpr.br)<\/p>\n<p>Lais Soares Rodrigues &#8211; Biot\u00e9rio (laissr@ufpr.br)<\/p>\n<p>Jhulia de F\u00e1tima Wasiluk &#8211; Biot\u00e9rio (jhuliawasiluk@ufpr.br)<\/p>\n<p>Nat\u00e1lia Brum Alison &#8211; Biot\u00e9rio (nataliabrum@ufpr.br)<\/p>\n","protected":false},"excerpt":{"rendered":"<p>DO COMIT\u00ca GESTOR O Comit\u00ea gestor \u00e9 constitu\u00eddo por: I. Coordenador e vice-coordenador do COMPLEXO BIOT\u00c9RIO; II. Cinco representantes dos Pesquisadores Permanentes e cinco suplentes, escolhidos entre seus pares; III. Coordenador t\u00e9cnico; IV. Um representante dos Membros Efetivos COMPLEXO BIOT\u00c9RIO, escolhido entre seus pares; V. Um representante discente e um suplente escolhido entre seus pares; [&hellip;]<\/p>\n","protected":false},"author":2095,"featured_media":396,"parent":0,"menu_order":0,"comment_status":"closed","ping_status":"closed","template":"page-comissoes.php","meta":{"_acf_changed":false,"_monsterinsights_skip_tracking":false,"_monsterinsights_sitenote_active":false,"_monsterinsights_sitenote_note":"","_monsterinsights_sitenote_category":0,"footnotes":""},"class_list":["post-366","page","type-page","status-publish","has-post-thumbnail","hentry"],"acf":[],"_links":{"self":[{"href":"https:\/\/bio.ufpr.br\/bioterio\/wp-json\/wp\/v2\/pages\/366","targetHints":{"allow":["GET"]}}],"collection":[{"href":"https:\/\/bio.ufpr.br\/bioterio\/wp-json\/wp\/v2\/pages"}],"about":[{"href":"https:\/\/bio.ufpr.br\/bioterio\/wp-json\/wp\/v2\/types\/page"}],"author":[{"embeddable":true,"href":"https:\/\/bio.ufpr.br\/bioterio\/wp-json\/wp\/v2\/users\/2095"}],"replies":[{"embeddable":true,"href":"https:\/\/bio.ufpr.br\/bioterio\/wp-json\/wp\/v2\/comments?post=366"}],"version-history":[{"count":7,"href":"https:\/\/bio.ufpr.br\/bioterio\/wp-json\/wp\/v2\/pages\/366\/revisions"}],"predecessor-version":[{"id":400,"href":"https:\/\/bio.ufpr.br\/bioterio\/wp-json\/wp\/v2\/pages\/366\/revisions\/400"}],"wp:featuredmedia":[{"embeddable":true,"href":"https:\/\/bio.ufpr.br\/bioterio\/wp-json\/wp\/v2\/media\/396"}],"wp:attachment":[{"href":"https:\/\/bio.ufpr.br\/bioterio\/wp-json\/wp\/v2\/media?parent=366"}],"curies":[{"name":"wp","href":"https:\/\/api.w.org\/{rel}","templated":true}]}}