{"id":1025,"date":"2016-12-01T13:29:16","date_gmt":"2016-12-01T13:29:16","guid":{"rendered":"https:\/\/bio.ufpr.br\/botanica\/?page_id=1025"},"modified":"2017-01-27T15:10:35","modified_gmt":"2017-01-27T15:10:35","slug":"o-departamento","status":"publish","type":"page","link":"https:\/\/bio.ufpr.br\/botanica\/o-departamento\/","title":{"rendered":"O Departamento"},"content":{"rendered":"<p style=\"text-align: justify\">\nO Departamento de Bot\u00e2nica foi criado em 23 de junho de 1942, a partir da jun\u00e7\u00e3o de professores que atuavam na Faculdade de Filosofia Ci\u00eancias e Letras do Paran\u00e1 e no Curso de Hist\u00f3ria Natural da Universidade Federal do Paran\u00e1. Com uma atua\u00e7\u00e3o inicialmente voltada aos produtos farmac\u00eauticos, o Departamento passou a ter um enfoque de pesquisa e ensino voltado para a \u00e1rea de sistem\u00e1tica de plantas e algas, fisiologia vegetal, morfologia vegetal e, mais recentemente, ecologia e filogenia. Por muito tempo foi a \u00fanica refer\u00eancia no Estado do Paran\u00e1 para estudos bot\u00e2nicos, tendo contribu\u00eddo para a forma\u00e7\u00e3o de mais de duas centenas de mestres em Bot\u00e2nica, al\u00e9m da forma\u00e7\u00e3o de in\u00fameras turmas de bi\u00f3logos, agr\u00f4nomos, engenheiros florestais, entre outros. O Departamento tem buscado se adaptar \u00e0s novas formas de fazer ci\u00eancia, motivado pelas avalia\u00e7\u00f5es constantes aos cursos de p\u00f3s-gradua\u00e7\u00e3o, das oportunidades oferecidas em editais de pesquisa, e com a capacita\u00e7\u00e3o de pessoal em institui\u00e7\u00f5es de reconhecimento internacional. A diversifica\u00e7\u00e3o e qualifica\u00e7\u00e3o de seus profissionais, o potencial para atra\u00e7\u00e3o de colaboradores e o comprometimento com a forma\u00e7\u00e3o profissional de graduandos e p\u00f3s-graduandos s\u00e3o a for\u00e7a que motiva a busca de excel\u00eancia e crescimento, contribuindo com as metas de desenvolvimento da Universidade Federal do Paran\u00e1.<\/p>\n<p><strong>\u00a0 \u00a0 \u00a0 \u00a0 \u00a0 Miss\u00e3o<\/strong><br \/>\nSer refer\u00eancia na UFPR em ensino, pesquisa e extens\u00e3o em Bot\u00e2nica e Ecologia, realizando suas atividades com excel\u00eancia e contribuindo para a constante melhoria da institui\u00e7\u00e3o.<\/p>\n<p><strong>\u00a0 \u00a0 \u00a0 \u00a0 \u00a0 Desafios Estrat\u00e9gicos<\/strong><br \/>\nConsolidar-se como a melhor refer\u00eancia em ensino e pesquisa em Bot\u00e2nica e Ecologia no estado do Paran\u00e1 em uma das tr\u00eas melhores no sul do Brasil.<\/p>\n<p><strong>\u00a0 \u00a0 \u00a0 \u00a0 \u00a0 Valores<\/strong><br \/>\nIncentivo ao exerc\u00edcio das potencialidades e excel\u00eancia de cada membro do Departamento. Incentivo \u00e0 gest\u00e3o participativa e ao engajamento pol\u00edtico e administrativo na Institui\u00e7\u00e3o. Transpar\u00eancia na gest\u00e3o p\u00fablica.<\/p>\n<p><strong>\u00a0 \u00a0 \u00a0 \u00a0 \u00a0 Pol\u00edticas<\/strong><br \/>\nExecutar as atividades com responsabilidade social, ambiental e cultural, contribuindo para os Objetivos de Sustentabilidade da Organiza\u00e7\u00e3o das Na\u00e7\u00f5es Unidas. Executar as atividades do Departamento seguindo as regulamenta\u00e7\u00f5es previstas nos instrumentos normativos da UFPR e com base nos instrumentos jur\u00eddicos do servi\u00e7o p\u00fablico federal.<\/p>\n","protected":false},"excerpt":{"rendered":"<p>O Departamento de Bot\u00e2nica foi criado em 23 de junho de 1942, a partir da jun\u00e7\u00e3o de professores que atuavam na Faculdade de Filosofia Ci\u00eancias [&hellip;]<\/p>\n","protected":false},"author":6,"featured_media":0,"parent":0,"menu_order":0,"comment_status":"closed","ping_status":"closed","template":"","meta":{"_acf_changed":false,"_monsterinsights_skip_tracking":false,"_monsterinsights_sitenote_active":false,"_monsterinsights_sitenote_note":"","_monsterinsights_sitenote_category":0,"footnotes":""},"class_list":["post-1025","page","type-page","status-publish","hentry"],"acf":[],"_links":{"self":[{"href":"https:\/\/bio.ufpr.br\/botanica\/wp-json\/wp\/v2\/pages\/1025","targetHints":{"allow":["GET"]}}],"collection":[{"href":"https:\/\/bio.ufpr.br\/botanica\/wp-json\/wp\/v2\/pages"}],"about":[{"href":"https:\/\/bio.ufpr.br\/botanica\/wp-json\/wp\/v2\/types\/page"}],"author":[{"embeddable":true,"href":"https:\/\/bio.ufpr.br\/botanica\/wp-json\/wp\/v2\/users\/6"}],"replies":[{"embeddable":true,"href":"https:\/\/bio.ufpr.br\/botanica\/wp-json\/wp\/v2\/comments?post=1025"}],"version-history":[{"count":11,"href":"https:\/\/bio.ufpr.br\/botanica\/wp-json\/wp\/v2\/pages\/1025\/revisions"}],"predecessor-version":[{"id":1187,"href":"https:\/\/bio.ufpr.br\/botanica\/wp-json\/wp\/v2\/pages\/1025\/revisions\/1187"}],"wp:attachment":[{"href":"https:\/\/bio.ufpr.br\/botanica\/wp-json\/wp\/v2\/media?parent=1025"}],"curies":[{"name":"wp","href":"https:\/\/api.w.org\/{rel}","templated":true}]}}