{"id":1027,"date":"2016-12-01T13:29:54","date_gmt":"2016-12-01T13:29:54","guid":{"rendered":"https:\/\/bio.ufpr.br\/botanica\/?page_id=1027"},"modified":"2019-05-09T15:52:19","modified_gmt":"2019-05-09T15:52:19","slug":"a-secretaria","status":"publish","type":"page","link":"https:\/\/bio.ufpr.br\/botanica\/a-secretaria\/","title":{"rendered":"Secretaria"},"content":{"rendered":"<p style=\"text-align: center\"><strong>Hor\u00e1rio de funcionamento<\/strong>:<\/p>\n<p style=\"text-align: center\">07:30h \u00e0s 11:30h<\/p>\n<p style=\"text-align: center\">12:30h \u00e0s 16:00h<\/p>\n<p>&nbsp;<\/p>\n<p style=\"text-align: center\"><strong>Telefone de Contato<\/strong>:<\/p>\n<p style=\"text-align: center\">(41) 3361-1757<\/p>\n<p>&nbsp;<\/p>\n<p style=\"text-align: center\"><strong>E-mail<\/strong>:<\/p>\n<p style=\"text-align: center\">botanica@ufpr.br<\/p>\n<p>&nbsp;<\/p>\n<table style=\"height: 316px\" width=\"559\">\n<tbody>\n<tr>\n<td style=\"text-align: center\"><strong><span style=\"color: #800000\">DOCUMENTOS ALUNOS<\/span><\/strong><\/td>\n<\/tr>\n<tr>\n<td style=\"text-align: center\"><a href=\"https:\/\/bio.ufpr.br\/botanica\/wp-content\/uploads\/sites\/35\/2016\/12\/2\u00aa-chamada.doc\">2\u00aa Chamada<\/a><\/td>\n<\/tr>\n<\/tbody>\n<\/table>\n<p>&nbsp;<\/p>\n","protected":false},"excerpt":{"rendered":"<p>Hor\u00e1rio de funcionamento: 07:30h \u00e0s 11:30h 12:30h \u00e0s 16:00h &nbsp; Telefone de Contato: (41) 3361-1757 &nbsp; E-mail: botanica@ufpr.br &nbsp; DOCUMENTOS ALUNOS 2\u00aa Chamada &nbsp;<\/p>\n","protected":false},"author":6,"featured_media":0,"parent":0,"menu_order":0,"comment_status":"closed","ping_status":"closed","template":"","meta":{"_acf_changed":false,"_monsterinsights_skip_tracking":false,"_monsterinsights_sitenote_active":false,"_monsterinsights_sitenote_note":"","_monsterinsights_sitenote_category":0,"footnotes":""},"class_list":["post-1027","page","type-page","status-publish","hentry"],"acf":[],"_links":{"self":[{"href":"https:\/\/bio.ufpr.br\/botanica\/wp-json\/wp\/v2\/pages\/1027","targetHints":{"allow":["GET"]}}],"collection":[{"href":"https:\/\/bio.ufpr.br\/botanica\/wp-json\/wp\/v2\/pages"}],"about":[{"href":"https:\/\/bio.ufpr.br\/botanica\/wp-json\/wp\/v2\/types\/page"}],"author":[{"embeddable":true,"href":"https:\/\/bio.ufpr.br\/botanica\/wp-json\/wp\/v2\/users\/6"}],"replies":[{"embeddable":true,"href":"https:\/\/bio.ufpr.br\/botanica\/wp-json\/wp\/v2\/comments?post=1027"}],"version-history":[{"count":13,"href":"https:\/\/bio.ufpr.br\/botanica\/wp-json\/wp\/v2\/pages\/1027\/revisions"}],"predecessor-version":[{"id":1453,"href":"https:\/\/bio.ufpr.br\/botanica\/wp-json\/wp\/v2\/pages\/1027\/revisions\/1453"}],"wp:attachment":[{"href":"https:\/\/bio.ufpr.br\/botanica\/wp-json\/wp\/v2\/media?parent=1027"}],"curies":[{"name":"wp","href":"https:\/\/api.w.org\/{rel}","templated":true}]}}

<p style="text-align: center"><strong>Horário de funcionamento</strong>:</p>
<p style="text-align: center">07:30h às 11:30h</p>
<p style="text-align: center">12:30h às 16:00h</p>
<p>&nbsp;</p>
<p style="text-align: center"><strong>Telefone de Contato</strong>:</p>
<p style="text-align: center">(41) 3361-1757</p>
<p>&nbsp;</p>
<p style="text-align: center"><strong>E-mail</strong>:</p>
<p style="text-align: center">botanica@ufpr.br</p>
<p>&nbsp;</p>
<table style="height: 316px" width="559">
<tbody>
<tr>
<td style="text-align: center"><strong><span style="color: #800000">DOCUMENTOS ALUNOS</span></strong></td>
</tr>
<tr>
<td style="text-align: center"><a href="https://bio.ufpr.br/botanica/wp-content/uploads/sites/35/2016/12/2ª-chamada.doc">2ª Chamada</a></td>
</tr>
</tbody>
</table>
<p>&nbsp;</p>

<p>Horário de funcionamento: 07:30h às 11:30h 12:30h às 16:00h &nbsp; Telefone de Contato: (41) 3361-1757 &nbsp; E-mail: botanica@ufpr.br &nbsp; DOCUMENTOS ALUNOS 2ª Chamada &nbsp;</p>
