{"id":1035,"date":"2016-12-01T13:31:57","date_gmt":"2016-12-01T13:31:57","guid":{"rendered":"https:\/\/bio.ufpr.br\/botanica\/?page_id=1035"},"modified":"2025-04-15T15:53:10","modified_gmt":"2025-04-15T15:53:10","slug":"laboratorios","status":"publish","type":"page","link":"https:\/\/bio.ufpr.br\/botanica\/laboratorios\/","title":{"rendered":"Laborat\u00f3rios"},"content":{"rendered":"<div>\n<div>\n<div><\/div>\n<div><span style=\"color: #800080\"><strong>&#8211; LABORAT\u00d3RIO DE MACROPROPAGA\u00c7\u00c3O<\/strong><\/span><\/div>\n<div><\/div>\n<div>O Grupo de Estudo e Pesquisa em Estaquia, sob coordena\u00e7\u00e3o da Prof\u00aa Dra. Katia Christina Zuffellato Ribas, tem como objetivo principal investigar os diversos fatores que afetam o enraizamento advent\u00edcio em estacas caulinares, dentre eles a aplica\u00e7\u00e3o de diferentes concentra\u00e7\u00f5es de auxinas, formas de aplica\u00e7\u00e3o, substratos, esta\u00e7\u00f5es do ano. Para maiores informa\u00e7\u00f5es acesse o site <span id=\"OBJ_PREFIX_DWT75_com_zimbra_url\" class=\"Object\"><span id=\"OBJ_PREFIX_DWT91_com_zimbra_url\" class=\"Object\"><a href=\"http:\/\/www.gepe.ufpr.br\/\" target=\"_blank\" rel=\"noopener\">www.gepe.ufpr.br<\/a><\/span><\/span><\/div>\n<\/div>\n<\/div>\n<div>\u00a0GEPE &#8211; Grupo de Estudo e Pesquisa em Estaquia (<span id=\"OBJ_PREFIX_DWT74_com_zimbra_url\" class=\"Object\"><span id=\"OBJ_PREFIX_DWT90_com_zimbra_url\" class=\"Object\"><a href=\"http:\/\/www.gepe.ufpr.br\/\" target=\"_blank\" rel=\"noopener\">www.gepe.ufpr.br<\/a><\/span><\/span>)<\/div>\n<div><\/div>\n<div>\n<hr \/>\n<\/div>\n<div>\n<p><span style=\"color: #3366ff\"><strong>&#8211; LABORAT\u00d3RIO DE AN\u00c1LISE E S\u00cdNTESE EM BIODIVERSIDADE\u00a0<\/strong><\/span><\/p>\n<p>O objetivo do laborat\u00f3rio \u00e9 entender padr\u00f5es espaciais e temporais na biodiversidade de diversos grupos biol\u00f3gicos. Para isso, estudos com diferentes abordagens (experimentos, amostragem em campo, modelagem) s\u00e3o realizados.<\/p>\n<p>Link: <span id=\"OBJ_PREFIX_DWT487_com_zimbra_url\" class=\"Object\"><span id=\"OBJ_PREFIX_DWT534_com_zimbra_url\" class=\"Object\"><a href=\"https:\/\/lasbufprbio.wixsite.com\/home\" target=\"_blank\" rel=\"noopener\">https:\/\/sites.google.com\/site\/lablasb\/<\/a><\/span><\/span><\/p>\n<\/div>\n<div>\n<hr \/>\n<\/div>\n<div>\u00a0<span style=\"color: #ff6600\"><strong><span style=\"color: #ff6600\">&#8211; <\/span>LABORAT\u00d3RIO DE ECOLOGIA VEGETAL<\/strong><\/span><\/div>\n<div><\/div>\n<div style=\"text-align: justify\">O Laborat\u00f3rio de Ecologia Vegetal (LEV) da Universidade Federal do Paran\u00e1 (UFPR) desenvolve pesquisas em diferentes \u00e1reas da ecologia, de indiv\u00edduos a popula\u00e7\u00f5es, comunidades e ecossistemas. Os trabalhos s\u00e3o focados nos temas: Diversidade de Florestas Tropicais, Ecologia Aplicada e Ecologia da intera\u00e7\u00e3o planta-animal. Nossos trabalhos s\u00e3o direcionados para a Floresta Atl\u00e2ntica e suas subforma\u00e7\u00f5es no sul do Brasil.<br \/>\nO LEV congrega as professoras Marcia Mendes Marques e Isabela Galarda Varassin e tem estabelecidas parcerias com diversas ONGs: FGB, SPVS, Sociedade Chau\u00e1 e iniciativas: Hummingbird-Plant Network Lab, Partners, REBRE.<\/div>\n<div style=\"text-align: justify\"><\/div>\n<div style=\"text-align: justify\">Link:\u00a0<a href=\"https:\/\/ecologialev.wixsite.com\/levufpr\">https:\/\/ecologialev.wixsite.com\/levufpr<\/a><\/div>\n<div>\n<hr \/>\n<\/div>\n<div>\u00a0<span style=\"color: #008000\"><strong>&#8211; HERB\u00c1RIO<\/strong><\/span><\/div>\n<div><\/div>\n<div>\u00a0\u00a0O Herb\u00e1rio UPCB do Departamento de Bot\u00e2nica da UFPR, fundado em 1952, \u00e9 um dos mais antigos do Brasil. Atualmente, o acervo do Herb\u00e1rio conta com cerca de 109.000 esp\u00e9cimes de plantas e fungos da flora e funga brasileira, com especial destaque \u00e0s esp\u00e9cies da flora paranaense. Al\u00e9m de ser uma importante fonte de informa\u00e7\u00f5es sobre a biodiversidade paranaense, o Herb\u00e1rio \u00e9 fiel deposit\u00e1rio de amostras de patrim\u00f4nio biol\u00f3gico junto ao Conselho Nacional do Patrim\u00f4nio Gen\u00e9tico (CGEN), sendo, dessa forma, receptor legal e respons\u00e1vel pela guarda de amostras utilizadas em estudos bioqu\u00edmicos, farmacol\u00f3gicos e biol\u00f3gicos. O Herb\u00e1rio UPCB mant\u00e9m uma ativa colabora\u00e7\u00e3o com diversos herb\u00e1rios do Brasil e do exterior. Participa ativamente das iniciativas nacionais e internacionais envolvendo cole\u00e7\u00f5es biol\u00f3gicas, como os projetos para a elabora\u00e7\u00e3o da Flora Mundial e da Flora e Funga do Brasil, com os quais colabora na disponibiliza\u00e7\u00e3o de seu acervo tanto na forma f\u00edsica (empr\u00e9stimo de materiais), quanto digital. O Herb\u00e1rio UPCB est\u00e1 100% informatizado, e a sua base de dados pode ser livremente consultada pela internet.<\/div>\n<div><\/div>\n<div style=\"padding-left: 40px\"><span style=\"font-size: revert;color: initial\">(1) <\/span><strong><a style=\"font-size: revert\" href=\"https:\/\/bio.ufpr.br\/botanica\/wp-content\/uploads\/sites\/35\/2024\/08\/Regimento-Interno-Herbario-UPCB-1-7.pdf\">Regimento Interno &#8211; Herb\u00e1rio UPCB<\/a><\/strong><\/div>\n<div>\n<p style=\"padding-left: 40px\">(2) <strong>Procedimentos gerais e boas pr\u00e1ticas para o uso da cole\u00e7\u00e3o do Herb\u00e1rio UPCB<\/strong> <a href=\"https:\/\/bio.ufpr.br\/botanica\/wp-content\/uploads\/sites\/35\/2024\/08\/Regimento-Interno-Herbario-Anexo-I.pdf\">neste link<\/a><\/p>\n<p style=\"padding-left: 40px\">(3)<strong><em> Instru\u00e7\u00f5es para agendamento de visitas e consulta\u00a0ao\u00a0acervo<\/em><\/strong>: A consulta ao acervo do Herb\u00e1rio UPCB \u00e9 permitida para finalidades cient\u00edficas e\/ou did\u00e1ticas. \u00c9 aberta \u00e0 comunidade da UFPR, a pesquisadores de outras institui\u00e7\u00f5es cient\u00edficas com reconhecida atua\u00e7\u00e3o em estudos sobre a biodiversidade de plantas, algas e fungos e, com fins did\u00e1ticos, \u00e9 aberta a institui\u00e7\u00f5es educacionais de n\u00edvel fundamental, m\u00e9dio e superior, tanto de car\u00e1ter p\u00fablico quanto privado. Toda visita deve ser previamente acordada com a curadoria e deve seguir as normas vigentes do Herb\u00e1rio dispon\u00edveis em seu regimento. Datas e hor\u00e1rios dependem da disponibilidade da equipe do Herb\u00e1rio.<\/p>\n<p style=\"padding-left: 40px\">(4)<em><strong> Comit\u00ea gestor<\/strong>: Paulo H. Labiak Evangelista (Curador do Herb\u00e1rio); Renato Goldenberg (Vice-curador); Marilia Locatelli (Assistente de curadoria).<\/em><\/p>\n<p style=\"padding-left: 40px\">(5): <strong><em>Contatos<\/em><\/strong>: herbarioupcb@gmail.com. Informa\u00e7\u00f5es atualizadas<a href=\"https:\/\/www.instagram.com\/herbario_upcb\/\"> no nosso Instagram<\/a><\/p>\n<\/div>\n<div>\n<hr \/>\n<p style=\"text-align: justify\">\n<\/div>\n<p style=\"text-align: justify\"><span style=\"color: #993300\"><strong>&#8211; LABORAT\u00d3RIO DE MICROPROPAGA\u00c7\u00c3O VEGETAL<\/strong><\/span><\/p>\n<p style=\"text-align: justify\">O Laborat\u00f3rio pertence ao Departamento de Bot\u00e2nica do Setor de Ci\u00eancias Biol\u00f3gicas da Universidade Federal do Paran\u00e1 (UFPR). As pesquisas desenvolvidas envolvem t\u00e9cnicas de cultura de tecidos de plantas, com \u00eanfase na micropropaga\u00e7\u00e3o: multiplica\u00e7\u00e3o de gemas axilares, organog\u00eanese e embriog\u00eanese som\u00e1tica de esp\u00e9cies frut\u00edferas, florestais, ornamentais e medicinais. Quatro professores desenvolvem atividades de ensino e pesquisa com alunos de Gradua\u00e7\u00e3o e P\u00f3s-Gradua\u00e7\u00e3o de v\u00e1rios cursos da UFPR.<\/p>\n<p style=\"text-align: justify\">Link:\u00a0<a href=\"https:\/\/bio.ufpr.br\/lmv\/\">https:\/\/bio.ufpr.br\/lmv\/<\/a><\/p>\n<hr \/>\n<p><strong><span style=\"color: #ff0000\">&#8211; LABORAT\u00d3RIO DE BOT\u00c2NICA ESTRUTURAL<\/span><\/strong><\/p>\n<p style=\"text-align: justify\">Tem como objetivo atender as demandas de atividades relacionadas ao ensino, pesquisa e extens\u00e3o, com \u00eanfase em Anatomia Vegetal, em n\u00edvel de gradua\u00e7\u00e3o e p\u00f3s-gradua\u00e7\u00e3o. Al\u00e9m de possuir infra-estrutura para confec\u00e7\u00e3o de l\u00e2minas, captura digital de imagens, espa\u00e7o para disciplinas t\u00e9cnicas, fornece apoio parcial ao preparo de amostras para Microscopia Eletr\u00f4nica. O espa\u00e7o conta com tr\u00eas ambientes, um reservado para an\u00e1lise microsc\u00f3pica (incluindo a fotomicrografia digital); outro para microtomia, prepara\u00e7\u00e3o e acervo com lamin\u00e1rio de pesquisas j\u00e1 realizadas e em andamento, al\u00e9m do lamin\u00e1rio did\u00e1tico com cerca de 10.000 l\u00e2minas permanentes e um terceiro espa\u00e7o para preparo de amostras e com compartimentos individuais para guardar materiais de pesquisa dos alunos e pesquisadores.<\/p>\n<hr \/>\n<div><strong><span style=\"color: #339966\">&#8211; LABORAT\u00d3RIO DE ECOLOGIA FUNCIONAL DE COMUNIDADES<\/span><\/strong><\/div>\n<div><\/div>\n<div>As pesquisas do Laborat\u00f3rio de Ecologia Funcional de Comunidades (LABEF) t\u00eam como objetivo geral entender os processos que levam \u00e0 organiza\u00e7\u00e3o de comunidades ecol\u00f3gicas em diferentes escalas de organiza\u00e7\u00e3o e que regulam a biodiversidade e seu funcionamento. Recentemente, a linha de pesquisa em organiza\u00e7\u00e3o de comunidades, anteriormente puramente te\u00f3rica, tem sido estendida para a ecologia aplicada atrav\u00e9s da ecologia da restaura\u00e7\u00e3o, mais especificamente atrav\u00e9s da abordagem de restaura\u00e7\u00e3o funcional. Trabalhos em andamento t\u00eam aplicado m\u00e9todos de diversidade funcional e taxon\u00f4mica, sensoriamento remoto e modelagem de nicho ecol\u00f3gico para responder quest\u00f5es sobre conserva\u00e7\u00e3o e restaura\u00e7\u00e3o de ecossistemas brasileiros, com foco especial na Mata Atl\u00e2ntica e, principalmente, nos mosaicos entre Floresta com Arauc\u00e1ria e Campos Sulinos.<\/div>\n<div><\/div>\n<div>Link:\u00a0<span id=\"OBJ_PREFIX_DWT14_com_zimbra_url\" class=\"Object\"><a href=\"https:\/\/bio.ufpr.br\/labef\/\" target=\"_blank\" rel=\"noopener\">https:\/\/bio.ufpr.br\/labef\/<\/a><\/span><\/div>\n<div>\n<hr \/>\n<div class=\"gmail_default\"><span style=\"color: #800080\"><span style=\"color: #800080\"><strong>&#8211;\u00a0<\/strong><strong>LABORAT\u00d3RIO DE INTERA\u00c7\u00d5ES E BIOLOGIA REPRODUTIVA\u00a0<\/strong><strong><br \/>\n<\/strong><\/span><\/span><\/div>\n<div class=\"gmail_default\"><\/div>\n<div class=\"gmail_default\">\u00a0Nosso laborat\u00f3rio est\u00e1 interessado na ecologia de intera\u00e7\u00f5es de poliniza\u00e7\u00e3o e dispers\u00e3o, assim como em estudos de biologia reprodutiva de plantas. Nossos estudos incluem a estrutura e a din\u00e2mica de redes de intera\u00e7\u00e3o e a conserva\u00e7\u00e3o de intera\u00e7\u00f5es ecol\u00f3gicas.<\/div>\n<div class=\"gmail_default\"><\/div>\n<div class=\"gmail_default\">Link:\u00a0<span id=\"OBJ_PREFIX_DWT1060_com_zimbra_url\" class=\"Object\"><span id=\"OBJ_PREFIX_DWT1077_com_zimbra_url\" class=\"Object\"><a href=\"https:\/\/laboratoriodeinteracoes.wordpress.com\/\" target=\"_blank\" rel=\"noopener\">https:\/\/laboratoriodeinteracoes.wordpress.com\/<\/a><\/span><\/span><\/div>\n<\/div>\n<div class=\"gmail_default\">\n<hr \/>\n<div><strong><span style=\"color: #ff9900\">&#8211; LABORAT\u00d3RIO DE FISIOLOGIA DE PLANTAS SOB ESTRESSE<\/span><\/strong><\/div>\n<div><\/div>\n<div>No LFPE s\u00e3o desenvolvidos estudos voltados para a compreens\u00e3o do comportamento de plantas em condi\u00e7\u00f5es adversas de ambiente, al\u00e9m da investiga\u00e7\u00e3o de esp\u00e9cies vegetais com potencial para fitorremedia\u00e7\u00e3o. Em adi\u00e7\u00e3o \u00e0 promo\u00e7\u00e3o do conhecimento de base, tais estudos visam a proposi\u00e7\u00e3o de tecnologias verdes pra o melhoramento do bem estar humano e da sa\u00fade ambiental. Al\u00e9m de seu car\u00e1<span id=\"OBJ_PREFIX_DWT3921_com_zimbra_date\" class=\"Object\"><span id=\"OBJ_PREFIX_DWT3927_com_zimbra_date\" class=\"Object\">ter<\/span><\/span>\u00a0multidisciplinar, a equipe do LFPE, coordenada pelo Prof. Marcelo Pedrosa Gomes, conta com colabora\u00e7\u00f5es com institui\u00e7\u00f5es estrangeiras e com pesquisadores de reconhecimento internacional que congregam o Grupo de Estudo em Biologia Funcional, Evolutiva e Aplicada.<\/div>\n<div><\/div>\n<div>Link:\u00a0<a href=\"https:\/\/www.lfpeufpr.com\/\">https:\/\/www.lfpeufpr.com\/<\/a><\/div>\n<hr \/>\n<p><span style=\"color: #333399\"><strong>&#8211; LABORAT\u00d3RIO DE FICOLOGIA<\/strong><\/span><\/p>\n<p>O Laborat\u00f3rio de Ficologia da UFPR dedica-se h\u00e1 mais de 50 anos \u00e1 taxonomia e ecologia do fitopl\u00e2ncton (comunidades marinhas e continentais), com \u00eanfase em diatom\u00e1ceas, dinoflagelados e cianobact\u00e9rias, contando com amplo espa\u00e7o para a realiza\u00e7\u00e3o de pesquisas. O laborat\u00f3rio apresenta vasta literatura em diatom\u00e1ceas e dinoflagelados, bem como todo o equipamento necess\u00e1rio para a coleta, prepara\u00e7\u00e3o e an\u00e1lise de microalgas em microscopia \u00f3tica e eletr\u00f4nica. Atualmente, as principais linhas de pesquisa s\u00e3o: a taxonomia avan\u00e7ada de diatom\u00e1ceas e microalgas nocivas ou toxig\u00eanicas promotoras de flora\u00e7\u00f5es, e a ecologia do fitopl\u00e2ncton marinho em \u00e1reas de plataforma e oce\u00e2nica do Brasil.<\/p>\n<p>Clique e veja alguns exemplos de trabalhos publicados no Laborat\u00f3rio. <a href=\"https:\/\/bio.ufpr.br\/botanica\/wp-content\/uploads\/sites\/35\/2016\/12\/DiatomRes-2013-Fernandes-Pseudo-blooms-SC.pdf\">1<\/a> \/<a href=\"https:\/\/bio.ufpr.br\/botanica\/wp-content\/uploads\/sites\/35\/2016\/12\/JApplPhycol-2018-Dinoflagellate-Prorocentrum-growth-toxin-geneticvariability.pdf\">2<\/a> \/ <a href=\"https:\/\/bio.ufpr.br\/botanica\/wp-content\/uploads\/sites\/35\/2016\/12\/ActaBotBrasilica-2016-Fernandes-Cylindrospermopsis-light-Alagados.pdf\">3<\/a>\u00a0\/ <a href=\"https:\/\/bio.ufpr.br\/botanica\/wp-content\/uploads\/sites\/35\/2016\/12\/ActaBotBrasilica-2018-Juliana-Macrophyte-removal-phytoplankton.pdf\">4<\/a>\u00a0\/\u00a0<a href=\"https:\/\/bio.ufpr.br\/botanica\/wp-content\/uploads\/sites\/35\/2016\/12\/DeepSeaRes-2014-Fernandes-Pseudo-diversity-GOM.pdf\">5<\/a><\/p>\n<p>Site:\u00a0 <a href=\"https:\/\/docs.ufpr.br\/~veiga\/ficologia\/index.html\">https:\/\/docs.ufpr.br\/~veiga\/ficologia\/index.html<\/a><\/p>\n<hr \/>\n<\/div>\n","protected":false},"excerpt":{"rendered":"<p>&#8211; LABORAT\u00d3RIO DE MACROPROPAGA\u00c7\u00c3O O Grupo de Estudo e Pesquisa em Estaquia, sob coordena\u00e7\u00e3o da Prof\u00aa Dra. Katia Christina Zuffellato Ribas, tem como objetivo principal [&hellip;]<\/p>\n","protected":false},"author":6,"featured_media":0,"parent":0,"menu_order":0,"comment_status":"closed","ping_status":"closed","template":"","meta":{"_acf_changed":false,"_monsterinsights_skip_tracking":false,"_monsterinsights_sitenote_active":false,"_monsterinsights_sitenote_note":"","_monsterinsights_sitenote_category":0,"footnotes":""},"class_list":["post-1035","page","type-page","status-publish","hentry"],"acf":[],"_links":{"self":[{"href":"https:\/\/bio.ufpr.br\/botanica\/wp-json\/wp\/v2\/pages\/1035","targetHints":{"allow":["GET"]}}],"collection":[{"href":"https:\/\/bio.ufpr.br\/botanica\/wp-json\/wp\/v2\/pages"}],"about":[{"href":"https:\/\/bio.ufpr.br\/botanica\/wp-json\/wp\/v2\/types\/page"}],"author":[{"embeddable":true,"href":"https:\/\/bio.ufpr.br\/botanica\/wp-json\/wp\/v2\/users\/6"}],"replies":[{"embeddable":true,"href":"https:\/\/bio.ufpr.br\/botanica\/wp-json\/wp\/v2\/comments?post=1035"}],"version-history":[{"count":47,"href":"https:\/\/bio.ufpr.br\/botanica\/wp-json\/wp\/v2\/pages\/1035\/revisions"}],"predecessor-version":[{"id":1908,"href":"https:\/\/bio.ufpr.br\/botanica\/wp-json\/wp\/v2\/pages\/1035\/revisions\/1908"}],"wp:attachment":[{"href":"https:\/\/bio.ufpr.br\/botanica\/wp-json\/wp\/v2\/media?parent=1035"}],"curies":[{"name":"wp","href":"https:\/\/api.w.org\/{rel}","templated":true}]}}