{"id":206,"date":"2019-02-15T14:19:09","date_gmt":"2019-02-15T14:19:09","guid":{"rendered":"https:\/\/bio.ufpr.br\/cbio\/?page_id=206"},"modified":"2026-02-12T19:43:34","modified_gmt":"2026-02-12T19:43:34","slug":"formularios","status":"publish","type":"page","link":"https:\/\/bio.ufpr.br\/cbio\/formularios\/","title":{"rendered":"Formul\u00e1rios"},"content":{"rendered":"<p><a href=\"https:\/\/bio.ufpr.br\/cbio\/wp-content\/uploads\/sites\/3\/2024\/01\/Requerimento-de-cancelamento-de-registro-1.pdf\">Requerimento de cancelamento de registro<\/a><\/p>\n<p><a href=\"https:\/\/bio.ufpr.br\/cbio\/wp-content\/uploads\/sites\/3\/2013\/07\/Licenca.pdf\">Licen\u00e7a para tratamento de sa\u00fade\/gestante<\/a><\/p>\n<p><a href=\"https:\/\/bio.ufpr.br\/cbio\/wp-content\/uploads\/sites\/3\/2025\/03\/Equivalencia.pdf\">Requerimento de Equival\u00eancia de Disciplinas<\/a><\/p>\n<p><a href=\"https:\/\/bio.ufpr.br\/cbio\/wp-content\/uploads\/sites\/3\/2022\/05\/Formul\u00e1rio-mudan\u00e7a-de-habilita\u00e7ao.docx\">Mudan\u00e7a de Habilita\u00e7\u00e3o<\/a><\/p>\n<p><a href=\"https:\/\/bio.ufpr.br\/cbio\/wp-content\/uploads\/sites\/3\/2022\/03\/Formul\u00e1rio_Permanencia.docx\">Perman\u00eancia<\/a><\/p>\n<p>Segunda Chamada (entre em contato com o(a) docente\/departamento)<\/p>\n<p><a href=\"https:\/\/forms.office.com\/r\/Hjs7057BVv\">Declara\u00e7\u00e3o de Previs\u00e3o de Data de Atividade &#8211; Para est\u00e1gio (entre em contato com o(a) docente\/departamento)<\/a><\/p>\n<p><a href=\"https:\/\/forms.cloud.microsoft\/r\/fzy0HrMzfL\">Declara\u00e7\u00e3o de Atividade realizada &#8211; Para est\u00e1gio (entre em contato com o (a) docente\/departamento)<\/a><\/p>\n<p><a href=\"https:\/\/bio.ufpr.br\/cbio\/wp-content\/uploads\/sites\/3\/2013\/07\/Dispensa_Frequencia.pdf\">Dispensa de Frequ\u00eancia &#8211; Apresenta\u00e7\u00e3o de trabalho em eventos<\/a><\/p>\n<p><a href=\"https:\/\/bio.ufpr.br\/cbio\/wp-content\/uploads\/sites\/3\/2026\/02\/NOVO-ok-Formulario_inscricao_BIO026_BIO028.docx\">NOVO Formulario_inscricao_BIO026_BIO028<\/a><\/p>\n<p><a href=\"https:\/\/bio.ufpr.br\/cbio\/wp-content\/uploads\/sites\/3\/2026\/01\/NOVO-Formulario_inscricao_BIO027.docx\">NOVO Formulario_inscricao_BIO027<\/a><\/p>\n<p><a href=\"https:\/\/bio.ufpr.br\/cbio\/wp-content\/uploads\/sites\/3\/2026\/01\/NOVO-Formulario_inscricao_TCC-II_Licenciatura.docx\">NOVO Formulario_inscricao_TCC-II_Licenciatura<\/a><\/p>\n<p><a href=\"https:\/\/bio.ufpr.br\/cbio\/wp-content\/uploads\/sites\/3\/2026\/01\/NOVA-Ficha-de-indic-orient-TCCI.doc\">NOVA Formulario_inscricao_TCCI_Licenciatura<\/a><\/p>\n<p><a href=\"https:\/\/bio.ufpr.br\/cbio\/wp-content\/uploads\/sites\/3\/2026\/01\/NOVO-Formulario_Indicacao_Banca_MONO_TCCII.docx\">NOVO Formulario_Indicacao_Banca_MONO_TCCII<\/a><\/p>\n<p><a href=\"https:\/\/bio.ufpr.br\/cbio\/wp-content\/uploads\/sites\/3\/2026\/01\/NOVA-Ficha_Avaliacao_BIO026.docx\">NOVA Ficha_Avaliacao_BIO026<\/a><\/p>\n<p><a href=\"https:\/\/bio.ufpr.br\/cbio\/wp-content\/uploads\/sites\/3\/2026\/01\/NOVA-Ficha_Avaliacao_TCCI-1.docx\">NOVA Ficha_Avaliacao_TCCI (1)<\/a><\/p>\n<p><a href=\"https:\/\/bio.ufpr.br\/cbio\/wp-content\/uploads\/sites\/3\/2026\/01\/NOVA-Ficha_Nota_Trab_Escrito_Mono_TCCII.docx\">NOVA Ficha_Nota_Trab_Escrito_Mono_TCCII<\/a><\/p>\n<p><a href=\"https:\/\/bio.ufpr.br\/cbio\/wp-content\/uploads\/sites\/3\/2026\/01\/NOVA-Ficha_individual_membro_Banca_Avalia_Trab_Escrito_Mono-ou-TCC.docx\">NOVA Ficha_individual_membro_Banca_Avalia_Trab_Escrito_Mono ou TCC<\/a> (opcional)<\/p>\n<p>&nbsp;<\/p>\n<p>Atualizado em: 20\/03\/2025<\/p>\n","protected":false},"excerpt":{"rendered":"<p>Requerimento de cancelamento de registro Licen\u00e7a para tratamento de sa\u00fade\/gestante Requerimento de Equival\u00eancia de Disciplinas Mudan\u00e7a de Habilita\u00e7\u00e3o Perman\u00eancia Segunda Chamada (entre em contato com o(a) docente\/departamento) Declara\u00e7\u00e3o de Previs\u00e3o de Data de Atividade &#8211; Para est\u00e1gio (entre em contato com o(a) docente\/departamento) Declara\u00e7\u00e3o de Atividade realizada &#8211; Para est\u00e1gio (entre em contato com o [&hellip;]<\/p>\n","protected":false},"author":7,"featured_media":0,"parent":0,"menu_order":0,"comment_status":"open","ping_status":"open","template":"","meta":{"_acf_changed":false,"_monsterinsights_skip_tracking":false,"_monsterinsights_sitenote_active":false,"_monsterinsights_sitenote_note":"","_monsterinsights_sitenote_category":0,"footnotes":""},"class_list":["post-206","page","type-page","status-publish","hentry"],"acf":[],"_links":{"self":[{"href":"https:\/\/bio.ufpr.br\/cbio\/wp-json\/wp\/v2\/pages\/206","targetHints":{"allow":["GET"]}}],"collection":[{"href":"https:\/\/bio.ufpr.br\/cbio\/wp-json\/wp\/v2\/pages"}],"about":[{"href":"https:\/\/bio.ufpr.br\/cbio\/wp-json\/wp\/v2\/types\/page"}],"author":[{"embeddable":true,"href":"https:\/\/bio.ufpr.br\/cbio\/wp-json\/wp\/v2\/users\/7"}],"replies":[{"embeddable":true,"href":"https:\/\/bio.ufpr.br\/cbio\/wp-json\/wp\/v2\/comments?post=206"}],"version-history":[{"count":65,"href":"https:\/\/bio.ufpr.br\/cbio\/wp-json\/wp\/v2\/pages\/206\/revisions"}],"predecessor-version":[{"id":5832,"href":"https:\/\/bio.ufpr.br\/cbio\/wp-json\/wp\/v2\/pages\/206\/revisions\/5832"}],"wp:attachment":[{"href":"https:\/\/bio.ufpr.br\/cbio\/wp-json\/wp\/v2\/media?parent=206"}],"curies":[{"name":"wp","href":"https:\/\/api.w.org\/{rel}","templated":true}]}}