{"id":941,"date":"2015-03-27T20:00:02","date_gmt":"2015-03-27T20:00:02","guid":{"rendered":"https:\/\/bio.ufpr.br\/cbio\/?page_id=941"},"modified":"2025-05-03T19:14:16","modified_gmt":"2025-05-03T19:14:16","slug":"projeto-pedagogico","status":"publish","type":"page","link":"https:\/\/bio.ufpr.br\/cbio\/projeto-pedagogico\/","title":{"rendered":"Projeto Pedag\u00f3gico"},"content":{"rendered":"<h3>Confira o nosso Projeto Pedag\u00f3gico do Curso &#8211; PPC!<\/h3>\r\n<p>&nbsp;<\/p>\r\n<table style=\"background-color: #fafafa\">\r\n<tbody>\r\n<tr>\r\n<th>Curr\u00edculo<\/th>\r\n<th>Habilita\u00e7\u00e3o<\/th>\r\n<th>Grade<\/th>\r\n<th>Projeto Pedag\u00f3gico<\/th>\r\n<th>Ementas<\/th>\r\n<\/tr>\r\n<tr>\r\n<td rowspan=\"2\">Ingressantes at\u00e9 2022<\/td>\r\n<td>Bacharelado<\/td>\r\n<td style=\"text-align: center\" rowspan=\"2\"><a href=\"https:\/\/bio.ufpr.br\/cbio\/wp-content\/uploads\/sites\/3\/2014\/11\/Grade-Curricular1.pdf\">&#x1f4c4;<\/a><\/td>\r\n<td style=\"text-align: center\" rowspan=\"2\"><a href=\"https:\/\/bio.ufpr.br\/cbio\/wp-content\/uploads\/sites\/3\/2015\/03\/PPC.pdf\">&#x1f4c4;<\/a><\/td>\r\n<td style=\"text-align: center\">&#8211;<\/td>\r\n<\/tr>\r\n<tr>\r\n<td>Licenciatura<\/td>\r\n<td style=\"text-align: center\">&#8211;<\/td>\r\n<\/tr>\r\n<tr>\r\n<td colspan=\"5\">Ajuste curricular do Curso de Ci\u00eancias Biol\u00f3gicas (<a href=\"https:\/\/bio.ufpr.br\/cbio\/wp-content\/uploads\/sites\/3\/2015\/03\/PPC-CBiologicasAlteracao2012.pdf\">Portaria No 067\/2012 &#8211; PROGRAD\/UFPR<\/a>)<\/td>\r\n<\/tr>\r\n<\/tbody>\r\n<\/table>\r\n<p>&nbsp;<\/p>\r\n<table style=\"background-color: #fcfcfc\">\r\n<tbody>\r\n<tr>\r\n<th>Curr\u00edculo<\/th>\r\n<th>Habilita\u00e7\u00e3o<\/th>\r\n<th>Grade<\/th>\r\n<th>Projeto Pedag\u00f3gico<\/th>\r\n<th>Ementas<\/th>\r\n<\/tr>\r\n<tr>\r\n<td rowspan=\"2\">Ingressantes a partir de 2023<\/td>\r\n<td>Bacharelado<\/td>\r\n<td style=\"text-align: center\"><a href=\"https:\/\/bio.ufpr.br\/cbio\/wp-content\/uploads\/sites\/3\/2024\/01\/Matriz-Curricular-Bacharelado.jpg\">&#x1f4c4;<\/a><\/td>\r\n<td style=\"text-align: center\"><a href=\"https:\/\/bio.ufpr.br\/cbio\/wp-content\/uploads\/sites\/3\/2024\/01\/PPC-Bacharelado-2024.pdf\">&#x1f4c4;<\/a><\/td>\r\n<td style=\"text-align: center\"><a href=\"https:\/\/bio.ufpr.br\/cbio\/wp-content\/uploads\/sites\/3\/2024\/01\/Ementas-Bacharelado-2024.pdf\">&#x1f4c4;<\/a><\/td>\r\n<\/tr>\r\n<tr>\r\n<td>Licenciatura<\/td>\r\n<td style=\"text-align: center\"><a href=\"https:\/\/bio.ufpr.br\/cbio\/wp-content\/uploads\/sites\/3\/2024\/01\/Matriz-Curricular-Licenciatura.jpg\">&#x1f4c4;<\/a><\/td>\r\n<td style=\"text-align: center\"><a href=\"https:\/\/bio.ufpr.br\/cbio\/wp-content\/uploads\/sites\/3\/2024\/01\/PPC-Licenciatura-2024.pdf\">&#x1f4c4;<\/a><\/td>\r\n<td style=\"text-align: center\"><a href=\"https:\/\/bio.ufpr.br\/cbio\/wp-content\/uploads\/sites\/3\/2024\/01\/Ementas-Licenciatura-2024.pdf\">&#x1f4c4;<\/a><\/td>\r\n<\/tr>\r\n<tr>\r\n<td colspan=\"5\">Ajuste curricular do Curso de Ci\u00eancias Biol\u00f3gicas (<a href=\"https:\/\/bio.ufpr.br\/cbio\/wp-content\/uploads\/sites\/3\/2025\/05\/UTF-8Renovacao-Portaria-922-de-27.12.18-1.pdf\">Portaria N\u00ba 922, de 27 de dezembro de 2018<\/a>)<\/td>\r\n<\/tr>\r\n<\/tbody>\r\n<\/table>\r\n<p>&nbsp;<\/p>\r\n<p>&nbsp;<\/p>\r\n<!-- \/wp:post-content -->\r\n\r\n<!-- wp:paragraph -->\r\n<p>Atualizado em: 03\/05\/2025<\/p>\r\n<!-- \/wp:paragraph -->","protected":false},"excerpt":{"rendered":"<p>Confira o nosso Projeto Pedag\u00f3gico do Curso &#8211; PPC! &nbsp; Curr\u00edculo Habilita\u00e7\u00e3o Grade Projeto Pedag\u00f3gico Ementas Ingressantes at\u00e9 2022 Bacharelado &#x1f4c4; &#x1f4c4; &#8211; Licenciatura &#8211; Ajuste curricular do Curso de Ci\u00eancias Biol\u00f3gicas (Portaria No 067\/2012 &#8211; PROGRAD\/UFPR) &nbsp; Curr\u00edculo Habilita\u00e7\u00e3o Grade Projeto Pedag\u00f3gico Ementas Ingressantes a partir de 2023 Bacharelado &#x1f4c4; &#x1f4c4; &#x1f4c4; Licenciatura &#x1f4c4; [&hellip;]<\/p>\n","protected":false},"author":7,"featured_media":0,"parent":0,"menu_order":0,"comment_status":"open","ping_status":"open","template":"","meta":{"_acf_changed":false,"_monsterinsights_skip_tracking":false,"_monsterinsights_sitenote_active":false,"_monsterinsights_sitenote_note":"","_monsterinsights_sitenote_category":0,"footnotes":""},"class_list":["post-941","page","type-page","status-publish","hentry"],"acf":[],"_links":{"self":[{"href":"https:\/\/bio.ufpr.br\/cbio\/wp-json\/wp\/v2\/pages\/941","targetHints":{"allow":["GET"]}}],"collection":[{"href":"https:\/\/bio.ufpr.br\/cbio\/wp-json\/wp\/v2\/pages"}],"about":[{"href":"https:\/\/bio.ufpr.br\/cbio\/wp-json\/wp\/v2\/types\/page"}],"author":[{"embeddable":true,"href":"https:\/\/bio.ufpr.br\/cbio\/wp-json\/wp\/v2\/users\/7"}],"replies":[{"embeddable":true,"href":"https:\/\/bio.ufpr.br\/cbio\/wp-json\/wp\/v2\/comments?post=941"}],"version-history":[{"count":20,"href":"https:\/\/bio.ufpr.br\/cbio\/wp-json\/wp\/v2\/pages\/941\/revisions"}],"predecessor-version":[{"id":5324,"href":"https:\/\/bio.ufpr.br\/cbio\/wp-json\/wp\/v2\/pages\/941\/revisions\/5324"}],"wp:attachment":[{"href":"https:\/\/bio.ufpr.br\/cbio\/wp-json\/wp\/v2\/media?parent=941"}],"curies":[{"name":"wp","href":"https:\/\/api.w.org\/{rel}","templated":true}]}}

Projeto Pedagógico

<h3>Confira o nosso Projeto Pedagógico do Curso &#8211; PPC!</h3>
<p>&nbsp;</p>
<table style="background-color: #fafafa">
<tbody>
<tr>
<th>Currículo</th>
<th>Habilitação</th>
<th>Grade</th>
<th>Projeto Pedagógico</th>
<th>Ementas</th>
</tr>
<tr>
<td rowspan="2">Ingressantes até 2022</td>
<td>Bacharelado</td>
<td style="text-align: center" rowspan="2"><a href="https://bio.ufpr.br/cbio/wp-content/uploads/sites/3/2014/11/Grade-Curricular1.pdf">&#x1f4c4;</a></td>
<td style="text-align: center" rowspan="2"><a href="https://bio.ufpr.br/cbio/wp-content/uploads/sites/3/2015/03/PPC.pdf">&#x1f4c4;</a></td>
<td style="text-align: center">&#8211;</td>
</tr>
<tr>
<td>Licenciatura</td>
<td style="text-align: center">&#8211;</td>
</tr>
<tr>
<td colspan="5">Ajuste curricular do Curso de Ciências Biológicas (<a href="https://bio.ufpr.br/cbio/wp-content/uploads/sites/3/2015/03/PPC-CBiologicasAlteracao2012.pdf">Portaria No 067/2012 &#8211; PROGRAD/UFPR</a>)</td>
</tr>
</tbody>
</table>
<p>&nbsp;</p>
<table style="background-color: #fcfcfc">
<tbody>
<tr>
<th>Currículo</th>
<th>Habilitação</th>
<th>Grade</th>
<th>Projeto Pedagógico</th>
<th>Ementas</th>
</tr>
<tr>
<td rowspan="2">Ingressantes a partir de 2023</td>
<td>Bacharelado</td>
<td style="text-align: center"><a href="https://bio.ufpr.br/cbio/wp-content/uploads/sites/3/2024/01/Matriz-Curricular-Bacharelado.jpg">&#x1f4c4;</a></td>
<td style="text-align: center"><a href="https://bio.ufpr.br/cbio/wp-content/uploads/sites/3/2024/01/PPC-Bacharelado-2024.pdf">&#x1f4c4;</a></td>
<td style="text-align: center"><a href="https://bio.ufpr.br/cbio/wp-content/uploads/sites/3/2024/01/Ementas-Bacharelado-2024.pdf">&#x1f4c4;</a></td>
</tr>
<tr>
<td>Licenciatura</td>
<td style="text-align: center"><a href="https://bio.ufpr.br/cbio/wp-content/uploads/sites/3/2024/01/Matriz-Curricular-Licenciatura.jpg">&#x1f4c4;</a></td>
<td style="text-align: center"><a href="https://bio.ufpr.br/cbio/wp-content/uploads/sites/3/2024/01/PPC-Licenciatura-2024.pdf">&#x1f4c4;</a></td>
<td style="text-align: center"><a href="https://bio.ufpr.br/cbio/wp-content/uploads/sites/3/2024/01/Ementas-Licenciatura-2024.pdf">&#x1f4c4;</a></td>
</tr>
<tr>
<td colspan="5">Ajuste curricular do Curso de Ciências Biológicas (<a href="https://bio.ufpr.br/cbio/wp-content/uploads/sites/3/2025/05/UTF-8Renovacao-Portaria-922-de-27.12.18-1.pdf">Portaria Nº 922, de 27 de dezembro de 2018</a>)</td>
</tr>
</tbody>
</table>
<p>&nbsp;</p>
<p>&nbsp;</p>
<!-- /wp:post-content -->

<!-- wp:paragraph -->
<p>Atualizado em: 03/05/2025</p>
<!-- /wp:paragraph -->

<p>Confira o nosso Projeto Pedagógico do Curso &#8211; PPC! &nbsp; Currículo Habilitação Grade Projeto Pedagógico Ementas Ingressantes até 2022 Bacharelado &#x1f4c4; &#x1f4c4; &#8211; Licenciatura &#8211; Ajuste curricular do Curso de Ciências Biológicas (Portaria No 067/2012 &#8211; PROGRAD/UFPR) &nbsp; Currículo Habilitação Grade Projeto Pedagógico Ementas Ingressantes a partir de 2023 Bacharelado &#x1f4c4; &#x1f4c4; &#x1f4c4; Licenciatura &#x1f4c4; [&hellip;]</p>
