{"id":706,"date":"2025-03-13T11:10:26","date_gmt":"2025-03-13T11:10:26","guid":{"rendered":"https:\/\/bio.ufpr.br\/ceua\/?page_id=706"},"modified":"2025-03-13T14:11:40","modified_gmt":"2025-03-13T14:11:40","slug":"informacoes-importantes","status":"publish","type":"page","link":"https:\/\/bio.ufpr.br\/ceua\/informacoes-importantes\/","title":{"rendered":"INFORMA\u00c7\u00d5ES IMPORTANTES"},"content":{"rendered":"<p>Para que nossa Comunidade siga as novas exig\u00eancias (RN do CONCEA de n\u00famero 55, a DBCA e a RN do CONCEA de n\u00famero 49), a CEUA-BIO da UFPR fez uma s\u00e9rie de altera\u00e7\u00f5es:<\/p>\n<p>\u2013 No formul\u00e1rio nato\u00a0<em>on-line<\/em>\u00a0SEI \u201c<strong><em>\u00c9tica em pesquisa: Comiss\u00e3o de \u00c9tica \u2013 Pesquisa em Animais<\/em><\/strong>\u201c: as novas exig\u00eancias est\u00e3o expl\u00edcitas para que todos se atentem e se organizem antes da submiss\u00e3o (favor consultar\u00a0<a href=\"https:\/\/bio.ufpr.br\/ceua\/formularios-e-instrucoes\/\" target=\"_blank\" rel=\"noopener\">Formul\u00e1rios e instru\u00e7\u00f5es<\/a>\u00a0para mais detalhes).<\/p>\n<p>\u2013 Uma nova vers\u00e3o do CURSO DE TREINAMENTO EM MANIPULA\u00c7\u00c3O NA EXPERIMENTA\u00c7\u00c3O ANIMAL ofertado pelo setor de Setor de Ci\u00eancias Biol\u00f3gicas a cada semestre j\u00e1 est\u00e1 vigente. *<em><u>Al\u00e9m disso, h\u00e1 op\u00e7\u00f5es on-line<\/u><\/em>\u00a0\u00a0(favor consultar\u00a0<a href=\"https:\/\/bio.ufpr.br\/ceua\/formularios-e-instrucoes\/\" target=\"_blank\" rel=\"noopener\">Formul\u00e1rios e instru\u00e7\u00f5es<\/a>\u00a0para mais detalhes).<\/p>\n<p>\u2013 A organiza\u00e7\u00e3o de visitas nas salas de ambienta\u00e7\u00e3o dos animais nos respectivos Departamentos ocorrer\u00e3o a cada semestre. Para mais detalhes acerca desta exig\u00eancia, ver a RN de n\u00famero 55.<\/p>\n<p>\u2013 Notifica\u00e7\u00f5es de ocorr\u00eancias podem e devem ser feitas. As mesmas devem ser encaminhadas para as m\u00e9dicas veterin\u00e1rias (RTs) do Complexo Biot\u00e9rio-BL, que encaminhar\u00e3o para a CEUA\/BIO-UFPR. As notifica\u00e7\u00f5es ser\u00e3o discutidas em reuni\u00f5es ordin\u00e1rias da CEUA\/BIO-UFPR (ver abaixo o modelo):<\/p>\n<p><strong><u>Modelo de NOTIFICA\u00c7\u00c3O<\/u><\/strong><\/p>\n<p>Local da ocorr\u00eancia (Departamento do SCB):<\/p>\n<p>Esp\u00e9cie animal envolvida:<\/p>\n<p>Descri\u00e7\u00e3o da ocorr\u00eancia (em detalhes):<\/p>\n<p>Medidas tomadas para a resolu\u00e7\u00e3o da ocorr\u00eancia:<\/p>\n<p>Nome do pesquisador envolvido na ocorr\u00eancia:<\/p>\n<p>Nome do professor l\u00edder da equipe (professor respons\u00e1vel):<\/p>\n<p><em>E-mail<\/em>\u00a0do professor respons\u00e1vel:<\/p>\n<p>(*<strong>IMPORTANTE<\/strong>: A identidade do pesquisador que faz a notifica\u00e7\u00e3o ser\u00e1 preservada)<\/p>\n","protected":false},"excerpt":{"rendered":"<p>Para que nossa Comunidade siga as novas exig\u00eancias (RN do CONCEA de n\u00famero 55, a DBCA e a RN do CONCEA de n\u00famero 49), a [&hellip;]<\/p>\n","protected":false},"author":28,"featured_media":0,"parent":0,"menu_order":0,"comment_status":"closed","ping_status":"closed","template":"","meta":{"_acf_changed":false,"_monsterinsights_skip_tracking":false,"_monsterinsights_sitenote_active":false,"_monsterinsights_sitenote_note":"","_monsterinsights_sitenote_category":0,"footnotes":""},"class_list":["post-706","page","type-page","status-publish","hentry"],"acf":[],"_links":{"self":[{"href":"https:\/\/bio.ufpr.br\/ceua\/wp-json\/wp\/v2\/pages\/706","targetHints":{"allow":["GET"]}}],"collection":[{"href":"https:\/\/bio.ufpr.br\/ceua\/wp-json\/wp\/v2\/pages"}],"about":[{"href":"https:\/\/bio.ufpr.br\/ceua\/wp-json\/wp\/v2\/types\/page"}],"author":[{"embeddable":true,"href":"https:\/\/bio.ufpr.br\/ceua\/wp-json\/wp\/v2\/users\/28"}],"replies":[{"embeddable":true,"href":"https:\/\/bio.ufpr.br\/ceua\/wp-json\/wp\/v2\/comments?post=706"}],"version-history":[{"count":1,"href":"https:\/\/bio.ufpr.br\/ceua\/wp-json\/wp\/v2\/pages\/706\/revisions"}],"predecessor-version":[{"id":707,"href":"https:\/\/bio.ufpr.br\/ceua\/wp-json\/wp\/v2\/pages\/706\/revisions\/707"}],"wp:attachment":[{"href":"https:\/\/bio.ufpr.br\/ceua\/wp-json\/wp\/v2\/media?parent=706"}],"curies":[{"name":"wp","href":"https:\/\/api.w.org\/{rel}","templated":true}]}}