{"id":1135,"date":"2023-03-09T14:23:57","date_gmt":"2023-03-09T17:23:57","guid":{"rendered":"https:\/\/bio.ufpr.br\/cmco\/?page_id=1135"},"modified":"2023-03-09T16:07:59","modified_gmt":"2023-03-09T19:07:59","slug":"ctaf","status":"publish","type":"page","link":"https:\/\/bio.ufpr.br\/cmco\/ctaf\/","title":{"rendered":"CTAF"},"content":{"rendered":"<p>O Centro de Tecnologias Avan\u00e7adas em Fluoresc\u00eancia da Universidade Federal do Paran\u00e1 (UFPR) \u00e9 um Laborat\u00f3rio de apoio \u00e0 pesquisa cient\u00edfica em regime de funcionamento multiusu\u00e1rio.<\/p>\n<p>Atualmente, disponibilizamos aos usu\u00e1rios equipamentos de microscopia, cit\u00f4metria de fluxo e esta\u00e7\u00f5es de trabalho para\u00a0edi\u00e7\u00e3o\u00a0e an\u00e1lise b\u00e1sica de imagens.<\/p>\n<p>O CTAF, al\u00e9m de atender toda a comunidade cient\u00edfica da UFPR, faz parte da\u00a0Plataforma Nacional de Infraestrutura de Pesquisa \u2013 MCTI (PNIPE), possibilitando o acesso da comunidade cient\u00edfica\/tecnol\u00f3gica nacional e de empresas \u00e0s instala\u00e7\u00f5es laboratoriais e aos equipamentos de pesquisa existentes, promovendo seu uso compartilhado.<\/p>\n<p>Acesse o CTAF no portal PNIPE-MCTI pelo link &#8211;&gt;\u00a0<a href=\"https:\/\/pnipe.mctic.gov.br\/laboratory\/8776\">https:\/\/pnipe.mctic.gov.br\/laboratory\/8776<\/a><\/p>\n<p>Conhe\u00e7a nosso regimento e normas de uso pelo link &#8211;&gt;\u00a0\u00a0<a href=\"https:\/\/bio.ufpr.br\/ctaf\/normas-de-uso\/\">Regimento e normas<\/a><\/p>\n<p>Confira\u00a0quais\u00a0s\u00e3o os equipamentos dispon\u00edveis no CTAF pelo link &#8211;&gt;\u00a0<a href=\"https:\/\/bio.ufpr.br\/ctaf\/equipamentos\/\">https:\/\/bio.ufpr.br\/ctaf\/equipamentos\/<\/a><\/p>\n<p>As agendas dos equipamentos est\u00e3o dispon\u00edveis atrav\u00e9s do link &#8211;&gt;\u00a0<a href=\"https:\/\/bio.ufpr.br\/ctaf\/agenda\/\">https:\/\/bio.ufpr.br\/ctaf\/agenda\/<\/a><\/p>\n<p>Saiba como agendar o uso em &#8211;&gt;\u00a0<a href=\"https:\/\/bio.ufpr.br\/ctaf\/agendamento\/\">https:\/\/bio.ufpr.br\/ctaf\/agendamento\/<\/a><\/p>\n","protected":false},"excerpt":{"rendered":"<p>O Centro de Tecnologias Avan\u00e7adas em Fluoresc\u00eancia da Universidade Federal do Paran\u00e1 (UFPR) \u00e9 um Laborat\u00f3rio de apoio \u00e0 pesquisa cient\u00edfica em regime de funcionamento [&hellip;]<\/p>\n","protected":false},"author":1998,"featured_media":0,"parent":0,"menu_order":0,"comment_status":"closed","ping_status":"closed","template":"","meta":{"_acf_changed":false,"_monsterinsights_skip_tracking":false,"_monsterinsights_sitenote_active":false,"_monsterinsights_sitenote_note":"","_monsterinsights_sitenote_category":0,"footnotes":""},"class_list":["post-1135","page","type-page","status-publish","hentry"],"acf":[],"_links":{"self":[{"href":"https:\/\/bio.ufpr.br\/cmco\/wp-json\/wp\/v2\/pages\/1135","targetHints":{"allow":["GET"]}}],"collection":[{"href":"https:\/\/bio.ufpr.br\/cmco\/wp-json\/wp\/v2\/pages"}],"about":[{"href":"https:\/\/bio.ufpr.br\/cmco\/wp-json\/wp\/v2\/types\/page"}],"author":[{"embeddable":true,"href":"https:\/\/bio.ufpr.br\/cmco\/wp-json\/wp\/v2\/users\/1998"}],"replies":[{"embeddable":true,"href":"https:\/\/bio.ufpr.br\/cmco\/wp-json\/wp\/v2\/comments?post=1135"}],"version-history":[{"count":6,"href":"https:\/\/bio.ufpr.br\/cmco\/wp-json\/wp\/v2\/pages\/1135\/revisions"}],"predecessor-version":[{"id":1165,"href":"https:\/\/bio.ufpr.br\/cmco\/wp-json\/wp\/v2\/pages\/1135\/revisions\/1165"}],"wp:attachment":[{"href":"https:\/\/bio.ufpr.br\/cmco\/wp-json\/wp\/v2\/media?parent=1135"}],"curies":[{"name":"wp","href":"https:\/\/api.w.org\/{rel}","templated":true}]}}