{"id":1152,"date":"2023-03-09T15:42:01","date_gmt":"2023-03-09T18:42:01","guid":{"rendered":"https:\/\/bio.ufpr.br\/cmco\/?page_id=1152"},"modified":"2023-03-10T15:08:00","modified_gmt":"2023-03-10T18:08:00","slug":"equipamentos-lsan","status":"publish","type":"page","link":"https:\/\/bio.ufpr.br\/cmco\/equipamentos-lsan\/","title":{"rendered":"Equipamentos LSAN"},"content":{"rendered":"<p><strong>Confira nos links abaixo algumas informa\u00e7\u00f5es sobre os equipamentos dispon\u00edveis no LSAN<\/strong><\/p>\n<p>1- Sequenciador autom\u00e1tico de DNA 3500 Genetic Analyzer &#8211;&gt;\u00a0<a href=\"https:\/\/pnipe.mctic.gov.br\/equipment\/10951\">https:\/\/pnipe.mctic.gov.br\/equipment\/10951<\/a><\/p>\n<p>2-\u00a0Sequenciador autom\u00e1tico de DNA 3500 Genetic Analyzer XL &#8211;&gt;\u00a0<a href=\"https:\/\/pnipe.mctic.gov.br\/equipment\/10922\">https:\/\/pnipe.mctic.gov.br\/equipment\/10922<\/a><\/p>\n<p>3-\u00a0Sequenciador autom\u00e1tico de DNA 3500 Genetic Analyzer XL &#8211;&gt;\u00a0<a href=\"https:\/\/pnipe.mctic.gov.br\/equipment\/10952\">https:\/\/pnipe.mctic.gov.br\/equipment\/10952<\/a><\/p>\n<p>4-\u00a0Sequenciador de Nova Gera\u00e7\u00e3o MiSeq, Illumina &#8211;&gt;\u00a0<a href=\"https:\/\/pnipe.mctic.gov.br\/equipment\/10953\">https:\/\/pnipe.mctic.gov.br\/equipment\/10953<\/a><\/p>\n<p>5-\u00a0Sistema de purifica\u00e7\u00e3o de prote\u00ednas Akta Pure, GE Healthcare &#8211;&gt;\u00a0<a href=\"https:\/\/pnipe.mctic.gov.br\/equipment\/10973\">https:\/\/pnipe.mctic.gov.br\/equipment\/10973<\/a><\/p>\n<p>6- Espectr\u00f4metro de massas Q-TOF, Bruker, Micro-Q &#8211;&gt;\u00a0<a href=\"https:\/\/pnipe.mctic.gov.br\/equipment\/19957\">https:\/\/pnipe.mctic.gov.br\/equipment\/19957<\/a><\/p>\n<p>7-\u00a0Servidor de Alta Capacidade, SGI, SGI &#8211;&gt;\u00a0<a href=\"https:\/\/pnipe.mctic.gov.br\/equipment\/19981\">https:\/\/pnipe.mctic.gov.br\/equipment\/19981<\/a><\/p>\n<p>&nbsp;<\/p>\n<p>Para verificar a disponibilidade dos equipamentos consulte suas agendas em:<\/p>\n<p><a href=\"https:\/\/bio.ufpr.br\/cmco\/agenda-lsan\/\">https:\/\/bio.ufpr.br\/cmco\/agenda-lsan\/<\/a><\/p>\n","protected":false},"excerpt":{"rendered":"<p>Confira nos links abaixo algumas informa\u00e7\u00f5es sobre os equipamentos dispon\u00edveis no LSAN 1- Sequenciador autom\u00e1tico de DNA 3500 Genetic Analyzer &#8211;&gt;\u00a0https:\/\/pnipe.mctic.gov.br\/equipment\/10951 2-\u00a0Sequenciador autom\u00e1tico de DNA [&hellip;]<\/p>\n","protected":false},"author":1998,"featured_media":0,"parent":0,"menu_order":0,"comment_status":"closed","ping_status":"closed","template":"","meta":{"_acf_changed":false,"_monsterinsights_skip_tracking":false,"_monsterinsights_sitenote_active":false,"_monsterinsights_sitenote_note":"","_monsterinsights_sitenote_category":0,"footnotes":""},"class_list":["post-1152","page","type-page","status-publish","hentry"],"acf":[],"_links":{"self":[{"href":"https:\/\/bio.ufpr.br\/cmco\/wp-json\/wp\/v2\/pages\/1152","targetHints":{"allow":["GET"]}}],"collection":[{"href":"https:\/\/bio.ufpr.br\/cmco\/wp-json\/wp\/v2\/pages"}],"about":[{"href":"https:\/\/bio.ufpr.br\/cmco\/wp-json\/wp\/v2\/types\/page"}],"author":[{"embeddable":true,"href":"https:\/\/bio.ufpr.br\/cmco\/wp-json\/wp\/v2\/users\/1998"}],"replies":[{"embeddable":true,"href":"https:\/\/bio.ufpr.br\/cmco\/wp-json\/wp\/v2\/comments?post=1152"}],"version-history":[{"count":6,"href":"https:\/\/bio.ufpr.br\/cmco\/wp-json\/wp\/v2\/pages\/1152\/revisions"}],"predecessor-version":[{"id":1203,"href":"https:\/\/bio.ufpr.br\/cmco\/wp-json\/wp\/v2\/pages\/1152\/revisions\/1203"}],"wp:attachment":[{"href":"https:\/\/bio.ufpr.br\/cmco\/wp-json\/wp\/v2\/media?parent=1152"}],"curies":[{"name":"wp","href":"https:\/\/api.w.org\/{rel}","templated":true}]}}