{"id":458,"date":"2024-07-01T13:54:30","date_gmt":"2024-07-01T16:54:30","guid":{"rendered":"https:\/\/bio.ufpr.br\/cse-bl\/?page_id=458"},"modified":"2024-09-10T08:12:44","modified_gmt":"2024-09-10T11:12:44","slug":"proximos-eventos","status":"publish","type":"page","link":"https:\/\/bio.ufpr.br\/cse-bl\/proximos-eventos\/","title":{"rendered":"Pr\u00f3ximos Eventos"},"content":{"rendered":"\n<p><\/p>\n\n\n\n<p>___________<\/p>\n\n\n\n<p><strong>T\u00edtulo do Evento: <strong>I Feira da Agrobiodiversidade<\/strong>, vinculada ao XII Simp\u00f3sio em Bot\u00e2nica do PG-Bot\u00e2nica<\/strong><br><strong>Descri\u00e7\u00e3o:<\/strong> A Feira tem como objetivo proporcionar um ambiente de integra\u00e7\u00e3o entre a Pesquisa, Ensino e Extens\u00e3o num ambiente coletivo de troca de saberes e experi\u00eancias, promovendo um espa\u00e7o para debates e, sobretudo, aproximando os conhecimentos desenvolvidos na Universidade da comunidade externa. Os feirantes participantes s\u00e3o membros da comunidade paranaense envolvidos com agricultura familiar, agroecologia, artesanato, guardi\u00f5es de sementes, viveiristas e ensino relacionado \u00e0 ilustra\u00e7\u00e3o bot\u00e2nica.<br><strong>Data e Hor\u00e1rio:<\/strong> <strong>19 de setembro de 2024, das 8h \u00e0s 18h<\/strong>  <br><strong>Local:<\/strong> T\u00e9rreo do Departamento de Bot\u00e2nica no Pr\u00e9dio do Setor de Ci\u00eancias Biol\u00f3gicas\/Centro Polit\u00e9cnico<br><strong>P\u00fablico-alvo:<\/strong> estudantes de gradua\u00e7\u00e3o e p\u00f3s-gradua\u00e7\u00e3o e servidores docentes e t\u00e9cnicos.<br><strong>Organiza\u00e7\u00e3o: <\/strong> Programa de P\u00f3s Gradua\u00e7\u00e3o em Bot\u00e2nica<br>___________<\/p>\n\n\n\n<p><strong>T\u00edtulo do Evento: Slackline<\/strong><br><strong>Descri\u00e7\u00e3o:<\/strong> A atividade ser\u00e1 realizada nas depend\u00eancias do Departamento de Educa\u00e7\u00e3o F\u00edsica, pr\u00e1tica e orienta\u00e7\u00e3o de slackline para acad\u00eamicos e servidores da UFPR.<br><strong>Data e Hor\u00e1rio:<\/strong> segundas, quartas e sextas-feiras das 11h30min \u00e0s 12h30min, de 09 de setembro a 13 de dezembro de 2024.<br><strong>Local:<\/strong> \u00c1rea externa do Departamento de Educa\u00e7\u00e3o F\u00edsica, em frente ao CAEF.<br><strong>P\u00fablico-alvo:<\/strong> estudantes de gradua\u00e7\u00e3o e p\u00f3s-gradua\u00e7\u00e3o e servidores docentes e t\u00e9cnicos.<br><strong>Inscri\u00e7\u00f5es:<\/strong> enviar email para <a href=\"mailto:ingridsantiago@ufpr.br\">ingridsantiago@ufpr.br<\/a><br><strong>Contato:<\/strong> contato da Ingrid Santiago de email (bolsista de extens\u00e3o).<\/p>\n\n\n\n<p>___________<\/p>\n\n\n\n<p><strong>T\u00edtulo do Evento\/Curso:<\/strong>&nbsp;<strong>Educa\u00e7\u00e3o em sexualidade na sala de aula &#8211; curso de forma\u00e7\u00e3o de professores do ensino fundamental<\/strong><br><strong>Descri\u00e7\u00e3o:<\/strong> o curso visa instrumentalizar o p\u00fablico-alvo, formado por professores(as) de ensino fundamental, de forma te\u00f3rica e, especialmente, tamb\u00e9m com sugest\u00f5es de recursos did\u00e1ticos, a trabalhar em sala de aula, temas relativos \u00e0 educa\u00e7\u00e3o em sexualidade, tais como: reprodu\u00e7\u00e3o humana, pobreza menstrual, infec\u00e7\u00f5es sexualmente transmiss\u00edveis, principais m\u00e9todos contraceptivos, quest\u00f5es de g\u00eanero, aborto e abuso sexual infantil, aspectos legais relativos ao trabalho destes temas em sala de aula e quest\u00f5es de acolhimento.<br><strong>Datas e hor\u00e1rio:&nbsp;<\/strong>curso presencial &#8211; quartas-feiras, das 8 \u00e0s 12h: 07\/08, 11\/09, 02\/10 e 06\/11\/24 + atividades remotas substituindo a aula da quarta-feira, 23\/10\/24 (solicitado pela SME).<br><strong>Local:<\/strong>&nbsp;Laborat\u00f3rio 4, t\u00e9rreo, Departamento de Fisiologia, Setor de Ci\u00eancias Biol\u00f3gicas, UFPR, Campus Centro Polit\u00e9cnico, Jardim das Am\u00e9ricas.<br><strong>P\u00fablico-alvo:<\/strong>&nbsp;professores e professoras de ensino fundamental de escolas p\u00fablicas ou particulares de Curitiba.<br><strong>Inscri\u00e7\u00f5es:<\/strong>&nbsp;<a href=\"https:\/\/forms.gle\/WMoGC6FKf2u2ZKbt5\">https:\/\/forms.gle\/WMoGC6FKf2u2ZKbt5<\/a><br><strong>Contato:&nbsp;<\/strong><a href=\"mailto:anamfila@gmail.com\">anamfila@gmail.com<\/a><\/p>\n\n\n\n<p>___________<\/p>\n\n\n\n<p><\/p>\n\n\n\n<p><\/p>\n\n\n\n<p><strong>T\u00edtulo do Evento:<\/strong>&nbsp;<strong>II edi\u00e7\u00e3o do Curso de preven\u00e7\u00e3o ao abuso de drogas atrav\u00e9s da viv\u00eancia acad\u00eamica e da experimenta\u00e7\u00e3o da metodologia cient\u00edfica<\/strong><br><strong>Descri\u00e7\u00e3o:<\/strong>&nbsp; O evento visa: 1. esclarecer o mecanismo de a\u00e7\u00e3o das drogas de abuso e seus efeitos delet\u00e9rios atrav\u00e9s de atividades l\u00fadicas e da metodologia cient\u00edfica (teste de hip\u00f3teses); 2. proporcionar a oportunidade de viv\u00eancia do ambiente acad\u00eamico a estudantes de ensino m\u00e9dio provenientes de escolas localizadas em \u00e1reas de fragilidade social;&nbsp; 3. levar o conhecimento da import\u00e2ncia de prevenir, atrav\u00e9s do conhecimento de suas a\u00e7\u00f5es, o abuso de drogas; 4. aumentar os \u00edndices de acesso \u00e0 Universidade por estudantes de ensino m\u00e9dio de escolas localizadas em \u00e1reas de fragilidade social atrav\u00e9s da viv\u00eancia em ambiente acad\u00eamico e conhecimento da metodologia cient\u00edfica.<br><strong>Data e Hor\u00e1rio:<\/strong> 15 a 19 de julho de 2024.<br><strong>Local:<\/strong> Departamento de Farmacologia (Audit\u00f3rio).<br><strong>P\u00fablico-alvo:<\/strong> Estudantes de ensino m\u00e9dio provenientes de escolas localizadas em \u00e1reas de fragilidade social.<br><strong>Inscri\u00e7\u00f5es:<\/strong> Inscri\u00e7\u00f5es encerradas.<br><strong>Contato<\/strong>: Joice Maria da Cunha (<a href=\"mailto:joice.cunha@ufpr.br\" target=\"_blank\" rel=\"noreferrer noopener\">joice.cunha@ufpr.br<\/a>); Eunice Andr\u00e9 (<a href=\"mailto:eunice.andre@ufpr.br\" target=\"_blank\" rel=\"noreferrer noopener\">eunice.andre@ufpr.br<\/a>); Jana\u00edna Menezes Zanoveli (<a href=\"mailto:janaina.zanoveli@ufpr.br\" target=\"_blank\" rel=\"noreferrer noopener\">janaina.zanoveli@ufpr.br<\/a>) e Francislaine Aparecida dos Reis L\u00edvero (<a href=\"mailto:francislaine@ufpr.br\">francislaine@ufpr.br<\/a>).<\/p>\n\n\n\n<p>___________<\/p>\n\n\n\n<p><strong>T\u00edtulo do Evento:<\/strong>&nbsp;<strong>Atualiza\u00e7\u00f5es no Diagn\u00f3stico da Leishmaniose Tegumentar Americana<\/strong><br><strong>Descri\u00e7\u00e3o:<\/strong>&nbsp;o Projeto de Extens\u00e3o \u201cP\u00f3s gradua\u00e7\u00e3o na Sociedade\u201d, vinculado ao programa de P\u00f3s-gradua\u00e7\u00e3o em Microbiologia, Parasitologia e Patologia tem como objetivo ofertar um curso de capacita\u00e7\u00e3o especializado no diagn\u00f3stico da Leishmaniose Tegumentar Americana. Nele, ser\u00e3o ofertadas aulas te\u00f3ricas e pr\u00e1ticas, de forma h\u00edbrida, sobre os m\u00e9todos usuais e avan\u00e7ados para o diagn\u00f3stico diferencial da doen\u00e7a.<br><strong>Data e hor\u00e1rio:<\/strong> O curso ocorrer\u00e1 entre os dias 10\/07 e 12\/07, das 9h \u00e0s 17h.<br><strong>Local:<\/strong>&nbsp;Aulas te\u00f3ricas de forma online e aulas pr\u00e1ticas no Departamento de Patologia B\u00e1sica do Setor de Ci\u00eancias Biol\u00f3gicas.<br><strong>P\u00fablico-alvo:<\/strong>&nbsp;profissionais e estudantes da \u00e1rea da sa\u00fade, profissionais atuantes nos centros epidemiol\u00f3gicos e servidores t\u00e9cnico-administrativos da UFPR.<br><strong>Inscri\u00e7\u00f5es:<\/strong>&nbsp;atrav\u00e9s do portal SIGA pelos <em>links<\/em> <a href=\"https:\/\/siga.ufpr.br\/siga\/visitante\/processoseletivo\/index.jsp?sequencial=4191\" target=\"_blank\" rel=\"noreferrer noopener\">https:\/\/siga.ufpr.br\/siga\/visitante\/processoseletivo\/index.jspsequencial=4191<\/a>&nbsp;(atividades te\u00f3ricas) e&nbsp;<a href=\"https:\/\/siga.ufpr.br\/siga\/visitante\/processoseletivo\/index.jsp?sequencial=4192\" target=\"_blank\" rel=\"noreferrer noopener\">https:\/\/siga.ufpr.br\/siga\/visitante\/processoseletivo\/index.jsp?sequencial=4192<\/a>&nbsp;(atividades pr\u00e1ticas), at\u00e9 o dia 28\/06.<br><strong>Contato:<\/strong>&nbsp;ppgmppsociedade@gmail.com ou pelo Instagram&nbsp;@ppgmpp_sociedade.<\/p>\n","protected":false},"excerpt":{"rendered":"<p>___________ T\u00edtulo do Evento: I Feira da Agrobiodiversidade, vinculada ao XII Simp\u00f3sio em Bot\u00e2nica do PG-Bot\u00e2nicaDescri\u00e7\u00e3o: A Feira tem como objetivo proporcionar um ambiente de [&hellip;]<\/p>\n","protected":false},"author":6,"featured_media":0,"parent":0,"menu_order":0,"comment_status":"closed","ping_status":"closed","template":"","meta":{"_acf_changed":false,"_monsterinsights_skip_tracking":false,"_monsterinsights_sitenote_active":false,"_monsterinsights_sitenote_note":"","_monsterinsights_sitenote_category":0,"footnotes":""},"class_list":["post-458","page","type-page","status-publish","hentry"],"acf":[],"_links":{"self":[{"href":"https:\/\/bio.ufpr.br\/cse-bl\/wp-json\/wp\/v2\/pages\/458","targetHints":{"allow":["GET"]}}],"collection":[{"href":"https:\/\/bio.ufpr.br\/cse-bl\/wp-json\/wp\/v2\/pages"}],"about":[{"href":"https:\/\/bio.ufpr.br\/cse-bl\/wp-json\/wp\/v2\/types\/page"}],"author":[{"embeddable":true,"href":"https:\/\/bio.ufpr.br\/cse-bl\/wp-json\/wp\/v2\/users\/6"}],"replies":[{"embeddable":true,"href":"https:\/\/bio.ufpr.br\/cse-bl\/wp-json\/wp\/v2\/comments?post=458"}],"version-history":[{"count":10,"href":"https:\/\/bio.ufpr.br\/cse-bl\/wp-json\/wp\/v2\/pages\/458\/revisions"}],"predecessor-version":[{"id":644,"href":"https:\/\/bio.ufpr.br\/cse-bl\/wp-json\/wp\/v2\/pages\/458\/revisions\/644"}],"wp:attachment":[{"href":"https:\/\/bio.ufpr.br\/cse-bl\/wp-json\/wp\/v2\/media?parent=458"}],"curies":[{"name":"wp","href":"https:\/\/api.w.org\/{rel}","templated":true}]}}