{"id":1039,"date":"2023-02-14T19:07:27","date_gmt":"2023-02-14T19:07:27","guid":{"rendered":"https:\/\/bio.ufpr.br\/ctaf\/?page_id=1039"},"modified":"2023-03-15T14:30:06","modified_gmt":"2023-03-15T14:30:06","slug":"sistema-de-imageamento-in-vivo","status":"publish","type":"page","link":"https:\/\/bio.ufpr.br\/ctaf\/sistema-de-imageamento-in-vivo\/","title":{"rendered":"Sistema de imageamento in vivo"},"content":{"rendered":"<p><b>In-Vivo Multispectral FX PRO<\/b><span style=\"font-weight: 400\">\u00a0<\/span><\/p>\n<p><span style=\"font-weight: 400\">Possui\u00a0ajuste multiespectral da luz de excita\u00e7\u00e3o que permite a identifica\u00e7\u00e3o e separa\u00e7\u00e3o de v\u00e1rios fluorocromos. Um software poderoso identifica o fluor\u00f3foro por meio de assinatura baseada em excita\u00e7\u00e3o, modelando os dados e fornecendo a separa\u00e7\u00e3o do fluor\u00f3foro. O software de controle de captura de imagem permite que protocolos de imagem complexos sejam facilmente estabelecidos, armazenados e repetidos.<\/span><\/p>\n<p><strong>Qualidade de imagem superior<\/strong><\/p>\n<p><span style=\"font-weight: 400\">Algoritmos do software removem a autofluoresc\u00eancia para melhor rela\u00e7\u00e3o sinal-ru\u00eddo e sensibilidade de detec\u00e7\u00e3o. Ideal para imagens de pequenos animais, com imagens compostas de quatro camadas e visualiza\u00e7\u00e3o de 20 x 20 cm para imagens de 4 ou mais animais.<\/span><\/p>\n<p><strong>Versatilidade incompar\u00e1vel<\/strong><\/p>\n<p><span style=\"font-weight: 400\">Os recursos multimodais incluem multi-wavelenth fluorescence, luminesc\u00eancia, luz branca, imagens radioisot\u00f3picas e de raios-x. Os sistemas automatizados de filtro de excita\u00e7\u00e3o e emiss\u00e3o com 29 posi\u00e7\u00f5es de filtro de excita\u00e7\u00e3o e 4 posi\u00e7\u00f5es de filtro de emiss\u00e3o oferecem excelente sensibilidade e flexibilidade de imagem fluorescente. A c\u00e2mara de imagem automatizada permite a altern\u00e2ncia remota entre os modos de imagem \u00f3ptica, de raios-X e radioisot\u00f3pico sem perturbar o assunto.<\/span><\/p>\n<p><strong>C\u00e2mera:<\/strong><br \/>\nMonochrome interlined CCD de\u00a02048 x 2048 pixels<\/p>\n<p><strong>Lente:<\/strong><br \/>\nComputer Controlled 10X zoom, 20 &#8211; 200mm, \u01922.5<\/p>\n<p><strong>Modos de Detec\u00e7\u00e3o:<\/strong><br \/>\nLuminesc\u00eancia<br \/>\nMultiwavelength Fluorescence<br \/>\nRadioisot\u00f3pica<br \/>\nRaio-X<\/p>\n<p>&nbsp;<\/p>\n<p>Conhe\u00e7a um pouco mais sobre o equipamento no v\u00eddeo abaixo:<\/p>\n<p><iframe loading=\"lazy\"  id=\"_ytid_58635\"  width=\"480\" height=\"360\"  data-origwidth=\"480\" data-origheight=\"360\" src=\"https:\/\/www.youtube.com\/embed\/DCZ2qfifePE?enablejsapi=1&#038;autoplay=0&#038;cc_load_policy=0&#038;cc_lang_pref=&#038;iv_load_policy=1&#038;loop=0&#038;rel=1&#038;fs=1&#038;playsinline=0&#038;autohide=2&#038;theme=dark&#038;color=red&#038;controls=1&#038;disablekb=0&#038;\" class=\"__youtube_prefs__  epyt-is-override  no-lazyload\" title=\"YouTube player\"  allow=\"fullscreen; accelerometer; autoplay; clipboard-write; encrypted-media; gyroscope; picture-in-picture; web-share\" referrerpolicy=\"strict-origin-when-cross-origin\" allowfullscreen data-no-lazy=\"1\" data-skipgform_ajax_framebjll=\"\"><\/iframe><\/p>\n<p>&nbsp;<\/p>\n<p>Interessado em utilizar este equipamento?<\/p>\n<p>Saiba como em:\u00a0<a href=\"https:\/\/bio.ufpr.br\/ctaf\/agendamento\/\">Agendamento<\/a><\/p>\n<p>Confira a disponibilidade de uso em:\u00a0<a href=\"https:\/\/bio.ufpr.br\/ctaf\/agenda\/\">Agenda<\/a><\/p>\n<p>Ou entre em contato conosco:\u00a0<a href=\"https:\/\/bio.ufpr.br\/ctaf\/contato\/\">Contato<\/a><\/p>\n","protected":false},"excerpt":{"rendered":"<p>In-Vivo Multispectral FX PRO\u00a0 Possui\u00a0ajuste multiespectral da luz de excita\u00e7\u00e3o que permite a identifica\u00e7\u00e3o e separa\u00e7\u00e3o de v\u00e1rios fluorocromos. Um software poderoso identifica o fluor\u00f3foro por meio de assinatura baseada em excita\u00e7\u00e3o, modelando os dados e fornecendo a separa\u00e7\u00e3o do fluor\u00f3foro. O software de controle de captura de imagem permite que protocolos de imagem complexos [&hellip;]<\/p>\n","protected":false},"author":1998,"featured_media":0,"parent":0,"menu_order":0,"comment_status":"closed","ping_status":"closed","template":"","meta":{"_acf_changed":false,"_monsterinsights_skip_tracking":false,"_monsterinsights_sitenote_active":false,"_monsterinsights_sitenote_note":"","_monsterinsights_sitenote_category":0,"footnotes":""},"class_list":["post-1039","page","type-page","status-publish","hentry"],"acf":[],"_links":{"self":[{"href":"https:\/\/bio.ufpr.br\/ctaf\/wp-json\/wp\/v2\/pages\/1039","targetHints":{"allow":["GET"]}}],"collection":[{"href":"https:\/\/bio.ufpr.br\/ctaf\/wp-json\/wp\/v2\/pages"}],"about":[{"href":"https:\/\/bio.ufpr.br\/ctaf\/wp-json\/wp\/v2\/types\/page"}],"author":[{"embeddable":true,"href":"https:\/\/bio.ufpr.br\/ctaf\/wp-json\/wp\/v2\/users\/1998"}],"replies":[{"embeddable":true,"href":"https:\/\/bio.ufpr.br\/ctaf\/wp-json\/wp\/v2\/comments?post=1039"}],"version-history":[{"count":5,"href":"https:\/\/bio.ufpr.br\/ctaf\/wp-json\/wp\/v2\/pages\/1039\/revisions"}],"predecessor-version":[{"id":1055,"href":"https:\/\/bio.ufpr.br\/ctaf\/wp-json\/wp\/v2\/pages\/1039\/revisions\/1055"}],"wp:attachment":[{"href":"https:\/\/bio.ufpr.br\/ctaf\/wp-json\/wp\/v2\/media?parent=1039"}],"curies":[{"name":"wp","href":"https:\/\/api.w.org\/{rel}","templated":true}]}}