{"id":408,"date":"2017-11-21T11:16:37","date_gmt":"2017-11-21T11:16:37","guid":{"rendered":"https:\/\/bio.ufpr.br\/ctaf\/?page_id=408"},"modified":"2025-09-19T14:40:17","modified_gmt":"2025-09-19T14:40:17","slug":"o-centro","status":"publish","type":"page","link":"https:\/\/bio.ufpr.br\/ctaf\/o-centro\/","title":{"rendered":"CTAF"},"content":{"rendered":"<p>O <strong>CTAF<\/strong> (Centro de Tecnologias Avan\u00e7adas em Fluoresc\u00eancia) da Universidade Federal do Paran\u00e1 (UFPR) \u00e9 um laborat\u00f3rio de apoio \u00e0 pesquisa cient\u00edfica em regime de funcionamento multiusu\u00e1rio.<\/p>\n<p>Atualmente disponibilizamos aos usu\u00e1rios equipamentos de microscopia, cit\u00f4metro de fluxo e esta\u00e7\u00f5es de trabalho para\u00a0edi\u00e7\u00e3o\u00a0e an\u00e1lise b\u00e1sica de imagens.<\/p>\n<p>O <strong>CTAF,<\/strong> al\u00e9m de atender toda a comunidade cient\u00edfica da UFPR, faz parte da\u00a0Plataforma Nacional de Infraestrutura de Pesquisa \u2013 MCTI (PNIPE), o que possibilita o acesso da comunidade cient\u00edfica\/tecnol\u00f3gica nacional e de empresas \u00e0s instala\u00e7\u00f5es laboratoriais e aos equipamentos de pesquisa existentes, promovendo seu uso compartilhado.<\/p>\n<p>Acesse o <strong>CTAF<\/strong> no portal <strong>PNIPE-MCTI<\/strong> pelo link &#8211;&gt;\u00a0<a href=\"https:\/\/pnipe.mcti.gov.br\/laboratory\/8776\">https:\/\/pnipe.mctic.gov.br\/laboratory\/8776<\/a><\/p>\n<p>Conhe\u00e7a nosso regimento e normas de uso pelo link &#8211;&gt;\u00a0\u00a0<a href=\"https:\/\/bio.ufpr.br\/ctaf\/normas-de-uso\/\">Regimento e normas<\/a><\/p>\n<p>&nbsp;<\/p>\n<p><strong>Confira nos links abaixo algumas informa\u00e7\u00f5es sobre os equipamentos dispon\u00edveis no CTAF.<\/strong><\/p>\n<p>&nbsp;<\/p>\n<table style=\"height: 266px\" width=\"1085\">\n<tbody>\n<tr>\n<td style=\"text-align: center\"><strong>Microsc\u00f3pios<\/strong><\/td>\n<td style=\"text-align: center\"><strong style=\"text-align: center\">Cit\u00f4metros<\/strong><\/td>\n<td style=\"text-align: center\"><strong style=\"text-align: center\">Computadores<\/strong><\/td>\n<\/tr>\n<tr>\n<td style=\"text-align: center\"><span style=\"color: #0000ff\"><a style=\"color: #0000ff\" href=\"https:\/\/bio.ufpr.br\/ctaf\/?page_id=527&amp;preview=true\">Confocal A1R MP+ Nikon<\/a><\/span><\/td>\n<td style=\"text-align: center\"><span style=\"color: #0000ff\"><a style=\"color: #0000ff\" href=\"https:\/\/bio.ufpr.br\/ctaf\/citometro-facsmelody\/\">FACS Melody BD<\/a><\/span><\/td>\n<td style=\"text-align: center\"><span style=\"color: #0000ff\"><a style=\"color: #0000ff\" href=\"https:\/\/bio.ufpr.br\/ctaf\/estacao-de-trabalho-nikon\/\">Esta\u00e7\u00e3o de trabalho Nikon<\/a><\/span><\/td>\n<\/tr>\n<tr>\n<td style=\"text-align: center\"><span style=\"color: #0000ff\"><a style=\"color: #0000ff\" href=\"https:\/\/bio.ufpr.br\/ctaf\/scanner-de-laminas-zeissmetasystems\/\">Scanner de l\u00e2minas Zeiss<\/a><\/span><\/td>\n<td style=\"text-align: center\"><span style=\"color: #0000ff\">FACS Calibur BD<\/span><\/td>\n<td style=\"text-align: center\"><span style=\"color: #0000ff\"><a style=\"color: #0000ff\" href=\"https:\/\/bio.ufpr.br\/ctaf\/estacao-de-trabalho-ctaf-01\/\">Esta\u00e7\u00e3o de trabalho CTAF 01<\/a><\/span><\/td>\n<\/tr>\n<tr>\n<td style=\"text-align: center\"><span style=\"color: #0000ff\"><a style=\"color: #0000ff\" href=\"https:\/\/bio.ufpr.br\/ctaf\/microscopio-bx51-olympus\/\">Olympus BX51<\/a><\/span><\/td>\n<td><\/td>\n<td style=\"text-align: center\"><a href=\"https:\/\/bio.ufpr.br\/ctaf\/estacao-de-trabalho-zeiss\/\"><span style=\"color: #0000ff\">Esta\u00e7\u00e3o de trabalho Zeiss<\/span><\/a><\/td>\n<\/tr>\n<tr>\n<td style=\"text-align: center\"><span style=\"color: #0000ff\"><a style=\"color: #0000ff\" href=\"https:\/\/bio.ufpr.br\/ctaf\/axiolab-a1-zeiss\/\">Axio LabA1 Zeiss<\/a><\/span><\/td>\n<td><\/td>\n<td style=\"text-align: center\"><span style=\"color: #0000ff\">Esta\u00e7\u00e3o de trabalho Backup<\/span><\/td>\n<\/tr>\n<tr>\n<td style=\"text-align: center\"><span style=\"color: #0000ff\"><a style=\"color: #0000ff\" href=\"https:\/\/bio.ufpr.br\/ctaf\/microscopio-axio-observer-z1-invertido-zeiss\/\">Axio Z1 Zeiss invertido<\/a><\/span><\/td>\n<td style=\"text-align: center\"><strong>Outros<\/strong><\/td>\n<td><\/td>\n<\/tr>\n<tr>\n<td style=\"text-align: center\"><span style=\"color: #0000ff\"><a style=\"color: #0000ff\" href=\"https:\/\/bio.ufpr.br\/ctaf\/microdisseccao-a-laser-leica\/\">Microdissec\u00e7\u00e3o a laser Leica<\/a><\/span><\/td>\n<td style=\"text-align: center\"><a href=\"https:\/\/bio.ufpr.br\/ctaf\/macrotomo-leica\/\"><span style=\"color: #0000ff\">Criomacr\u00f3tomo Leica<\/span><\/a><\/td>\n<td style=\"text-align: center\"><\/td>\n<\/tr>\n<tr>\n<td style=\"text-align: center\"><a href=\"https:\/\/bio.ufpr.br\/ctaf\/super-resolucao-nikon\/\"><span style=\"color: #0000ff\">Super resolu\u00e7\u00e3o Nikon<\/span><\/a><\/td>\n<td style=\"text-align: center\"><span style=\"color: #0000ff\"><a style=\"color: #0000ff\" href=\"https:\/\/bio.ufpr.br\/ctaf\/sistema-de-imageamento-in-vivo\/\">Sistema In-Vivo FX PRO<\/a><\/span><\/td>\n<td style=\"text-align: center\"><\/td>\n<\/tr>\n<tr>\n<td style=\"text-align: center\"><a href=\"https:\/\/bio.ufpr.br\/ctaf\/nikon-e800\/\"><span style=\"color: #0000ff\">E800 Nikon<\/span><\/a><\/td>\n<td><\/td>\n<td style=\"text-align: center\"><\/td>\n<\/tr>\n<\/tbody>\n<\/table>\n<p>&nbsp;<\/p>\n<p>&nbsp;<\/p>\n<p>&nbsp;<\/p>\n","protected":false},"excerpt":{"rendered":"<p>O CTAF (Centro de Tecnologias Avan\u00e7adas em Fluoresc\u00eancia) da Universidade Federal do Paran\u00e1 (UFPR) \u00e9 um laborat\u00f3rio de apoio \u00e0 pesquisa cient\u00edfica em regime de funcionamento multiusu\u00e1rio. Atualmente disponibilizamos aos usu\u00e1rios equipamentos de microscopia, cit\u00f4metro de fluxo e esta\u00e7\u00f5es de trabalho para\u00a0edi\u00e7\u00e3o\u00a0e an\u00e1lise b\u00e1sica de imagens. O CTAF, al\u00e9m de atender toda a comunidade cient\u00edfica [&hellip;]<\/p>\n","protected":false},"author":6,"featured_media":0,"parent":0,"menu_order":0,"comment_status":"closed","ping_status":"closed","template":"","meta":{"_acf_changed":false,"_monsterinsights_skip_tracking":false,"_monsterinsights_sitenote_active":false,"_monsterinsights_sitenote_note":"","_monsterinsights_sitenote_category":0,"footnotes":""},"class_list":["post-408","page","type-page","status-publish","hentry"],"acf":[],"_links":{"self":[{"href":"https:\/\/bio.ufpr.br\/ctaf\/wp-json\/wp\/v2\/pages\/408","targetHints":{"allow":["GET"]}}],"collection":[{"href":"https:\/\/bio.ufpr.br\/ctaf\/wp-json\/wp\/v2\/pages"}],"about":[{"href":"https:\/\/bio.ufpr.br\/ctaf\/wp-json\/wp\/v2\/types\/page"}],"author":[{"embeddable":true,"href":"https:\/\/bio.ufpr.br\/ctaf\/wp-json\/wp\/v2\/users\/6"}],"replies":[{"embeddable":true,"href":"https:\/\/bio.ufpr.br\/ctaf\/wp-json\/wp\/v2\/comments?post=408"}],"version-history":[{"count":44,"href":"https:\/\/bio.ufpr.br\/ctaf\/wp-json\/wp\/v2\/pages\/408\/revisions"}],"predecessor-version":[{"id":1655,"href":"https:\/\/bio.ufpr.br\/ctaf\/wp-json\/wp\/v2\/pages\/408\/revisions\/1655"}],"wp:attachment":[{"href":"https:\/\/bio.ufpr.br\/ctaf\/wp-json\/wp\/v2\/media?parent=408"}],"curies":[{"name":"wp","href":"https:\/\/api.w.org\/{rel}","templated":true}]}}