{"id":418,"date":"2017-11-21T11:28:52","date_gmt":"2017-11-21T11:28:52","guid":{"rendered":"https:\/\/bio.ufpr.br\/ctaf\/?page_id=418"},"modified":"2026-03-25T17:35:33","modified_gmt":"2026-03-25T17:35:33","slug":"agendamento","status":"publish","type":"page","link":"https:\/\/bio.ufpr.br\/ctaf\/agendamento\/","title":{"rendered":"Agendamento"},"content":{"rendered":"<p>PROCEDIMENTO PARA O AGENDAMENTO<\/p>\n<p>&nbsp;<\/p>\n<p>Os passos para o agendamento s\u00e3o os seguintes:<\/p>\n<p>&nbsp;<\/p>\n<p>1.\u00a0Todos os usu\u00e1rios dever\u00e3o preencher o formul\u00e1rio de cadastro.<\/p>\n<p><span style=\"color: #3366ff\"><a style=\"color: #3366ff\" href=\"https:\/\/goo.gl\/forms\/ptq0Vh7pihrn8MIJ2\" target=\"_blank\" rel=\"noopener\">CADASTRO DE USU\u00c1RIOS (Clique aqui)<\/a><\/span><\/p>\n<p><span style=\"color: #3366ff\"><a style=\"color: #3366ff\" href=\"https:\/\/docs.google.com\/forms\/d\/e\/1FAIpQLSf5ToJHuKBPThzlDKEfGIvifpZ7L3ghFh8FgcSrI7etV3XkGA\/viewform?usp=sf_link\">CADASTRO\u00a0DE DOCENTES \/ ORIENTADORES (Clique aqui)<\/a><\/span><\/p>\n<p>2.\u00a0Seu orientador receber\u00e1 um e-mail avisando e solicitando autoriza\u00e7\u00e3o para uso do <strong>CTAF.<\/strong><\/p>\n<p>3. Ap\u00f3s autoriza\u00e7\u00e3o do seu orientador, consulte a agenda dos equipamentos para verificar as datas livres.<\/p>\n<p><span style=\"color: #3366ff\"><a style=\"color: #3366ff\" href=\"https:\/\/bio.ufpr.br\/ctaf\/agenda\/\">AGENDA DOS EQUIPAMENTOS (Clique aqui)<\/a><\/span><\/p>\n<p>4. Preencha tamb\u00e9m o formul\u00e1rio de solicita\u00e7\u00e3o de servi\u00e7o a cada nova solicita\u00e7\u00e3o. Leia atentamente\u00a0as normas de uso dos equipamentos presentes no formul\u00e1rio.<\/p>\n<p style=\"padding-left: 30px\"><strong>4.1 MICROSC\u00d3PIOS<\/strong><\/p>\n<p><span style=\"color: #3366ff\"><a style=\"color: #3366ff\" href=\"https:\/\/docs.google.com\/forms\/d\/e\/1FAIpQLSeVFhtvywidf0PwcUvhFiOt-BoygTUvPYPzBrO71hYP3FIkNQ\/viewform?usp=sf_link\">FORMUL\u00c1RIO ONLINE DE SOLICITA\u00c7\u00c3O DE AGENDAMENTO PARA MICROSCOPIA (Clique aqui)<\/a><\/span><\/p>\n<p style=\"padding-left: 30px\"><strong>4.2 CIT\u00d4METROS<\/strong><\/p>\n<p><span style=\"color: #3366ff\">FORMUL\u00c1RIO ONLINE DE AGENDAMENTO\u00a0PARA A PLATAFORMA DE CITOMETRIA (Clique aqui)<\/span><\/p>\n<p style=\"padding-left: 30px\"><strong>4.3 CRIOMACR\u00d3TOMO<\/strong><\/p>\n<p><span style=\"color: #3366ff\">FORMUL\u00c1RIO ONLINE DE AGENDAMENTO\u00a0PARA O CRIOMACR\u00d3TOMO LEICA 3600 XP\u00a0(Clique aqui)<\/span><\/p>\n<p style=\"padding-left: 30px\"><strong>4.4 ESTA\u00c7\u00d5ES DE TRABALHO\u00a0<\/strong><\/p>\n<p><span style=\"color: #3366ff\"><a style=\"color: #3366ff\" href=\"https:\/\/docs.google.com\/forms\/d\/e\/1FAIpQLSfuckApkjQq5qCVHA1ZBIrrB_o8Ei5e339kTuou1g9Nryucog\/viewform?usp=sf_link\">FORMUL\u00c1RIO ONLINE DE AGENDAMENTO DE ESTA\u00c7\u00d5ES DE TRABALHO OFFLINE (Clique aqui)<\/a><\/span><\/p>\n<p>5. O preenchimento da solicita\u00e7\u00e3o n\u00e3o garante a data. Seu pedido ser\u00e1 verificado e, se tudo estiver correto, voc\u00ea receber\u00e1 um e.mail de confirma\u00e7\u00e3o.<\/p>\n<p>6. As l\u00e2minas devem ser previamente\u00a0limpas\u00a0e\u00a0pr\u00e9\u00ad-analisadas\u00a0pelo usu\u00e1rio.<\/p>\n<p>7. Existe\u00a0um\u00a0custo\u00a0de\u00a0manuten\u00e7\u00e3o\u00a0do\u00a0equipamento.\u00a0Por ser multiusu\u00e1rio, esse custo, quando necess\u00e1rio,\u00a0deve\u00a0ser\u00a0compartilhado\u00a0com todos os usu\u00e1rios.<\/p>\n<p>8. Se o usu\u00e1rio agendado n\u00e3o puder comparecer, \u00e9 obriga\u00e7\u00e3o avisar com anteced\u00eancia, para permitir que o equipamento possa ser utilizado por outra pessoa. Faltas n\u00e3o justificadas implicam penalidades, como suspens\u00e3o e perda de hor\u00e1rios agendados.<\/p>\n<p>9. Se o usu\u00e1rio n\u00e3o souber ou estiver inseguro quanto ao uso de qualquer equipamento, este deve pedir aux\u00edlio ou treinamento adequado aos t\u00e9cnicos do laborat\u00f3rio.<\/p>\n<p>10. O uso incorreto dos equipamentos, que cause algum dano ao mesmo e que possa prejudicar outros usu\u00e1rios, constitui falta grave, sujeita a advert\u00eancia, suspens\u00f5es e san\u00e7\u00f5es.<\/p>\n<p>&nbsp;<\/p>\n<p>Acesse o <strong>CTAF<\/strong> no portal <strong>PNIPE-MCTI<\/strong> pelo link &#8211;&gt;\u00a0<a href=\"https:\/\/pnipe.mcti.gov.br\/laboratory\/8776\">https:\/\/pnipe.mctic.gov.br\/laboratory\/8776<\/a><\/p>\n<p>&nbsp;<\/p>\n<p>&nbsp;<\/p>\n","protected":false},"excerpt":{"rendered":"<p>PROCEDIMENTO PARA O AGENDAMENTO &nbsp; Os passos para o agendamento s\u00e3o os seguintes: &nbsp; 1.\u00a0Todos os usu\u00e1rios dever\u00e3o preencher o formul\u00e1rio de cadastro. CADASTRO DE USU\u00c1RIOS (Clique aqui) CADASTRO\u00a0DE DOCENTES \/ ORIENTADORES (Clique aqui) 2.\u00a0Seu orientador receber\u00e1 um e-mail avisando e solicitando autoriza\u00e7\u00e3o para uso do CTAF. 3. Ap\u00f3s autoriza\u00e7\u00e3o do seu orientador, consulte a [&hellip;]<\/p>\n","protected":false},"author":6,"featured_media":0,"parent":0,"menu_order":0,"comment_status":"closed","ping_status":"closed","template":"","meta":{"_acf_changed":false,"_monsterinsights_skip_tracking":false,"_monsterinsights_sitenote_active":false,"_monsterinsights_sitenote_note":"","_monsterinsights_sitenote_category":0,"footnotes":""},"class_list":["post-418","page","type-page","status-publish","hentry"],"acf":[],"_links":{"self":[{"href":"https:\/\/bio.ufpr.br\/ctaf\/wp-json\/wp\/v2\/pages\/418","targetHints":{"allow":["GET"]}}],"collection":[{"href":"https:\/\/bio.ufpr.br\/ctaf\/wp-json\/wp\/v2\/pages"}],"about":[{"href":"https:\/\/bio.ufpr.br\/ctaf\/wp-json\/wp\/v2\/types\/page"}],"author":[{"embeddable":true,"href":"https:\/\/bio.ufpr.br\/ctaf\/wp-json\/wp\/v2\/users\/6"}],"replies":[{"embeddable":true,"href":"https:\/\/bio.ufpr.br\/ctaf\/wp-json\/wp\/v2\/comments?post=418"}],"version-history":[{"count":46,"href":"https:\/\/bio.ufpr.br\/ctaf\/wp-json\/wp\/v2\/pages\/418\/revisions"}],"predecessor-version":[{"id":1678,"href":"https:\/\/bio.ufpr.br\/ctaf\/wp-json\/wp\/v2\/pages\/418\/revisions\/1678"}],"wp:attachment":[{"href":"https:\/\/bio.ufpr.br\/ctaf\/wp-json\/wp\/v2\/media?parent=418"}],"curies":[{"name":"wp","href":"https:\/\/api.w.org\/{rel}","templated":true}]}}