{"id":601,"date":"2020-04-29T15:22:18","date_gmt":"2020-04-29T15:22:18","guid":{"rendered":"https:\/\/bio.ufpr.br\/ctaf\/?page_id=601"},"modified":"2024-06-18T17:56:04","modified_gmt":"2024-06-18T17:56:04","slug":"microscopio-bx51-olympus","status":"publish","type":"page","link":"https:\/\/bio.ufpr.br\/ctaf\/microscopio-bx51-olympus\/","title":{"rendered":"Olympus BX51 &#8211; Microsc\u00f3pio"},"content":{"rendered":"<div id=\"attachment_606\" style=\"width: 310px\" class=\"wp-caption aligncenter\"><img loading=\"lazy\" decoding=\"async\" aria-describedby=\"caption-attachment-606\" class=\"size-medium wp-image-606\" src=\"https:\/\/bio.ufpr.br\/ctaf\/wp-content\/uploads\/sites\/47\/2020\/04\/DSC_4489-300x199.jpg\" alt=\"Foto: ASPEC-UFPR\" width=\"300\" height=\"199\" srcset=\"https:\/\/bio.ufpr.br\/ctaf\/wp-content\/uploads\/sites\/47\/2020\/04\/DSC_4489-300x199.jpg 300w, https:\/\/bio.ufpr.br\/ctaf\/wp-content\/uploads\/sites\/47\/2020\/04\/DSC_4489-768x509.jpg 768w, https:\/\/bio.ufpr.br\/ctaf\/wp-content\/uploads\/sites\/47\/2020\/04\/DSC_4489-1024x678.jpg 1024w\" sizes=\"auto, (max-width: 300px) 100vw, 300px\" \/><p id=\"caption-attachment-606\" class=\"wp-caption-text\">Foto: ASPEC-UFPR<\/p><\/div>\n<p>Ao solicitar o Olympus BX51, o usu\u00e1rio \u00e9 treinado no <strong>CTAF<\/strong> e fica respons\u00e1vel por <strong>usar sozinho<\/strong> o microsc\u00f3pio e o computador, sempre com apoio t\u00e9cnico, mas com total <strong>autonomia.<\/strong><\/p>\n<p>O\u00a0microsc\u00f3pio Olympus BX51 (<span class=\"il\">Olympus<\/span>\u00a0System Microscopes)\u00a0possui estrutura vertical e permite a visualiza\u00e7\u00e3o e captura de imagens tanto em campo-claro como em fluoresc\u00eancia.\u00a0O porta-objetivas do microsc\u00f3pio e os componentes de luz transmitida (condensador, diafragma de campo, filtros, etc.) s\u00e3o integrados \u00e0 estrutura principal, enquanto os componentes de fluoresc\u00eancia est\u00e3o alojados no iluminador vertical.<\/p>\n<p>Objetivas de 2X, 4X, 10X, 20X, 40X e 100X. Oculares de 10X. Objetiva de imers\u00e3o em \u00f3leo de 100X.<\/p>\n<p>Optovar 1, 1.25, 1.6 e 2. Contraste de fase 0, Ph1, Ph2, Ph3 e DF.<\/p>\n<p>O porta cubos\u00a0de 6 posi\u00e7\u00f5es abriga os seguintes filtros:<\/p>\n<p>1 &#8211; Filtro triplo tipo U\/B\/G:\u00a0UV\/D\/F\/TR C130281<\/p>\n<p>2 &#8211; Filtro para Dapi e semelhantes: U-MWU2-OLYMPUS 330\/85 (400-420)<\/p>\n<p>3 &#8211; Filtro para FITC e semelhantes: U-MWB2-OLYMPUS 460\/90 (520&#8230;)<\/p>\n<p>4 &#8211; Filtro para RFP e semelhantes: U-MWG2-OLYMPUS 510\/50 (590)<\/p>\n<p>5 &#8211; Filtro para TXRED e semelhantes:\u00a0U-N31004 TR\/CY3.5 C130502 CHROMA 560\/40 (630\/60)<\/p>\n<p>6 &#8211; Espa\u00e7o vazio para microscopia de campo-claro: Bright Field Microscopy<\/p>\n<p>Possui a c\u00e2mera Olympus modelo DP72:<\/p>\n<ul>\n<li>\u00a0Resolu\u00e7\u00e3o de 12,8 megapixels (at\u00e9 4140 x 3096)<\/li>\n<li>Com filtros de cores prim\u00e1rias RGB, os sinais CCD s\u00e3o convertidos em formato digital de 12 bits para processamento de imagem de alta qualidade, permitindo assim a reprodu\u00e7\u00e3o fiel das cores.<\/li>\n<li>\n<div class=\"FFpbKc\">\n<div class=\"ZTPlmc\"><span class=\"VIiyi\" lang=\"pt\"><span class=\"JLqJ4b ChMk0b\">A alta sensibilidade equivalente a ISO1600,\u00a0<\/span><span class=\"JLqJ4b ChMk0b\">permite que o CCD capture claramente at\u00e9 mesmo a luz fraca, como observa\u00e7\u00e3o de campo escuro ou luz de fluoresc\u00eancia.<\/span><\/span><\/div>\n<\/div>\n<\/li>\n<\/ul>\n<p>O\u00a0software de captura \u00e9 o Cell^F (2008,\u00a0<span class=\"il\">Olympus<\/span>\u00a0Soft Imaging Solutions GmbH)<\/p>\n<p>Interessado em utilizar este equipamento?<\/p>\n<p>Saiba como em:\u00a0<a href=\"https:\/\/bio.ufpr.br\/ctaf\/agendamento\/\">Agendamento<\/a><\/p>\n<p>Confira a disponibilidade de uso em:\u00a0<a href=\"https:\/\/bio.ufpr.br\/ctaf\/agenda\/\">Agenda<\/a><\/p>\n<p>Ou entre em contato conosco:\u00a0<a href=\"https:\/\/bio.ufpr.br\/ctaf\/contato\/\">Contato<\/a><\/p>\n<p><img loading=\"lazy\" decoding=\"async\" class=\"aligncenter size-medium wp-image-1093\" src=\"https:\/\/bio.ufpr.br\/ctaf\/wp-content\/uploads\/sites\/47\/2023\/06\/bx51-1-225x300.jpg\" alt=\"bx51 (1)\" width=\"225\" height=\"300\" srcset=\"https:\/\/bio.ufpr.br\/ctaf\/wp-content\/uploads\/sites\/47\/2023\/06\/bx51-1-225x300.jpg 225w, https:\/\/bio.ufpr.br\/ctaf\/wp-content\/uploads\/sites\/47\/2023\/06\/bx51-1-768x1024.jpg 768w\" sizes=\"auto, (max-width: 225px) 100vw, 225px\" \/>\u00a0<img loading=\"lazy\" decoding=\"async\" class=\"aligncenter size-medium wp-image-1094\" src=\"https:\/\/bio.ufpr.br\/ctaf\/wp-content\/uploads\/sites\/47\/2023\/06\/bx51-4-225x300.jpg\" alt=\"bx51 (4)\" width=\"225\" height=\"300\" srcset=\"https:\/\/bio.ufpr.br\/ctaf\/wp-content\/uploads\/sites\/47\/2023\/06\/bx51-4-225x300.jpg 225w, https:\/\/bio.ufpr.br\/ctaf\/wp-content\/uploads\/sites\/47\/2023\/06\/bx51-4-768x1024.jpg 768w\" sizes=\"auto, (max-width: 225px) 100vw, 225px\" \/>\u00a0<img loading=\"lazy\" decoding=\"async\" class=\"aligncenter size-medium wp-image-1095\" src=\"https:\/\/bio.ufpr.br\/ctaf\/wp-content\/uploads\/sites\/47\/2023\/06\/BX51-7-225x300.jpg\" alt=\"BX51 (7)\" width=\"225\" height=\"300\" srcset=\"https:\/\/bio.ufpr.br\/ctaf\/wp-content\/uploads\/sites\/47\/2023\/06\/BX51-7-225x300.jpg 225w, https:\/\/bio.ufpr.br\/ctaf\/wp-content\/uploads\/sites\/47\/2023\/06\/BX51-7-768x1024.jpg 768w\" sizes=\"auto, (max-width: 225px) 100vw, 225px\" \/>\u00a0<img loading=\"lazy\" decoding=\"async\" class=\"aligncenter size-medium wp-image-1092\" src=\"https:\/\/bio.ufpr.br\/ctaf\/wp-content\/uploads\/sites\/47\/2023\/06\/BX51-8-300x225.jpg\" alt=\"BX51 (8)\" width=\"300\" height=\"225\" srcset=\"https:\/\/bio.ufpr.br\/ctaf\/wp-content\/uploads\/sites\/47\/2023\/06\/BX51-8-300x225.jpg 300w, https:\/\/bio.ufpr.br\/ctaf\/wp-content\/uploads\/sites\/47\/2023\/06\/BX51-8-768x576.jpg 768w, https:\/\/bio.ufpr.br\/ctaf\/wp-content\/uploads\/sites\/47\/2023\/06\/BX51-8-1024x768.jpg 1024w\" sizes=\"auto, (max-width: 300px) 100vw, 300px\" \/><\/p>\n","protected":false},"excerpt":{"rendered":"<p>Ao solicitar o Olympus BX51, o usu\u00e1rio \u00e9 treinado no CTAF e fica respons\u00e1vel por usar sozinho o microsc\u00f3pio e o computador, sempre com apoio t\u00e9cnico, mas com total autonomia. O\u00a0microsc\u00f3pio Olympus BX51 (Olympus\u00a0System Microscopes)\u00a0possui estrutura vertical e permite a visualiza\u00e7\u00e3o e captura de imagens tanto em campo-claro como em fluoresc\u00eancia.\u00a0O porta-objetivas do microsc\u00f3pio e [&hellip;]<\/p>\n","protected":false},"author":1998,"featured_media":0,"parent":0,"menu_order":0,"comment_status":"closed","ping_status":"closed","template":"","meta":{"_acf_changed":false,"_monsterinsights_skip_tracking":false,"_monsterinsights_sitenote_active":false,"_monsterinsights_sitenote_note":"","_monsterinsights_sitenote_category":0,"footnotes":""},"class_list":["post-601","page","type-page","status-publish","hentry"],"acf":[],"_links":{"self":[{"href":"https:\/\/bio.ufpr.br\/ctaf\/wp-json\/wp\/v2\/pages\/601","targetHints":{"allow":["GET"]}}],"collection":[{"href":"https:\/\/bio.ufpr.br\/ctaf\/wp-json\/wp\/v2\/pages"}],"about":[{"href":"https:\/\/bio.ufpr.br\/ctaf\/wp-json\/wp\/v2\/types\/page"}],"author":[{"embeddable":true,"href":"https:\/\/bio.ufpr.br\/ctaf\/wp-json\/wp\/v2\/users\/1998"}],"replies":[{"embeddable":true,"href":"https:\/\/bio.ufpr.br\/ctaf\/wp-json\/wp\/v2\/comments?post=601"}],"version-history":[{"count":11,"href":"https:\/\/bio.ufpr.br\/ctaf\/wp-json\/wp\/v2\/pages\/601\/revisions"}],"predecessor-version":[{"id":1519,"href":"https:\/\/bio.ufpr.br\/ctaf\/wp-json\/wp\/v2\/pages\/601\/revisions\/1519"}],"wp:attachment":[{"href":"https:\/\/bio.ufpr.br\/ctaf\/wp-json\/wp\/v2\/media?parent=601"}],"curies":[{"name":"wp","href":"https:\/\/api.w.org\/{rel}","templated":true}]}}