{"id":727,"date":"2020-10-09T11:29:19","date_gmt":"2020-10-09T11:29:19","guid":{"rendered":"https:\/\/bio.ufpr.br\/ctaf\/?page_id=727"},"modified":"2025-06-09T12:40:04","modified_gmt":"2025-06-09T12:40:04","slug":"cadastro-de-docentesorientadores","status":"publish","type":"page","link":"https:\/\/bio.ufpr.br\/ctaf\/cadastro-de-docentesorientadores\/","title":{"rendered":"Cadastro de Docentes \/ Orientadores"},"content":{"rendered":"<p>O <strong>CTAF<\/strong> \u00e9 um laborat\u00f3rio de microscopia e citometria multiusu\u00e1rio, dispon\u00edvel a toda comunidade da UFPR e Institui\u00e7\u00f5es de ensino que promovam educa\u00e7\u00e3o,\u00a0pesquisa e extens\u00e3o.<\/p>\n<p style=\"text-align: justify\">Para que os <span style=\"text-decoration: underline\">discentes<\/span> tenham acesso aos equipamentos, eles precisam\u00a0ter v\u00ednculo com algum <span style=\"text-decoration: underline\">projeto de pesquisa<\/span> e um <span style=\"text-decoration: underline\">orientador.<\/span><\/p>\n<p>Para facilitar o contato, a comunica\u00e7\u00e3o e permitir o acesso dos\u00a0alunos aos recursos do <strong>CTAF,<\/strong> criamos um formul\u00e1rio de cadastro digital.<\/p>\n<p>Preenchendo o cadastro, o\u00a0professor se responsabiliza e autoriza seus orientados a utilizar o <strong>CTAF,<\/strong>\u00a0al\u00e9m de se comprometer em acompanhar suas atividades em nosso laborat\u00f3rio.<\/p>\n<p>Cadastre-se no link abaixo:<\/p>\n<p><a href=\"https:\/\/docs.google.com\/forms\/d\/e\/1FAIpQLSf5ToJHuKBPThzlDKEfGIvifpZ7L3ghFh8FgcSrI7etV3XkGA\/viewform?usp=sf_link\">Cadastro de Docente e Orientadores<\/a><\/p>\n","protected":false},"excerpt":{"rendered":"<p>O CTAF \u00e9 um laborat\u00f3rio de microscopia e citometria multiusu\u00e1rio, dispon\u00edvel a toda comunidade da UFPR e Institui\u00e7\u00f5es de ensino que promovam educa\u00e7\u00e3o,\u00a0pesquisa e extens\u00e3o. Para que os discentes tenham acesso aos equipamentos, eles precisam\u00a0ter v\u00ednculo com algum projeto de pesquisa e um orientador. Para facilitar o contato, a comunica\u00e7\u00e3o e permitir o acesso dos\u00a0alunos [&hellip;]<\/p>\n","protected":false},"author":6,"featured_media":0,"parent":0,"menu_order":0,"comment_status":"closed","ping_status":"closed","template":"","meta":{"_acf_changed":false,"_monsterinsights_skip_tracking":false,"_monsterinsights_sitenote_active":false,"_monsterinsights_sitenote_note":"","_monsterinsights_sitenote_category":0,"footnotes":""},"class_list":["post-727","page","type-page","status-publish","hentry"],"acf":[],"_links":{"self":[{"href":"https:\/\/bio.ufpr.br\/ctaf\/wp-json\/wp\/v2\/pages\/727","targetHints":{"allow":["GET"]}}],"collection":[{"href":"https:\/\/bio.ufpr.br\/ctaf\/wp-json\/wp\/v2\/pages"}],"about":[{"href":"https:\/\/bio.ufpr.br\/ctaf\/wp-json\/wp\/v2\/types\/page"}],"author":[{"embeddable":true,"href":"https:\/\/bio.ufpr.br\/ctaf\/wp-json\/wp\/v2\/users\/6"}],"replies":[{"embeddable":true,"href":"https:\/\/bio.ufpr.br\/ctaf\/wp-json\/wp\/v2\/comments?post=727"}],"version-history":[{"count":11,"href":"https:\/\/bio.ufpr.br\/ctaf\/wp-json\/wp\/v2\/pages\/727\/revisions"}],"predecessor-version":[{"id":1555,"href":"https:\/\/bio.ufpr.br\/ctaf\/wp-json\/wp\/v2\/pages\/727\/revisions\/1555"}],"wp:attachment":[{"href":"https:\/\/bio.ufpr.br\/ctaf\/wp-json\/wp\/v2\/media?parent=727"}],"curies":[{"name":"wp","href":"https:\/\/api.w.org\/{rel}","templated":true}]}}