{"id":251,"date":"2019-07-12T12:49:23","date_gmt":"2019-07-12T12:49:23","guid":{"rendered":"https:\/\/bio.ufpr.br\/educacaofisica\/?page_id=251"},"modified":"2023-03-10T16:21:41","modified_gmt":"2023-03-10T16:21:41","slug":"departamento","status":"publish","type":"page","link":"https:\/\/bio.ufpr.br\/educacaofisica\/departamento\/","title":{"rendered":"Departamento de Educa\u00e7\u00e3o F\u00edsica"},"content":{"rendered":"<p><strong>PLANEJAMENTO ESTRAT\u00c9GICO DO DEDFIS 2020-2022<\/strong><\/p>\n<p>Na \u00faltima quarta-feira (15\/07), o Plen\u00e1rio do Departamento de Educa\u00e7\u00e3o F\u00edsica\/DEDFIS (reunido em sess\u00e3o espec\u00edfica para esse fim), aprovou por unanimidade entre os presentes o Planejamento Estrat\u00e9gico da Unidade para os pr\u00f3ximos dois anos.<\/p>\n<p>O documento, elaborado pela Chefia do Departamento, conta com quatro eixos estruturantes: ensino, pesquisa, extens\u00e3o e administra\u00e7\u00e3o. Cada um desses eixos, possui uma s\u00e9rie de diretrizes, indicadores e a\u00e7\u00f5es vinculadas.<\/p>\n<p>O professor Julimar Luiz Pereira, Chefe do Departamento, ao apresentar o documento ao plen\u00e1rio refor\u00e7ou a amplitude de abrang\u00eancia que o Planejamento possui e necess\u00e1ria a consecu\u00e7\u00e3o das diferentes a\u00e7\u00f5es realizadas pelos integrantes da comunidade do DEDFIS. Al\u00e9m disso, destacou a import\u00e2ncia de aumentarmos a visibilidade das atividades desenvolvidas na Unidade.<\/p>\n<p>Acesse o documento para conhecer mais detalhes.<\/p>\n<p><a href=\"https:\/\/bio.ufpr.br\/educacaofisica\/wp-content\/uploads\/sites\/50\/2019\/07\/Diretrizes-Planejamento-Estrategico.pdf\">Diretrizes Planejamento Estrategico<\/a>\u00a0&#8211; 2023-2024.<\/p>\n","protected":false},"excerpt":{"rendered":"<p>PLANEJAMENTO ESTRAT\u00c9GICO DO DEDFIS 2020-2022 Na \u00faltima quarta-feira (15\/07), o Plen\u00e1rio do Departamento de Educa\u00e7\u00e3o F\u00edsica\/DEDFIS (reunido em sess\u00e3o espec\u00edfica para esse fim), aprovou por unanimidade entre os presentes o Planejamento Estrat\u00e9gico da Unidade para os pr\u00f3ximos dois anos. O documento, elaborado pela Chefia do Departamento, conta com quatro eixos estruturantes: ensino, pesquisa, extens\u00e3o e [&hellip;]<\/p>\n","protected":false},"author":6,"featured_media":0,"parent":0,"menu_order":0,"comment_status":"closed","ping_status":"closed","template":"","meta":{"_acf_changed":false,"_monsterinsights_skip_tracking":false,"_monsterinsights_sitenote_active":false,"_monsterinsights_sitenote_note":"","_monsterinsights_sitenote_category":0,"footnotes":""},"class_list":["post-251","page","type-page","status-publish","hentry"],"acf":[],"_links":{"self":[{"href":"https:\/\/bio.ufpr.br\/educacaofisica\/wp-json\/wp\/v2\/pages\/251","targetHints":{"allow":["GET"]}}],"collection":[{"href":"https:\/\/bio.ufpr.br\/educacaofisica\/wp-json\/wp\/v2\/pages"}],"about":[{"href":"https:\/\/bio.ufpr.br\/educacaofisica\/wp-json\/wp\/v2\/types\/page"}],"author":[{"embeddable":true,"href":"https:\/\/bio.ufpr.br\/educacaofisica\/wp-json\/wp\/v2\/users\/6"}],"replies":[{"embeddable":true,"href":"https:\/\/bio.ufpr.br\/educacaofisica\/wp-json\/wp\/v2\/comments?post=251"}],"version-history":[{"count":8,"href":"https:\/\/bio.ufpr.br\/educacaofisica\/wp-json\/wp\/v2\/pages\/251\/revisions"}],"predecessor-version":[{"id":1252,"href":"https:\/\/bio.ufpr.br\/educacaofisica\/wp-json\/wp\/v2\/pages\/251\/revisions\/1252"}],"wp:attachment":[{"href":"https:\/\/bio.ufpr.br\/educacaofisica\/wp-json\/wp\/v2\/media?parent=251"}],"curies":[{"name":"wp","href":"https:\/\/api.w.org\/{rel}","templated":true}]}}