{"id":160,"date":"2014-09-22T17:07:58","date_gmt":"2014-09-22T17:07:58","guid":{"rendered":"https:\/\/bio.ufpr.br\/fisioterapia\/?page_id=160"},"modified":"2025-03-27T15:09:34","modified_gmt":"2025-03-27T15:09:34","slug":"atividades-formativas-complementares","status":"publish","type":"page","link":"https:\/\/bio.ufpr.br\/fisioterapia\/atividades-formativas-complementares\/","title":{"rendered":"Atividades Formativas Complementares"},"content":{"rendered":"<p><a href=\"https:\/\/engprod.ufpr.br\/wp-content\/uploads\/2023\/02\/resolucao-no-70-04-cepe-1.pdf\">Resolu\u00e7\u00e3o Geral sobre Atividades Formativas Complementares<\/a> &#8211; Resolu\u00e7\u00e3o 70\/04-CEPE<\/p>\r\n<p>&nbsp;<\/p>\r\n<p><strong>REGULAMENTOS DO CURSO DE FISIOTERAPIA E FORMUL\u00c1RIO DE PREENCHIMENTO* DAS AFC**:<\/strong><\/p>\r\n<p><strong><a href=\"https:\/\/bio.ufpr.br\/fisioterapia\/wp-content\/uploads\/sites\/20\/2018\/06\/Atividades-Formativas-Complementares-modificado-em-26-06-16.pdf\">Regulamento das Atividades Formativas Complementares<\/a>\u00a0curr\u00edculo 2017<\/strong><\/p>\r\n<p><a href=\"https:\/\/bio.ufpr.br\/fisioterapia\/wp-content\/uploads\/sites\/20\/2018\/06\/Fomul\u00e1rio-de-atividades-Formativas-Complementares-corrigido-29-06-18.doc\">ANEXO II \u2013 Formul\u00e1rio de Valida\u00e7\u00e3o das Atividades Formativas Complementares<\/a>\u00a0curr\u00edculo 2017<\/p>\r\n<p><a href=\"https:\/\/bio.ufpr.br\/fisioterapia\/wp-content\/uploads\/sites\/20\/2021\/07\/Regulamento-de-atividades-formativas-complementares-corrigido.pdf\">Regulamento das Atividades Formativas Complementares Curr\u00edculo 2019<\/a><\/p>\r\n\r\n<p><a href=\"https:\/\/bio.ufpr.br\/fisioterapia\/wp-content\/uploads\/sites\/20\/2024\/05\/ANEXO-II-Formulario-de-Validacao-das-Atividades-Formativas-Complementares-Curriculo-2019.docx\">ANEXO II &#8211; Formul\u00e1rio de Valida\u00e7\u00e3o de Atividades Formativas Complementares<\/a> curr\u00edculo 2019<\/p>\r\n<p>&nbsp;<\/p>\r\n<p>* O formul\u00e1rio preenchido deve ser entregue para avalia\u00e7\u00e3o do docente respons\u00e1vel pela disciplina de Projeto de aprendizagem ou TCC junto \u00e0s certifica\u00e7\u00f5es das AFC desenvolvidas para aprova\u00e7\u00e3o das horas e, ap\u00f3s aprova\u00e7\u00e3o pelo docente respons\u00e1vel, os documentos devem ser encaminhados \u00e0 Coordena\u00e7\u00e3o do Curso para homologa\u00e7\u00e3o em Colegiado, seguindo os prazos recomendados em Calend\u00e1rio Acad\u00eamico. Ap\u00f3s homologa\u00e7\u00e3o em Colegiado de Curso, as horas referentes \u00e0s AFC s\u00e3o lan\u00e7adas no sistema SIGA.<\/p>\r\n<p>**AFC &#8211; Atividades Formativas Complementares<\/p>\r\n","protected":false},"excerpt":{"rendered":"<p>Resolu\u00e7\u00e3o Geral sobre Atividades Formativas Complementares &#8211; Resolu\u00e7\u00e3o 70\/04-CEPE &nbsp; REGULAMENTOS DO CURSO DE FISIOTERAPIA E FORMUL\u00c1RIO DE PREENCHIMENTO* DAS AFC**: Regulamento das Atividades Formativas Complementares\u00a0curr\u00edculo 2017 ANEXO II \u2013 Formul\u00e1rio de Valida\u00e7\u00e3o das Atividades Formativas Complementares\u00a0curr\u00edculo 2017 Regulamento das Atividades Formativas Complementares Curr\u00edculo 2019 ANEXO II &#8211; Formul\u00e1rio de Valida\u00e7\u00e3o de Atividades Formativas Complementares [&hellip;]<\/p>\n","protected":false},"author":6,"featured_media":0,"parent":0,"menu_order":0,"comment_status":"open","ping_status":"open","template":"","meta":{"_acf_changed":false,"_monsterinsights_skip_tracking":false,"_monsterinsights_sitenote_active":false,"_monsterinsights_sitenote_note":"","_monsterinsights_sitenote_category":0,"footnotes":""},"class_list":["post-160","page","type-page","status-publish","hentry"],"acf":[],"_links":{"self":[{"href":"https:\/\/bio.ufpr.br\/fisioterapia\/wp-json\/wp\/v2\/pages\/160","targetHints":{"allow":["GET"]}}],"collection":[{"href":"https:\/\/bio.ufpr.br\/fisioterapia\/wp-json\/wp\/v2\/pages"}],"about":[{"href":"https:\/\/bio.ufpr.br\/fisioterapia\/wp-json\/wp\/v2\/types\/page"}],"author":[{"embeddable":true,"href":"https:\/\/bio.ufpr.br\/fisioterapia\/wp-json\/wp\/v2\/users\/6"}],"replies":[{"embeddable":true,"href":"https:\/\/bio.ufpr.br\/fisioterapia\/wp-json\/wp\/v2\/comments?post=160"}],"version-history":[{"count":14,"href":"https:\/\/bio.ufpr.br\/fisioterapia\/wp-json\/wp\/v2\/pages\/160\/revisions"}],"predecessor-version":[{"id":3459,"href":"https:\/\/bio.ufpr.br\/fisioterapia\/wp-json\/wp\/v2\/pages\/160\/revisions\/3459"}],"wp:attachment":[{"href":"https:\/\/bio.ufpr.br\/fisioterapia\/wp-json\/wp\/v2\/media?parent=160"}],"curies":[{"name":"wp","href":"https:\/\/api.w.org\/{rel}","templated":true}]}}