{"id":24,"date":"2014-05-27T12:41:32","date_gmt":"2014-05-27T12:41:32","guid":{"rendered":"https:\/\/bio.ufpr.br\/fisioterapia\/?page_id=24"},"modified":"2024-07-08T12:48:06","modified_gmt":"2024-07-08T12:48:06","slug":"feira-de-profissoes","status":"publish","type":"page","link":"https:\/\/bio.ufpr.br\/fisioterapia\/feira-de-profissoes\/","title":{"rendered":"Feira de Profiss\u00f5es"},"content":{"rendered":"<p><b>Feira de Profiss\u00f5es<\/b><\/p>\n<p>A Feira de Cursos e Profiss\u00f5es UFPR, tamb\u00e9m conhecida como Feira de Profiss\u00f5es, \u00e9 um evento anual com o objetivo de divulgar informa\u00e7\u00f5es sobre os curso de gradua\u00e7\u00e3o e atividades relacionadas oferecidas pela UFPR. Participam do evento acad\u00eamicos, docentes e servidores t\u00e9cnico da universidade. \u00a0O evento \u00e9 gratuito e aberto a todos.<\/p>\n<p><b>EDI\u00c7\u00c3O 2023 \u2013 FEIRA DE CURSO E PROFISS\u00d5ES UFPR<\/b><\/p>\n<p>Em 2023, a feira ocorreu entre os dias 01 e 04 de junho, no complexo da UFPR, em Piraquara (Rodovia Deputado Jo\u00e3o Leopoldo Jacomel, n\u00ba 4015, Piraquara).<\/p>\n<p>Nos dias 01 e 02 de junho de 2023, a visita a Feira\u00a0foi exclusivamente para escolas e institui\u00e7\u00f5es de cunho educacional que desejavam levar seus estudantes, por meio de agendamento pr\u00e9vio. Nos dias 03 e 04 de junho de 2023, a visita\u00e7\u00e3o a feira\u00a0foi aberta \u00e0 toda a comunidade, sem a necessidade de agendamento, sujeito \u00e0 lota\u00e7\u00e3o do espa\u00e7o.\u00a0A visita\u00e7\u00e3o ao evento foi gratuita.<\/p>\n<p>Mais informa\u00e7\u00f5es sobre o evento: <a href=\"https:\/\/www.instagram.com\/ufpr_cursoseprofissoes\/\">Clique aqui<\/a><\/p>\n<p><strong>EDI\u00c7\u00c3O 2024 &#8211; CANCELADA!<\/strong><\/p>\n<p>A Universidade Federal do Paran\u00e1 (UFPR) anuncia o cancelamento da edi\u00e7\u00e3o de 2024 da tradicional \u201cUFPR Cursos e Profiss\u00f5es\u201d. O evento, conhecido por orientar estudantes do ensino m\u00e9dio na escolha de suas carreiras, vinha sendo organizado desde fevereiro deste ano, com a previs\u00e3o de ocorrer entre 6 e 9 de junho.<\/p>\n<p>Com o fim da greve de servidores docentes e t\u00e9cnico-administrativos e a aprova\u00e7\u00e3o de um novo calend\u00e1rio acad\u00eamico pelo Conselho de Ensino e Pesquisa (CEPE), em 25 de junho, a realiza\u00e7\u00e3o da Feira em agosto de 2024 foi considerada invi\u00e1vel. A Administra\u00e7\u00e3o da UFPR avaliou outras datas poss\u00edveis ao longo do segundo semestre letivo, por\u00e9m todas se mostraram comprometidas: com o Edital n\u00ba 109\/2024\/PROGEPE, cuja a prova ser\u00e1 realizada em 4 de agosto, como o t\u00e9rmino das inscri\u00e7\u00f5es para o Processo Seletivo Vestibular da UFPR em 22 de agosto e com o calend\u00e1rio coincidindo com o t\u00e9rmino do primeiro e o in\u00edcio do segundo semestre, em que discentes estar\u00e3o em f\u00e9rias ou em provas finais, dificultando a participa\u00e7\u00e3o tamb\u00e9m dos coordenadores e docentes dos cursos.<\/p>\n<p>Apesar deste inconveniente, a UFPR se compromete a continuar orientando e mantendo atualizada a <a href=\"https:\/\/feiradecursos.ufpr.br\/\">p\u00e1gina oficial da Feira<\/a>, que cont\u00e9m materiais sobre os cursos ofertados, v\u00eddeos explicativos, informa\u00e7\u00f5es sobre os campi, o vestibular, grupos de cultura, bolsas e aux\u00edlios, e o espa\u00e7o de perguntas frequentes. Em 2025, a Feira de Cursos e Profiss\u00f5es ser\u00e1 retomada, oferecendo a melhor orienta\u00e7\u00e3o poss\u00edvel aos futuros calouros da UFPR.<\/p>\n","protected":false},"excerpt":{"rendered":"<p>Feira de Profiss\u00f5es A Feira de Cursos e Profiss\u00f5es UFPR, tamb\u00e9m conhecida como Feira de Profiss\u00f5es, \u00e9 um evento anual com o objetivo de divulgar informa\u00e7\u00f5es sobre os curso de gradua\u00e7\u00e3o e atividades relacionadas oferecidas pela UFPR. Participam do evento acad\u00eamicos, docentes e servidores t\u00e9cnico da universidade. \u00a0O evento \u00e9 gratuito e aberto a todos. [&hellip;]<\/p>\n","protected":false},"author":6,"featured_media":0,"parent":0,"menu_order":0,"comment_status":"open","ping_status":"open","template":"","meta":{"_acf_changed":false,"_monsterinsights_skip_tracking":false,"_monsterinsights_sitenote_active":false,"_monsterinsights_sitenote_note":"","_monsterinsights_sitenote_category":0,"footnotes":""},"class_list":["post-24","page","type-page","status-publish","hentry"],"acf":[],"_links":{"self":[{"href":"https:\/\/bio.ufpr.br\/fisioterapia\/wp-json\/wp\/v2\/pages\/24","targetHints":{"allow":["GET"]}}],"collection":[{"href":"https:\/\/bio.ufpr.br\/fisioterapia\/wp-json\/wp\/v2\/pages"}],"about":[{"href":"https:\/\/bio.ufpr.br\/fisioterapia\/wp-json\/wp\/v2\/types\/page"}],"author":[{"embeddable":true,"href":"https:\/\/bio.ufpr.br\/fisioterapia\/wp-json\/wp\/v2\/users\/6"}],"replies":[{"embeddable":true,"href":"https:\/\/bio.ufpr.br\/fisioterapia\/wp-json\/wp\/v2\/comments?post=24"}],"version-history":[{"count":8,"href":"https:\/\/bio.ufpr.br\/fisioterapia\/wp-json\/wp\/v2\/pages\/24\/revisions"}],"predecessor-version":[{"id":3291,"href":"https:\/\/bio.ufpr.br\/fisioterapia\/wp-json\/wp\/v2\/pages\/24\/revisions\/3291"}],"wp:attachment":[{"href":"https:\/\/bio.ufpr.br\/fisioterapia\/wp-json\/wp\/v2\/media?parent=24"}],"curies":[{"name":"wp","href":"https:\/\/api.w.org\/{rel}","templated":true}]}}