{"id":269,"date":"2015-05-27T12:53:52","date_gmt":"2015-05-27T12:53:52","guid":{"rendered":"https:\/\/bio.ufpr.br\/fisioterapia\/?page_id=269"},"modified":"2025-03-27T15:13:58","modified_gmt":"2025-03-27T15:13:58","slug":"calendario","status":"publish","type":"page","link":"https:\/\/bio.ufpr.br\/fisioterapia\/calendario\/","title":{"rendered":"Calend\u00e1rio"},"content":{"rendered":"<p><strong>Calend\u00e1rio Acad\u00eamico 2025 (VIGENTE)<\/strong>: <a href=\"https:\/\/bio.ufpr.br\/fisioterapia\/wp-content\/uploads\/sites\/20\/2024\/12\/calendario-2025.pdf\">Resolu\u00e7\u00e3o 19\/24 &#8211; CEPE<\/a><\/p>\n<p>Calend\u00e1rio Acad\u00eamico 2024 (ap\u00f3s greve):<strong><a href=\"https:\/\/bio.ufpr.br\/fisioterapia\/wp-content\/uploads\/sites\/20\/2024\/07\/RESOLUCAO_No_11_24_CEPE-NOVO-CALENDARIO.pdf\">Resolu\u00e7\u00e3o n\u00ba 11\/24 &#8211; CEPE<\/a><\/strong><\/p>\n<p>Calend\u00e1rio Acad\u00eamico 2024 (anterior \u00e0 greve docente): <a href=\"http:\/\/www.prograd.ufpr.br\/portal\/wp-content\/uploads\/2023\/12\/RESOLUCAO-No-90-23-CEPE-geral-1.pdf\" target=\"_blank\" rel=\"noopener noreferrer\">Resolu\u00e7\u00e3o n\u00ba 90\/23 \u2013 CEPE<\/a><\/p>\n","protected":false},"excerpt":{"rendered":"<p>Calend\u00e1rio Acad\u00eamico 2025 (VIGENTE): Resolu\u00e7\u00e3o 19\/24 &#8211; CEPE Calend\u00e1rio Acad\u00eamico 2024 (ap\u00f3s greve):Resolu\u00e7\u00e3o n\u00ba 11\/24 &#8211; CEPE Calend\u00e1rio Acad\u00eamico 2024 (anterior \u00e0 greve docente): Resolu\u00e7\u00e3o n\u00ba 90\/23 \u2013 CEPE<\/p>\n","protected":false},"author":6,"featured_media":0,"parent":0,"menu_order":0,"comment_status":"open","ping_status":"open","template":"","meta":{"_acf_changed":false,"_monsterinsights_skip_tracking":false,"_monsterinsights_sitenote_active":false,"_monsterinsights_sitenote_note":"","_monsterinsights_sitenote_category":0,"footnotes":""},"class_list":["post-269","page","type-page","status-publish","hentry"],"acf":[],"_links":{"self":[{"href":"https:\/\/bio.ufpr.br\/fisioterapia\/wp-json\/wp\/v2\/pages\/269","targetHints":{"allow":["GET"]}}],"collection":[{"href":"https:\/\/bio.ufpr.br\/fisioterapia\/wp-json\/wp\/v2\/pages"}],"about":[{"href":"https:\/\/bio.ufpr.br\/fisioterapia\/wp-json\/wp\/v2\/types\/page"}],"author":[{"embeddable":true,"href":"https:\/\/bio.ufpr.br\/fisioterapia\/wp-json\/wp\/v2\/users\/6"}],"replies":[{"embeddable":true,"href":"https:\/\/bio.ufpr.br\/fisioterapia\/wp-json\/wp\/v2\/comments?post=269"}],"version-history":[{"count":33,"href":"https:\/\/bio.ufpr.br\/fisioterapia\/wp-json\/wp\/v2\/pages\/269\/revisions"}],"predecessor-version":[{"id":3460,"href":"https:\/\/bio.ufpr.br\/fisioterapia\/wp-json\/wp\/v2\/pages\/269\/revisions\/3460"}],"wp:attachment":[{"href":"https:\/\/bio.ufpr.br\/fisioterapia\/wp-json\/wp\/v2\/media?parent=269"}],"curies":[{"name":"wp","href":"https:\/\/api.w.org\/{rel}","templated":true}]}}