{"id":284,"date":"2019-06-14T14:48:56","date_gmt":"2019-06-14T14:48:56","guid":{"rendered":"https:\/\/bio.ufpr.br\/genetica\/?page_id=284"},"modified":"2025-12-18T20:03:50","modified_gmt":"2025-12-18T20:03:50","slug":"concursos","status":"publish","type":"page","link":"https:\/\/bio.ufpr.br\/genetica\/concursos\/","title":{"rendered":"concursos"},"content":{"rendered":"<h2>Teste Seletivo para Professor Substituto da Carreira de Magist\u00e9rio Superior \u2013 \u00c1rea de Conhecimento: Gen\u00e9tica Geral \u2013 Departamento de Gen\u00e9tica \u2013 Per\u00edodo de Inscri\u00e7\u00f5es: de 08 a 12 de dezembro de 2025<\/h2>\n<p>Foi publicado em 04 de dezembro de 2025 o\u00a0<strong><a href=\"https:\/\/bio.ufpr.br\/wp-content\/uploads\/2025\/12\/Edital-no-378-2025_PROFESSOR-SUBSTITUTO_MAGISTERIO-SUPERIOR.pdf\" target=\"_blank\" rel=\"noopener\">Edital n\u00ba 378\/2025 \u2013 PROGEPE<\/a><\/strong>, referente \u00e0 processo seletivo destinado ao provimento de 01 (uma) vaga de Professor Substituto da Carreira de Magist\u00e9rio Superior, preferencialmente reservada para pessoas pretas e pardas, com regime de trabalho de 20 (vinte) horas semanais, para o Departamento de Gen\u00e9tica do Setor de Ci\u00eancias Biol\u00f3gicas da Universidade Federal do Paran\u00e1 (UFPR).<strong><br \/>\n<\/strong><\/p>\n<p><strong>\u00c1rea de Conhecimento:\u00a0<\/strong>Gen\u00e9tica Geral<br \/>\n<strong>Mat\u00e9ria Espec\u00edfica:\u00a0<\/strong>Gen\u00e9tica Geral<br \/>\n<strong>Programa de Prova:\u00a0<\/strong>Clique<strong>\u00a0<a href=\"https:\/\/bio.ufpr.br\/wp-content\/uploads\/2025\/12\/Despacho-no-281.2025_PROGRAMA_PROF.-SUBSTITUTO_GENETICA.pdf\" target=\"_blank\" rel=\"noopener\">AQUI<\/a><\/strong><\/p>\n<p><strong>Titula\u00e7\u00e3o exigida:<\/strong><\/p>\n<ul>\n<li><strong>Doutorado<\/strong>\u00a0<span class=\"fontstyle0\">em:\u00a0<\/span><span class=\"fontstyle0\">Gen\u00e9tica;\u00a0<\/span><span class=\"fontstyle0\">Gen\u00e9tica e\u00a0<\/span><span class=\"fontstyle0\">Biologia\u00a0<\/span><span class=\"fontstyle0\">Molecular;\u00a0<\/span><span class=\"fontstyle0\">Biologia Celular;\u00a0<\/span><span class=\"fontstyle0\">Ci\u00eancias\u00a0<\/span><span class=\"fontstyle0\">Biol\u00f3gicas\u00a0<\/span><span class=\"fontstyle0\">(Gen\u00e9tica);\u00a0<\/span><span class=\"fontstyle0\">Bioinform\u00e1tica;\u00a0<\/span><span class=\"fontstyle0\">Ci\u00eancias\u00a0<\/span><span class=\"fontstyle0\">Biol\u00f3gicas\u00a0<\/span><span class=\"fontstyle0\">(Biologia\u00a0<\/span><span class=\"fontstyle0\">Molecular);\u00a0<\/span><span class=\"fontstyle0\">Bioci\u00eancias;\u00a0<\/span><span class=\"fontstyle0\">Biologia\u00a0<\/span><span class=\"fontstyle0\">Molecular e\u00a0<\/span><span class=\"fontstyle0\">Morfofuncional;\u00a0<\/span><span class=\"fontstyle0\">Biodiversidade e\u00a0<\/span><span class=\"fontstyle0\">Biologia\u00a0<\/span><span class=\"fontstyle0\">Evolutiva;\u00a0<\/span><span class=\"fontstyle0\">Biologia E<\/span><span class=\"fontstyle0\">strutural e\u00a0<\/span><span class=\"fontstyle0\">Funcional\u00a0<\/span><span class=\"fontstyle0\">(Gen\u00e9tica) e\u00a0<\/span><span class=\"fontstyle0\">Bioqu\u00edmica,\u00a0<\/span><span class=\"fontstyle0\">obtidos na forma\u00a0<\/span><span class=\"fontstyle0\">da lei.<\/span><\/li>\n<\/ul>\n<p><strong>Per\u00edodo de inscri\u00e7\u00e3o:<\/strong><\/p>\n<ul>\n<li>5 (cinco) dias \u00fateis, a partir do dia \u00fatil subsequente ao dia da publica\u00e7\u00e3o do presente Edital no Di\u00e1rio Oficial da Uni\u00e3o (publicado em ) \u2013\u00a0<strong>de\u00a008 a<\/strong>\u00a0<strong>12<\/strong>\u00a0<strong>de dezembro de 2025\u00a0.<\/strong><\/li>\n<\/ul>\n<p><strong>Hor\u00e1rios para envio da inscri\u00e7\u00e3o:<\/strong><\/p>\n<ul>\n<li>Das\u00a0<strong>0h00 do primeiro dia<\/strong>, com hor\u00e1rio limite para recebimento da solicita\u00e7\u00e3o at\u00e9<strong>\u00a0\u00e0s 12h00 do \u00faltimo dia\u00a0<\/strong>de inscri\u00e7\u00e3o.<\/li>\n<\/ul>\n<p><strong>Forma de envio da inscri\u00e7\u00e3o:<\/strong><\/p>\n<ul>\n<li><strong>Por e-mail:\u00a0<a href=\"mailto:genetica@ufpr.br\" target=\"_blank\" rel=\"noopener\">genetica@ufpr.br<\/a><\/strong><\/li>\n<\/ul>\n<p><strong>Instru\u00e7\u00f5es para inscri\u00e7\u00e3o:<\/strong><\/p>\n<ul>\n<li>O assunto do e-mail deve ser:\u00a0<strong>\u201cInscri\u00e7\u00e3o para o Processo Seletivo \u2013 Gen\u00e9tica Geral\u201d<\/strong>.<\/li>\n<li>A documenta\u00e7\u00e3o deve ser enviada em\u00a0<strong>um \u00fanico arquivo, em formato PDF<\/strong>, ordenada conforme a\u00a0<a href=\"https:\/\/soc.ufpr.br\/wp-content\/uploads\/2016\/12\/Res.-70-16-CEPE-relat%C3%B3rio-da-comiss%C3%A3o-e-proposta-nova-resolu%C3%A7%C3%A3o-apresentando-tabela-de-pontua%C3%A7%C3%A3o-revoga-Res.-10-05-CEPE-alterada-pela-Res-20.18.pdf\"><strong>Resolu\u00e7\u00e3o n\u00ba 70\/16-CEPE<\/strong><\/a>.<\/li>\n<\/ul>\n<p><strong>N\u00famero de vagas:<\/strong><\/p>\n<ul>\n<li>01\u00a0(uma)<\/li>\n<\/ul>\n<p><strong>Etapas do processo seletivo:<\/strong><\/p>\n<ul>\n<li>An\u00e1lise de Curr\u00edculo<\/li>\n<li>Prova Did\u00e1tica<\/li>\n<\/ul>\n<p><strong>Forma de realiza\u00e7\u00e3o:<\/strong><\/p>\n<ul>\n<li><strong>Presencial<\/strong><\/li>\n<\/ul>\n<p><strong>Mais informa\u00e7\u00f5es:<\/strong><\/p>\n<ul>\n<li><a href=\"https:\/\/progepe.ufpr.br\/a\/concursos\/docente\/concursos_publicos\/inscricao_substitutos.html\" target=\"_blank\" rel=\"noopener\">Requerimento de inscri\u00e7\u00e3o<\/a><\/li>\n<li><a href=\"https:\/\/progepe.ufpr.br\/a\/concursos\/docente\/concursos_publicos\/inscricao_substitutos.html\" target=\"_blank\" rel=\"noopener\">Guia de recolhimento de inscri\u00e7\u00e3o<\/a><\/li>\n<li><a href=\"https:\/\/bio.ufpr.br\/wp-content\/uploads\/2025\/12\/Edital-no-378-2025_PROFESSOR-SUBSTITUTO_MAGISTERIO-SUPERIOR.pdf\" target=\"_blank\" rel=\"noopener\">Edital n\u00ba 378\/2025 \u2013 PROGEPE<\/a><\/li>\n<li><a href=\"https:\/\/bio.ufpr.br\/genetica\/wp-content\/uploads\/sites\/39\/2025\/12\/SEI_8468072_Edital_Edital_de_homologacao_das_inscricoes.pdf\">Edital de homologa\u00e7\u00e3o das inscri\u00e7\u00f5es<\/a><\/li>\n<li><a href=\"https:\/\/bio.ufpr.br\/genetica\/wp-content\/uploads\/sites\/39\/2025\/12\/SEI_8469072_Extrato_de_Ata_10.pdf\">Extrato de ata: homologa\u00e7\u00e3o da comiss\u00e3o julgadora<\/a><\/li>\n<li><a href=\"https:\/\/bio.ufpr.br\/genetica\/wp-content\/uploads\/sites\/39\/2025\/12\/SEI_8469523_Ata_de_Reuniao.pdf\">Ata de reuni\u00e3o: instala\u00e7\u00e3o da comiss\u00e3o julgadora e defini\u00e7\u00e3o das datas<\/a><\/li>\n<li><a href=\"https:\/\/bio.ufpr.br\/genetica\/wp-content\/uploads\/sites\/39\/2025\/12\/SEI_8471471_Edital_1.pdf\">EDITAL DE RETIFICA\u00c7\u00c3O DE HOMOLOGA\u00c7\u00c3O DAS INSCRI\u00c7\u00d5ES<\/a><\/li>\n<li><a href=\"https:\/\/bio.ufpr.br\/genetica\/wp-content\/uploads\/sites\/39\/2025\/12\/SEI_8472985_Edital_2.pdf\">EDITAL DE RETIFICA\u00c7\u00c3O DE CRONOGRAMA PROVIS\u00d3RIO<\/a><\/li>\n<li><a href=\"https:\/\/bio.ufpr.br\/genetica\/wp-content\/uploads\/sites\/39\/2025\/12\/SEI_8480648_Edital_3.pdf\">EDITAL 3\/2025 &#8211; RESULTADO DO JULGAMENTO DE T\u00cdTULOS<\/a><\/li>\n<li><a href=\"https:\/\/bio.ufpr.br\/genetica\/wp-content\/uploads\/sites\/39\/2025\/12\/SEI_8480675_Edital_4.pdf\">EDITAL 04\/2025 &#8211; RELA\u00c7\u00c3O DAS PESSOAS CANDIDATAS COM A DATA E OS HOR\u00c1RIOS DE SORTEIO DE PONTOS PARA A PROVA DID\u00c1TICA, E DATAS E HOR\u00c1RIOS DA PROVA DID\u00c1TICA<\/a><\/li>\n<li><a href=\"https:\/\/bio.ufpr.br\/genetica\/wp-content\/uploads\/sites\/39\/2025\/12\/SEI_8480702_Edital_5.pdf\">EDITAL 5\/2025 &#8211; LISTA DE PONTOS E CRIT\u00c9RIOS DE AVALIA\u00c7\u00c3O PARA A PROVA DID\u00c1TICA<\/a><\/li>\n<li><a href=\"https:\/\/bio.ufpr.br\/genetica\/wp-content\/uploads\/sites\/39\/2025\/12\/SEI_8485414_Ata_de_Reuniao.pdf\">ATA N\u00ba 4 REFERENTE A REALIZA\u00c7\u00c3O DA PROVA DID\u00c1TICA<\/a><\/li>\n<li><a href=\"https:\/\/bio.ufpr.br\/genetica\/wp-content\/uploads\/sites\/39\/2025\/12\/SEI_8485420_Edital_8.pdf\">EDITAL 8\/2025 &#8211; RELA\u00c7\u00c3O DE NOTAS DAS PESSOAS CANDIDATAS NA PROVA DID\u00c1TICA<\/a><\/li>\n<li><a href=\"https:\/\/bio.ufpr.br\/genetica\/wp-content\/uploads\/sites\/39\/2025\/12\/SEI_8485470_Edital_9.pdf\">EDITAL 9\/2025 &#8211; CLASSIFICA\u00c7\u00c3O FINAL DOS CANDIDATOS<\/a><\/li>\n<\/ul>\n<p>&nbsp;<\/p>\n<hr \/>\n<h3>Concursos encerrados<\/h3>\n<hr \/>\n<h3>SELE\u00c7\u00c3O DE PROFESSOR SUBSTITUTO DA CARREIRA DE MAGIST\u00c9RIO SUPERIOR<\/h3>\n<p>Edital n\u00ba 377\/2023<\/p>\n<p>O Pr\u00f3-Reitor de Gest\u00e3o de Pessoas, da Universidade Federal do Paran\u00e1, no uso de suas atribui\u00e7\u00f5es, e por delega\u00e7\u00e3o de compet\u00eancia do Magn\u00edfico Reitor da Universidade Federal do Paran\u00e1, conforme Portaria n\u00ba 2.590 de 26\/09\/97, torna p\u00fablico que estar\u00e3o abertas as inscri\u00e7\u00f5es para a sele\u00e7\u00e3o de PROFESSOR SUBSTITUTO DA CARREIRA DE MAGIST\u00c9RIO SUPERIOR.<\/p>\n<p>\u00c1REA DE CONHECIMENTO: Gen\u00e9tica e Evolu\u00e7\u00e3o<\/p>\n<p>Uma vaga, 40 horas semanais.<\/p>\n<p>Tipo de provas: An\u00e1lise de Curr\u00edculo e Prova Did\u00e1tica. Sendo a prova did\u00e1tica realizada de forma <b>presencial<\/b>.<\/p>\n<p><strong>Inscri\u00e7\u00f5es<\/strong> de 04 a 08 de dezembro.<\/p>\n<p>Solicita\u00e7\u00e3o de isen\u00e7\u00e3o de taxa conforme Edital, at\u00e9 dia 05\/12<\/p>\n<p>Solicita\u00e7\u00e3o de isen\u00e7\u00e3o de inscri\u00e7\u00e3o por participa\u00e7\u00e3o no REDOME tem que ser via cadastro \u00fanico da PROGEPE e encaminhar at\u00e9 05\/12.<\/p>\n<p>As informa\u00e7\u00f5es completas est\u00e3o no <a href=\"https:\/\/bio.ufpr.br\/genetica\/wp-content\/uploads\/sites\/39\/2023\/11\/SEI_6227565_Edital_377.pdf\">Edital 377<\/a>.<\/p>\n<p><strong>Programa<\/strong>:<br \/>\n1 \u2013 Heran\u00e7a Mendeliana;<br \/>\n2 \u2013 Extens\u00f5es do mendelismo;<br \/>\n3 \u2013 Estrutura e replica\u00e7\u00e3o do material gen\u00e9tico;<br \/>\n4 \u2013 Transcri\u00e7\u00e3o e tradu\u00e7\u00e3o do material gen\u00e9tico;<br \/>\n5 &#8211; Ferramentas e aplica\u00e7\u00f5es da gen\u00e9tica molecular;<br \/>\n6 \u2013 Fen\u00f3tipos multifatoriais e suas bases gen\u00e9ticas;<br \/>\n7 \u2013 Regula\u00e7\u00e3o da express\u00e3o g\u00eanica procari\u00f3tica;<br \/>\n8 \u2013 Regula\u00e7\u00e3o da express\u00e3o g\u00eanica eucari\u00f3tica (inclusive mecanismos<br \/>\nepigen\u00e9ticos e compensa\u00e7\u00e3o de dose);<br \/>\n9 \u2013 Gen\u00e9tica de popula\u00e7\u00f5es (fatores evolutivos, Equil\u00edbrio de Hardy-Weinberg);<br \/>\n10 \u2013 Especia\u00e7\u00e3o;<br \/>\n11 \u2013 Muta\u00e7\u00f5es (cromoss\u00f4micas e pontuais);<br \/>\n12 \u2013 Evolu\u00e7\u00e3o molecular (neutralidade seletiva, evolu\u00e7\u00e3o por duplica\u00e7\u00e3o,<br \/>\nrel\u00f3gio molecular, filogenias moleculares).<\/p>\n<p>&nbsp;<\/p>\n<hr \/>\n<p>Concurso P\u00fablico para professor da Carreira do Magist\u00e9rio Superior vinculado ao Departamento de Gen\u00e9tica do Setor de Ci\u00eancias Biol\u00f3gicas da Universidade Federal do Paran\u00e1, na classe A de Professor Adjunto A, \u00e1rea de conhecimento: \u201cGen\u00e9tica e Evolu\u00e7\u00e3o\u201d, para regime de trabalho de Dedica\u00e7\u00e3o Exclusiva, Edital n.\u00ba\u00a0 233\/23-PROGEPE<\/p>\n<hr \/>\n<p><a href=\"https:\/\/bio.ufpr.br\/genetica\/wp-content\/uploads\/sites\/39\/2019\/06\/Edital_1_DGEN.pdf\">Edital 1\/23 DGEN<\/a><\/p>\n<p><a href=\"https:\/\/bio.ufpr.br\/genetica\/wp-content\/uploads\/sites\/39\/2023\/10\/EDITAL-2-CRONOGRAMA-PROVIS\u00d3RIO.pdf\">EDITAL 2 &#8211; CRONOGRAMA PROVIS\u00d3RIO<\/a><\/p>\n<p><a href=\"https:\/\/bio.ufpr.br\/genetica\/wp-content\/uploads\/sites\/39\/2023\/10\/EDITAL-3-RELA\u00c7\u00c3O-DE-PONTOS-E-CRIT\u00c9RIOS.pdf\">EDITAL 3 &#8211; RELA\u00c7\u00c3O DE PONTOS E CRIT\u00c9RIOS<\/a><\/p>\n<p><a href=\"https:\/\/bio.ufpr.br\/genetica\/wp-content\/uploads\/sites\/39\/2023\/10\/EDITAL-4-ORDEM-DE-LEITURA-DA-PROVA-ESCRITA.pdf\">EDITAL 4 &#8211; ORDEM DE LEITURA DA PROVA ESCRITA<\/a><\/p>\n<p><a href=\"https:\/\/bio.ufpr.br\/genetica\/wp-content\/uploads\/sites\/39\/2023\/10\/EDITAL-5-ATUALIZA\u00c7\u00c3O-DO-CRONOGRAMA.pdf\">EDITAL 5 &#8211; ATUALIZA\u00c7\u00c3O DO CRONOGRAMA<\/a><\/p>\n<p><a href=\"https:\/\/bio.ufpr.br\/genetica\/wp-content\/uploads\/sites\/39\/2019\/06\/EDITAL-6-RELA\u00c7\u00c3O-DE-CANDIDATOS-N\u00c3O-ELIMINADOS-NA-PROVA-ESCRITA.pdf\">EDITAL 6 &#8211; RELA\u00c7\u00c3O DE CANDIDATOS N\u00c3O ELIMINADOS NA PROVA ESCRITA<\/a><\/p>\n<p><a href=\"https:\/\/bio.ufpr.br\/genetica\/wp-content\/uploads\/sites\/39\/2023\/10\/EDITAL-7-RELA\u00c7\u00c3O-DE-PONTOS-E-CRIT\u00c9RIOS-DE-AVALIA\u00c7\u00c3O-PARA-A-PROVA-DID\u00c1TICA.pdf\">EDITAL 7 &#8211; RELA\u00c7\u00c3O DE PONTOS E CRIT\u00c9RIOS DE AVALIA\u00c7\u00c3O PARA A PROVA DID\u00c1TICA<\/a><\/p>\n<p><a href=\"https:\/\/bio.ufpr.br\/genetica\/wp-content\/uploads\/sites\/39\/2023\/10\/EDITAL-8-CRONOGRAMA-DE-SORTEIO-DE-PONTOS-PARA-A-PROVA-DID\u00c1TICA.pdf\">EDITAL 8 &#8211; CRONOGRAMA DE SORTEIO DE PONTOS PARA A PROVA DID\u00c1TICA<\/a><\/p>\n<p><a href=\"https:\/\/bio.ufpr.br\/genetica\/wp-content\/uploads\/sites\/39\/2023\/10\/EDITAL-9-PONTOS-SORTEADOS-PARA-A-PROVA-DID\u00c1TICA.pdf\">EDITAL 9 &#8211; PONTOS SORTEADOS PARA A PROVA DID\u00c1TICA<\/a><\/p>\n<p><a href=\"https:\/\/bio.ufpr.br\/genetica\/wp-content\/uploads\/sites\/39\/2023\/10\/EDITAL-10-ATUALIZA\u00c7\u00c3O-DO-CRONOGRAMA-DO-CONCURSO.pdf\">EDITAL 10 &#8211; ATUALIZA\u00c7\u00c3O DO CRONOGRAMA DO CONCURSO<\/a><\/p>\n<p><a href=\"https:\/\/bio.ufpr.br\/genetica\/wp-content\/uploads\/sites\/39\/2023\/10\/EDITAL-11-RELA\u00c7\u00c3O-DE-CANDIDATOS-N\u00c3O-ELIMINADOS-NA-PROVA-DID\u00c1TICA.pdf\">EDITAL 11 &#8211; RELA\u00c7\u00c3O DE CANDIDATOS N\u00c3O ELIMINADOS NA PROVA DID\u00c1TICA<\/a><\/p>\n<p><a href=\"https:\/\/bio.ufpr.br\/genetica\/wp-content\/uploads\/sites\/39\/2023\/10\/EDITAL-12-CRIT\u00c9RIOS-DE-AVALIA\u00c7\u00c3O-E-HOR\u00c1RIO-DA-PROVA-DE-DEFESA-DE-CURR\u00cdCULO-E-PROJETO.pdf\">EDITAL 12 &#8211; CRIT\u00c9RIOS DE AVALIA\u00c7\u00c3O E HOR\u00c1RIO DA PROVA DE DEFESA DE CURR\u00cdCULO E PROJETO<\/a><\/p>\n<p><a href=\"https:\/\/bio.ufpr.br\/genetica\/wp-content\/uploads\/sites\/39\/2023\/10\/EDITAL-13-CRIT\u00c9RIOS-PARA-AVALIA\u00c7\u00c3O-DO-CURR\u00cdCULO.pdf\">EDITAL 13 &#8211; CRIT\u00c9RIOS PARA AVALIA\u00c7\u00c3O DO CURR\u00cdCULO<\/a><\/p>\n<p><a href=\"https:\/\/bio.ufpr.br\/genetica\/wp-content\/uploads\/sites\/39\/2023\/10\/EDITAL-14-ATUALIZA\u00c7\u00c3O-DO-CRONOGRAMA-DO-CONCURSO.pdf\">EDITAL 14 &#8211; ATUALIZA\u00c7\u00c3O DO CRONOGRAMA DO CONCURSO<\/a><\/p>\n<p><a href=\"https:\/\/bio.ufpr.br\/genetica\/wp-content\/uploads\/sites\/39\/2023\/10\/EDITAL-15-ATUALIZA\u00c7\u00c3O-DO-CRONOGRAMA-DO-CONCURSO.pdf\">EDITAL 15 &#8211; ATUALIZA\u00c7\u00c3O DO CRONOGRAMA DO CONCURSO<\/a><\/p>\n<p><a href=\"https:\/\/bio.ufpr.br\/genetica\/wp-content\/uploads\/sites\/39\/2023\/10\/EDITAL-16-RESULTADO-FINAL.pdf\">EDITAL 16 &#8211; RESULTADO FINAL<\/a><\/p>\n<p>&nbsp;<\/p>\n<hr \/>\n<p>&nbsp;<\/p>\n","protected":false},"excerpt":{"rendered":"<p>Teste Seletivo para Professor Substituto da Carreira de Magist\u00e9rio Superior \u2013 \u00c1rea de Conhecimento: Gen\u00e9tica Geral \u2013 Departamento de Gen\u00e9tica \u2013 Per\u00edodo de Inscri\u00e7\u00f5es: de 08 a 12 de dezembro de 2025 Foi publicado em 04 de dezembro de 2025 o\u00a0Edital n\u00ba 378\/2025 \u2013 PROGEPE, referente \u00e0 processo seletivo destinado ao provimento de 01 (uma) [&hellip;]<\/p>\n","protected":false},"author":2016,"featured_media":0,"parent":0,"menu_order":0,"comment_status":"closed","ping_status":"closed","template":"","meta":{"_acf_changed":false,"_monsterinsights_skip_tracking":false,"_monsterinsights_sitenote_active":false,"_monsterinsights_sitenote_note":"","_monsterinsights_sitenote_category":0,"footnotes":""},"class_list":["post-284","page","type-page","status-publish","hentry"],"acf":[],"_links":{"self":[{"href":"https:\/\/bio.ufpr.br\/genetica\/wp-json\/wp\/v2\/pages\/284","targetHints":{"allow":["GET"]}}],"collection":[{"href":"https:\/\/bio.ufpr.br\/genetica\/wp-json\/wp\/v2\/pages"}],"about":[{"href":"https:\/\/bio.ufpr.br\/genetica\/wp-json\/wp\/v2\/types\/page"}],"author":[{"embeddable":true,"href":"https:\/\/bio.ufpr.br\/genetica\/wp-json\/wp\/v2\/users\/2016"}],"replies":[{"embeddable":true,"href":"https:\/\/bio.ufpr.br\/genetica\/wp-json\/wp\/v2\/comments?post=284"}],"version-history":[{"count":48,"href":"https:\/\/bio.ufpr.br\/genetica\/wp-json\/wp\/v2\/pages\/284\/revisions"}],"predecessor-version":[{"id":904,"href":"https:\/\/bio.ufpr.br\/genetica\/wp-json\/wp\/v2\/pages\/284\/revisions\/904"}],"wp:attachment":[{"href":"https:\/\/bio.ufpr.br\/genetica\/wp-json\/wp\/v2\/media?parent=284"}],"curies":[{"name":"wp","href":"https:\/\/api.w.org\/{rel}","templated":true}]}}