{"id":657,"date":"2020-06-01T09:04:49","date_gmt":"2020-06-01T12:04:49","guid":{"rendered":"https:\/\/bio.ufpr.br\/labceca\/?page_id=657"},"modified":"2023-05-08T10:37:21","modified_gmt":"2023-05-08T13:37:21","slug":"2019-2","status":"publish","type":"page","link":"https:\/\/bio.ufpr.br\/labceca\/2019-2\/","title":{"rendered":"Publica\u00e7\u00f5es recentes"},"content":{"rendered":"<p><a href=\"https:\/\/bio.ufpr.br\/labceca\/wp-content\/uploads\/sites\/62\/2020\/06\/anais_Preliminar-version.docx.pdf\">anais_Preliminar version.docx<\/a><\/p>\n<p><strong>2022<\/strong><\/p>\n<p>Zattera, M. L.;\u00a0Bruschi, Daniel Pacheco. Transposable elements as a source of novel repetitive DNA in eukaryotic genomes. Cells, 2022 (in press).<\/p>\n<p>Vicari, M. R. ;<strong>\u00a0<\/strong>Bruschi, Daniel Pacheco; Cabral-de-Mell0, D. C. ; Nogaroto, V. Telomere organization and the interstitial telomeric sites involvement in insects and vertebrates chromosome evolution. Genetics and Molecular Biology, 2022 In press).<\/p>\n<p>Joana Moura Gama, Adriana Ludwig, Camilla Borges Gazolla, Dieval Guizelini, Shirlei Maria Recco-Pimentel, Daniel Pacheco Bruschi.\u00a0A genomic survey of LINE elements in Pipidae aquatic frogs shed light on Rex-elements evolution in these genomes. Molecular Phylogenetics and Evolution.\u00a0<a href=\"https:\/\/doi.org\/10.1016\/j.ympev.2022.107393\">https:\/\/doi.org\/10.1016\/j.ympev.2022.107393<\/a><\/p>\n<p>Camilla Borges Gazolla, Adriana Ludwig, Joana de Moura Gama, Daniel Pacheco Bruschi. Evolutionary dynamics of DIRs-like and Ngaro-like retrotransposons in <em>Xenopus laevis<\/em> and <em>X. tropicalis<\/em> genomes. G3 Journal, jkab391.\u00a0<a href=\"https:\/\/academic.oup.com\/g3journal\/advance-article\/doi\/10.1093\/g3journal\/jkab391\/6430978\">https:\/\/doi.org\/10.1093\/g3journal\/jkab391<\/a><\/p>\n<p>&nbsp;<\/p>\n<p><strong>2021<\/strong><\/p>\n<p>Adriana\u00a0Ludwig,\u00a0 Michelle\u00a0Orane\u00a0Schemberger, Camilla\u00a0Borges\u00a0Gazolla, Joana\u00a0de\u00a0Moura\u00a0Gama, Iraine\u00a0Duarte, Ana\u00a0Luisa\u00a0Kalb\u00a0Lopes, Carolina\u00a0Mathias, Desirr\u00ea\u00a0Alexia\u00a0Louren\u00e7o\u00a0Petters\u2011Vandresen, Michelle\u00a0Louise\u00a0Zattera, Daniel\u00a0Pacheco\u00a0Bruschi.\u00a0Transposable elements expression in\u00a0Rhinella marina (cane toad) specimens submitted to\u00a0immune and\u00a0stress challenge.\u00a0Genetica <a href=\"https:\/\/doi.org\/10.1007\/s10709-021-00130-w\">https:\/\/doi.org\/10.1007\/s10709-021-00130-w<\/a><\/p>\n<p>Stenio Eder Vittorazzi, Guilherme Augusto-Alves, Dener das Neves-da-Silva, Ana Maria Paulino Telles de Carvalho-e-Silva, Shirlei Maria Recco-Pimentel, Lu\u00eds Felipe Toledo, Luciana Bolsoni Louren\u00e7o, Daniel Pacheco Bruschi.\u00a0Paraphyly in the giant torrent-frogs (Anura: Hylodidae: Megaelosia)and the description of a new genus.\u00a0Salamadra 57(2): 274\u2013284.<a href=\"https:\/\/doi.org\/10.5281\/zenodo.4767079\"> https:\/\/doi.org\/10.5281\/zenodo.4767079<\/a><\/p>\n<p>Stenio Eder Vittorazzi, Luciana Bolsoni Louren\u00e7o, Michelle Louise Zattera, Luiz Norberto Weber, Shirlei Maria Recco-Pimentel, Daniel Pacheco Bruschi.\u00a0Cytogenetic and genetic data support Crossodactylus aeneus M\u00fcller, 1924<br \/>\nas a new junior synonym of C. gaudichaudii Dum\u00e9ril and Bibron, 1841 (Amphibia, Anura). Genetics and Molecular Biology 44 (2),\u00a0e20200301.\u00a0<a href=\"https:\/\/doi.org\/10.1590\/1678-4685-GMB-2020-0301\">https:\/\/doi.org\/10.1590\/1678-4685-GMB-2020-0301<\/a><\/p>\n<p>Gislayne de Paula Bueno, Kaleb Pretto Gatto, Camilla Borges Gazolla, Peterson T. Leivas, Michele M. Struett, Maur\u00edcio Osvaldo Moura, Daniel Pacheco Bruschi. Cytogenetic characterization and mapping of the repetitive DNAs in <em>Cycloramphus bolitoglossus<\/em> (Werner,1897): More clues for the chromosome evolution in the genus\u00a0<em>Cycloramphus<\/em> (Anura, Cycloramphidae). PLoS ONE,\u00a0 16(1):e0245128.\u00a0\u00a0<a href=\"https:\/\/doi.org\/10.1371\/journal.pone.0245128\">https:\/\/doi.org\/10.1371\/journal.pone.0245128<\/a><\/p>\n<p>________________________________________________________________________________<\/p>\n<p><strong>2020<\/strong><\/p>\n<div class=\"artigo-completo\">\n<div class=\"layout-cell layout-cell-11\">\n<div class=\"layout-cell-pad-5\">Felipe S. Andrade, Isabelle A. Haga, Johnny S. Ferreira, Shirlei M. Recco-Pimentel, Lu\u00eds F. Toledo, Daniel P. Bruschi. A new cryptic species of\u00a0<em>Pithecopus<\/em> (Anura, Phyllomedusidae).\u00a0<em>European Journal of Taxonomy<\/em>, 723:108\u2013134, 2020.\u00a0<a href=\"https:\/\/doi.org\/10.5852\/ejt.2020.723.1147\">https:\/\/doi.org\/10.5852\/ejt.2020.723.1147<\/a><\/div>\n<div class=\"layout-cell-pad-5\"><\/div>\n<div class=\"layout-cell-pad-5\">Michelle L. Zattera, Camilla B. Gazolla, Amanda A. Soares, Thiago Gazoni, Nicolas Pollet, Shirlei M. Recco-Pimentel, Daniel P. Bruschi. Evolutionary dynamics of the repetitive DNA in the karyotypes of Pipa carvalhoi and Xenopus tropicalis (Anura, Pipidae). <em>Frontiers in Genetics<\/em>, 11(637):1\u201310, 2020. <a href=\"https:\/\/doi.org\/10.3389\/fgene.2020.00637\">https:\/\/doi.org\/10.3389\/fgene.2020.00637<\/a><\/div>\n<div class=\"layout-cell-pad-5\"><\/div>\n<\/div>\n<div class=\"citado\">Tiago M. Degrandi, Ricardo J. Gunski, Anal\u00eda V. Garnero, Edivaldo H. C. Oliveira, Rafael Kretschmer, Marcelo S. Souza, Suziane A. Barcellos, Iris Hass. The distribution of 45S rDNA sites in bird chromosomes suggests multiple evolutionary histories. <em>Genetics and Molecular Biology (Online Version)<\/em>, 43:1\u201310, 2020. <a href=\"http:\/\/dx.doi.org\/10.1590\/1678-4685-gmb-2018-0331\">http:\/\/dx.doi.org\/10.1590\/1678-4685-gmb-2018-0331<\/a><\/div>\n<div class=\"citado\"><\/div>\n<\/div>\n<div class=\"artigo-completo\">\n<div class=\"layout-cell layout-cell-1 text-align-right\">\n<div class=\"layout-cell-pad-5 text-align-right\">Luana R. Lima, Daniel P. Bruschi, Filipe A.C. Nascimento, Paulo V. S. Ara\u00fajo, Leonora P. Costa, Maria T. C. Thom\u00e9, Adrian A. Garda, Michelle L. Zattera, Tam\u00ed Mott. Below the waterline: cryptic diversity of aquatic pipid frogs ( Pipa carvalhoi ) unveiled through an integrative taxonomy approach. <em>Systematics and Biodiversity<\/em>, 1:1\u201313, 2020.\u00a0<a href=\"https:\/\/doi.org\/10.1080\/14772000.2020.1795742\">https:\/\/doi.org\/10.1080\/14772000.2020.1795742<\/a><\/div>\n<div class=\"layout-cell-pad-5 text-align-right\"><\/div>\n<\/div>\n<\/div>\n<p>Camilla B. Gazolla, Iraine Duarte S., Kaleb P. Gatto, Stenio E. Vittorazzi, Iris Hass, Daniel P. Bruschi. Citogen\u00e9tica comparativa: uma pr\u00e1tica multidisciplinas para falar sobre evolu\u00e7\u00e3o. <em><a href=\"https:\/\/www.geneticanaescola.com\/copia-volume-14-n-2\">Gen\u00e9tica na Escola (Online<\/a>)<\/em>, 15:26\u201343, 2020.<\/p>\n<p>&nbsp;<\/p>\n<p>Tiago M. Degrandi, Suziane A. Barcellos, Alice L. Costa, Anal\u00eda D. V. Garnero, Iris Hass, Ricardo J. Gunski. Introducing the Bird Chromosome Database: An Overview of Cytogenetic Studies in Birds. <em>Cytogenetic and Genome Research<\/em>, 1:1\u20137, 2020.\u00a0<a href=\"https:\/\/doi.org\/10.1159\/000507768\">https:\/\/doi.org\/10.1159\/000507768<\/a><\/p>\n<hr \/>\n<p><strong>2019<\/strong><\/p>\n<p>Daniel P. Bruschi, Elen A. Peres, Luciana B. Louren\u00e7o, Luiz Felipe de M. Bartoleti, Thadeu Sobral-Souza, Shirlei M. Recco-Pimentel. Signature of the paleo-course changes in the S\u00e3o Francisco River as source of genetic structure in neotropical\u00a0<em>Pithecopus nordestinus<\/em> (Phyllomedusinae, Anura) treefrog.\u00a0<em>Frontiers in Genetics<\/em>, 10:2\u201316. doi:\u00a0<a href=\"https:\/\/doi.org\/10.3389\/fgene.2019.00728\">https:\/\/doi.org\/10.3389\/fgene.2019.00728<\/a><\/p>\n<p>Michelle L. Zattera, Luana Lima, Iraine Duarte, Deborah Y. de Sousa, Ol\u00edvia G. S. Ara\u00fajo, Thiago Gazoni, Tam\u00ed Mott, Shirlei M. Recco-Pimentel, Daniel P. Bruschi. Chromosome spreading of the (TTAGGG)n repeats in the\u00a0<em>Pipa carvalhoi\u00a0<\/em>Miranda-Ribeiro, 1973 (Pipidae, Anura) karyotype.\u00a0<em>Comparative Cytogenetics<\/em>, 13(3):297\u2013309. doi:<span class=\"identifier doi\"><a class=\"id-link\" href=\"https:\/\/doi.org\/10.3897\/compcytogen.v13i3.35524\" target=\"_blank\">10.3897\/CompCytogen.v13i3.35524<\/a><\/span><\/p>\n<p>Joana M. Gama, Camilla B. Gazolla, Deborah Y. de Sousa, Shirlei M. Recco-Pimentel, Daniel P. Bruschi. Recurrent variation in the active NOR sites in the monkey frogs of the genus\u00a0<em>Pithecopus<\/em> Cope, 1866 (Phyllomedusidae, Anura).\u00a0<em>Comparative Cytogenetics<\/em>, 13(4):325\u2013338. doi:\u00a0<a href=\"https:\/\/doi.org\/10.3897\/CompCytogen.v13i4.37687\">https:\/\/doi.org\/10.3897\/CompCytogen.v13i4.37687<\/a><\/p>\n<p>Daniel P. Bruschi, Deborah Y. Sousa, Amanda Soares, Kl\u00e9lia A. de Carvalho, Carmen S. Busin, Nat\u00e1lia C. Ficanha, Albertina P. Lima, Gilda V. Andrade, Shirlei M. Recco-Pimentel. Comparative cytogenetics of nine populations of the\u00a0<em>Rhinella\u00a0<\/em>genus (Anura, Bufonidae) with a highlight on their conservative karyotype.\u00a0<em>Genetics and Molecular Biology<\/em>, 42(2):445\u2013451. doi:\u00a0<a href=\"http:\/\/dx.doi.org\/10.1590\/1678-4685-GMB-2018-0139\">http:\/\/dx.doi.org\/10.1590\/1678-4685-GMB-2018-0139<\/a><\/p>\n<p>Julia Ernetti, Camilla B. Gazolla, Shirlei M. Recco-Pimentel, Elaine M. Lucas, Daniel P. Bruschi. Non-random distribution of microsatellite motifs and (TTAGGG)n repeats in the\u00a0monkey frog Pithecopus rusticus (Anura, Phyllomedusidae) karyotype. <em>Genetics and Molecular Biology\u00a0<\/em>42(2): 1\u20137.\u00a0doi:<a href=\"https:\/\/doi.org\/10.1590\/1678-4685-gmb-2019-0151\">https:\/\/doi.org\/10.1590\/1678-4685-gmb-2019-0151<\/a><\/p>\n<p>LIMA, L. R. ; DUBEUX, M. J. M. ; NASCIMENTO, F. A. C. ;\u00a0BRUSCHI, Daniel Pacheco\u00a0; MOTT, T. . Uncovering Neotropical treefrog diversity: integrative taxonomy reveal paraphyly in Boana atlantica (Amphibia, Anura, Hylidae). AMPHIBIA-REPTILIA, v. 1, p. 1-11, 2019.<\/p>\n<p>&nbsp;<\/p>\n<hr \/>\n<p><strong>2018<\/strong><\/p>\n<div class=\"artigo-completo\">\n<div class=\"layout-cell layout-cell-11\">\n<div class=\"layout-cell-pad-5\">DEGRANDI, T. M. ; PEDROSO, J. C. O. ; SOARES, A. ; LEDESMA, M. A. ;\u00a0HASS, I.\u00a0; GARNERO, A. V. ; GUNSKI, R. J. . Karyotype description and comparative analysis in Ringed Kingfisher and Green Kingfisher (Coraciiformes, Alcedinidae). COMPARATIVE CYTOGENETICS, v. 12, p. 163-170, 2018.<\/div>\n<div class=\"layout-cell-pad-5\"><\/div>\n<div class=\"layout-cell-pad-5\">PRIZON, A. C. ;\u00a0BRUSCHI, Daniel Pacheco\u00a0; GAZOLLA, C. B. ; CARVALHO, L. A. B. ; CASTRO, A. L. B. P. . Chromosome Spreading of the Retrotransposable Rex -3 Element and Microsatellite Repeats in Karyotypes of the Ancistrus Populations. Zebrafish<sup><img decoding=\"async\" id=\"15458547_10\" class=\"ajaxJCR jcrTip\" style=\"background: none 0px 0px repeat scroll transparent;border: 0px none;font-size: 11px;margin: 0px;padding: 0px;vertical-align: baseline;text-align: left\" src=\"http:\/\/buscatextual.cnpq.br\/buscatextual\/images\/curriculo\/jcr.gif\" \/><\/sup>, p. 1, 2018.<\/div>\n<div class=\"layout-cell-pad-5\">\n<div class=\"citado\"><\/div>\n<div class=\"citado\">SOARES, AMANDA A. ; CASTRO, JONATHAN P. ; BALIEIRO, PEDRO ; DORNELLES, SIDNEI ; DEGRANDI, TIAGO M. ; SBALQUEIRO, IVES J. ; FERREIRA ARTONI, ROBERTO ;\u00a0HASS, IRIS\u00a0. B Chromosome Diversity and Repetitive Sequence Distribution in an Isolated Population of\u00a0<i>Akodon montensis<\/i>\u00a0(Rodentia, Sigmodontinae). CYTOGENETIC AND GENOME RESEARCH, v. 154, p. 79-85, 2018.<\/div>\n<\/div>\n<\/div>\n<\/div>\n<div class=\"artigo-completo\"><\/div>\n<div class=\"artigo-completo\">\n<div class=\"layout-cell layout-cell-1 text-align-right\">\n<div class=\"layout-cell-pad-5 text-align-right\">DEGRANDI, T. M. ; CORDEIRO, A. L. ; SOARES, A. ; CARDOSO, D. C. ;\u00a0HASS, I.\u00a0. &#8216;Baralho Mutante&#8217; para o ensino das altera\u00e7\u00f5es cromoss\u00f4micas num\u00e9ricas &#8211; Aneuploidias. Gen\u00e9tica na Escola (on line), v. 12, p. 132-142, 2018.<\/div>\n<div class=\"layout-cell-pad-5 text-align-right\"><\/div>\n<\/div>\n<\/div>\n<div class=\"layout-cell-pad-5 text-align-right\">TARGUETA, C. P. ; VITTORAZZI, S. E. ; GATTO, K. P. ;\u00a0BRUSCHI, Daniel Pacheco\u00a0; VEIGA-MENONCELLO, A. C. P. ; PIMENTEL, S. M. R. ; LOURENCO, L. B. . Anuran Cytogenetics: An Overview. In:. 1. ed. Hauppauge-NY: Nova Science Publishers, 2018. 1p .<\/div>\n<div class=\"layout-cell-pad-5 text-align-right\"><\/div>\n<hr \/>\n<p><strong>2017<\/strong><\/p>\n<div class=\"artigo-completo\">\n<div class=\"layout-cell layout-cell-1 text-align-right\">\n<div class=\"layout-cell-pad-5 text-align-right\">HAGA, I. ; ANDRADE, F. S. ;\u00a0BRUSCHI, Daniel Pacheco\u00a0; RECCO-PIMENTEL, SHIRLEI M. ; GIARETTA, A. A. . Unrevealing the leaf frogs Cerrado diversity: A new species of Pithecopus (Anura, Arboranae, Phyllomedusidae) from the Mato Grosso state, Brazil. PLoS One, v. 12, p. e0184631, 2017.<\/div>\n<\/div>\n<div class=\"layout-cell layout-cell-11\"><\/div>\n<\/div>\n<div class=\"artigo-completo\">\n<div class=\"layout-cell layout-cell-11\">\n<div class=\"layout-cell-pad-5\">PRIZON, ANA C. ;\u00a0BRUSCHI, DANIEL P.\u00a0; BORIN-CARVALHO, LUCIANA A. ; CIUS, ANDR\u00c9A ; BARBOSA, LIGIA M. ; RUIZ, HENRIQUE B. ; ZAWADZKI, CLAUDIO H. ; FENOCCHIO, ALBERTO S. ; PORTELA-CASTRO, ANA L. DE BRITO . Hidden Diversity in the Populations of the Armored Catfish Ancistrus Kner, 1854 (Loricariidae, Hypostominae) from the Paran\u00e1 River Basin Revealed by Molecular and Cytogenetic Data. Frontiers in Genetics, v. 8, p. 1-13, 2017.<\/div>\n<\/div>\n<\/div>\n","protected":false},"excerpt":{"rendered":"<p>anais_Preliminar version.docx 2022 Zattera, M. L.;\u00a0Bruschi, Daniel Pacheco. Transposable elements as a source of novel repetitive DNA in eukaryotic genomes. Cells, 2022 (in press). Vicari, M. R. ;\u00a0Bruschi, Daniel Pacheco; Cabral-de-Mell0, D. C. ; Nogaroto, V. Telomere organization and the interstitial telomeric sites involvement in insects and vertebrates chromosome evolution. Genetics and Molecular Biology, 2022 [&hellip;]<\/p>\n","protected":false},"author":6,"featured_media":0,"parent":0,"menu_order":0,"comment_status":"closed","ping_status":"closed","template":"","meta":{"_acf_changed":false,"_monsterinsights_skip_tracking":false,"_monsterinsights_sitenote_active":false,"_monsterinsights_sitenote_note":"","_monsterinsights_sitenote_category":0,"footnotes":""},"class_list":["post-657","page","type-page","status-publish","hentry"],"acf":[],"_links":{"self":[{"href":"https:\/\/bio.ufpr.br\/labceca\/wp-json\/wp\/v2\/pages\/657","targetHints":{"allow":["GET"]}}],"collection":[{"href":"https:\/\/bio.ufpr.br\/labceca\/wp-json\/wp\/v2\/pages"}],"about":[{"href":"https:\/\/bio.ufpr.br\/labceca\/wp-json\/wp\/v2\/types\/page"}],"author":[{"embeddable":true,"href":"https:\/\/bio.ufpr.br\/labceca\/wp-json\/wp\/v2\/users\/6"}],"replies":[{"embeddable":true,"href":"https:\/\/bio.ufpr.br\/labceca\/wp-json\/wp\/v2\/comments?post=657"}],"version-history":[{"count":31,"href":"https:\/\/bio.ufpr.br\/labceca\/wp-json\/wp\/v2\/pages\/657\/revisions"}],"predecessor-version":[{"id":1021,"href":"https:\/\/bio.ufpr.br\/labceca\/wp-json\/wp\/v2\/pages\/657\/revisions\/1021"}],"wp:attachment":[{"href":"https:\/\/bio.ufpr.br\/labceca\/wp-json\/wp\/v2\/media?parent=657"}],"curies":[{"name":"wp","href":"https:\/\/api.w.org\/{rel}","templated":true}]}}