{"id":955,"date":"2022-05-02T14:55:23","date_gmt":"2022-05-02T17:55:23","guid":{"rendered":"https:\/\/bio.ufpr.br\/labceca\/?page_id=955"},"modified":"2022-05-02T22:27:12","modified_gmt":"2022-05-03T01:27:12","slug":"exames-e-procedimentos","status":"publish","type":"page","link":"https:\/\/bio.ufpr.br\/labceca\/exames-e-procedimentos\/","title":{"rendered":"Exames e Procedimentos"},"content":{"rendered":"<h3 style=\"text-align: center\"><\/h3>\n<h4 style=\"text-align: center\"><span style=\"color: #333399\"><strong>EXAMES DISPON\u00cdVEIS<\/strong><\/span><\/h4>\n<p><strong>Citogen\u00e9tica Cl\u00e1ssica<\/strong><\/p>\n<p>&#8211; Determina\u00e7\u00e3o de cari\u00f3tipo em cultura de longa dura\u00e7\u00e3o (c\/ t\u00e9cnica de bandas)<\/p>\n<p>&#8211; Determina\u00e7\u00e3o de cari\u00f3tipo em cultura de medula \u00f3ssea (c\/ t\u00e9cnica de bandas)<\/p>\n<p><strong>Citogen\u00e9tica Molecular<\/strong><\/p>\n<p>&#8211; FISH em met\u00e1fase e n\u00facleo interf\u00e1sico: Rearranjo PML\/RARA t(15;17)<\/p>\n<p>&#8211; FISH em met\u00e1fase e n\u00facleo interf\u00e1sico: Rearranjo IGH\/BCL2 t(14;18)<\/p>\n<p>&#8211; FISH em met\u00e1fase e n\u00facleo interf\u00e1sico: Rearranjo CCND1\/IGH t(11;14)<\/p>\n<p>&#8211; FISH em met\u00e1fase e n\u00facleo interf\u00e1sico: Rearranjo API2\/MALT1 t(11;18)<\/p>\n<p>&#8211; FISH em met\u00e1fase e n\u00facleo interf\u00e1sico: Dele\u00e7\u00e3o P53 (17p13)<\/p>\n<p>&#8211; FISH em met\u00e1fase e n\u00facleo interf\u00e1sico: Dele\u00e7\u00e3o ou rearranjo KMT2a (11q23)<\/p>\n<p>&nbsp;<\/p>\n<h4 style=\"text-align: center\"><span style=\"color: #333399\"><strong>PROTOCOLO OPERACIONAL PARA ENVIO DE AMOSTRAS<\/strong><\/span><\/h4>\n<ol>\n<li><strong> Procedimentos de coleta de amostras<\/strong><\/li>\n<\/ol>\n<p>As amostras poder\u00e3o ser coletadas a partir de sangue perif\u00e9rico e\/ou de aspirado de medula \u00f3ssea, ambas utilizando seringas umedecidas com<strong> heparina s\u00f3dica ou diretamente em tubos de coleta contendo heparina s\u00f3dica<\/strong>. \u00a0O volume solicitado para a realiza\u00e7\u00e3o do exame \u00e9 de 4 mL.<\/p>\n<ol start=\"2\">\n<li><strong> Identifica\u00e7\u00e3o e armazenamento<\/strong><\/li>\n<\/ol>\n<p>As amostras dever\u00e3o ser identificadas individualmente com os dados do paciente, de acordo com o protocolo interno de identifica\u00e7\u00e3o do Hospital solicitante. O laudo do exame ser\u00e1 emitido de acordo com as informa\u00e7\u00f5es encaminhadas no requerimento de solicita\u00e7\u00e3o do exame.<\/p>\n<p>As amostras dever\u00e3o ser mantidas em temperatura ambiente ou em estufa a 37 C at\u00e9 o momento de seu envio para o laborat\u00f3rio de citogen\u00e9tica. As amostras dever\u00e3o ser transportadas ao laborat\u00f3rio tamb\u00e9m em temperatura ambiente, sem contato com luz solar. Amostras coletadas ap\u00f3s as 15h dever\u00e3o ser acondicionadas em geladeira (2\u00b0C a 8\u00b0C), e dever\u00e3o ser enviadas no outro dia, impreterivelmente at\u00e9 as 12h do dia seguinte.<\/p>\n<ol start=\"3\">\n<li><strong> Envio e recebimento<\/strong><\/li>\n<\/ol>\n<p>Ser\u00e3o recebidas amostras de sangue perif\u00e9rico de segunda-feira a sexta-feira, e amostras de medula \u00f3ssea de segunda-feira \u00e0 quinta-feira, entregues <strong>at\u00e9 \u00e0s 15h<\/strong>, no Laborat\u00f3rio de Imunogen\u00e9tica e Histocompatibilidade (LIGH) do Departamento de Gen\u00e9tica da UFPR.<\/p>\n<p><span style=\"text-decoration: underline\">Endere\u00e7o de entrega:<\/span> Centro polit\u00e9cnico, Setor de Ci\u00eancias Biol\u00f3gicas da Universidade Federal do Paran\u00e1, Departamento de Gen\u00e9tica, Laborat\u00f3rio de Imunogen\u00e9tica e Histocompatibilidade (LIGH), sala 31, 2\u00ba andar. Avenida Coronel Francisco H. dos Santos, 100. CEP 81531-980, Bairro Jardim das Am\u00e9ricas, Curitiba Paran\u00e1.<\/p>\n<p>Telefone para contato: Dr. Daniel Pacheco Bruschi (041 99216 \u2013 2802, ou 3361 \u2013 1740)<\/p>\n<p>Casos de rec\u00e9m-nascidos no CTI ou qualquer outra situa\u00e7\u00e3o de urg\u00eancia poder\u00e3o ser recebidos fora dos hor\u00e1rios de rotina do Laborat\u00f3rio, desde que previamente avisados ao Dr. Daniel Pacheco Bruschi, por contato telef\u00f4nico.<\/p>\n<ol start=\"4\">\n<li><strong> Controle de qualidade de amostras<\/strong><\/li>\n<\/ol>\n<p>As amostras entregues ao Servi\u00e7o de Citogen\u00e9tica ser\u00e3o imediatamente avaliadas quanto sua qualidade para realiza\u00e7\u00e3o do exame de acordo com os crit\u00e9rios listados abaixo:<\/p>\n<ol>\n<li>Aspecto f\u00edsico da amostra;<\/li>\n<li>Qualidade de acondicionamento da amostra;<\/li>\n<li>C\u00f3pia do requerimento m\u00e9dico de solicita\u00e7\u00e3o do exame;<\/li>\n<li>Qualidade da identifica\u00e7\u00e3o da amostra;<\/li>\n<\/ol>\n<ol start=\"5\">\n<li><strong> Procedimentos operacionais para exclus\u00e3o de amostras<\/strong><\/li>\n<\/ol>\n<p>Amostras que n\u00e3o atendam aos crit\u00e9rios de qualidade m\u00ednima para a realiza\u00e7\u00e3o do exame ser\u00e3o devolvidas ao remetente e informadas ao profissional respons\u00e1vel pela coleta. S\u00e3o considerados crit\u00e9rios de exclus\u00e3o de amostras:<\/p>\n<ol>\n<li>Amostras coaguladas. Sangue hemolisado.<\/li>\n<li>Coletas com utiliza\u00e7\u00e3o de outro anticoagulante que n\u00e3o heparina s\u00f3dica.<\/li>\n<li>Amostra congelada.<\/li>\n<li>Amostra n\u00e3o acompanhada de requerimento de envio de amostras<\/li>\n<li>Amostras sem identifica\u00e7\u00e3o ou com identifica\u00e7\u00e3o imprecisa.<\/li>\n<\/ol>\n","protected":false},"excerpt":{"rendered":"<p>EXAMES DISPON\u00cdVEIS Citogen\u00e9tica Cl\u00e1ssica &#8211; Determina\u00e7\u00e3o de cari\u00f3tipo em cultura de longa dura\u00e7\u00e3o (c\/ t\u00e9cnica de bandas) &#8211; Determina\u00e7\u00e3o de cari\u00f3tipo em cultura de medula \u00f3ssea (c\/ t\u00e9cnica de bandas) Citogen\u00e9tica Molecular &#8211; FISH em met\u00e1fase e n\u00facleo interf\u00e1sico: Rearranjo PML\/RARA t(15;17) &#8211; FISH em met\u00e1fase e n\u00facleo interf\u00e1sico: Rearranjo IGH\/BCL2 t(14;18) &#8211; FISH em [&hellip;]<\/p>\n","protected":false},"author":6,"featured_media":0,"parent":0,"menu_order":0,"comment_status":"closed","ping_status":"closed","template":"","meta":{"_acf_changed":false,"_monsterinsights_skip_tracking":false,"_monsterinsights_sitenote_active":false,"_monsterinsights_sitenote_note":"","_monsterinsights_sitenote_category":0,"footnotes":""},"class_list":["post-955","page","type-page","status-publish","hentry"],"acf":[],"_links":{"self":[{"href":"https:\/\/bio.ufpr.br\/labceca\/wp-json\/wp\/v2\/pages\/955","targetHints":{"allow":["GET"]}}],"collection":[{"href":"https:\/\/bio.ufpr.br\/labceca\/wp-json\/wp\/v2\/pages"}],"about":[{"href":"https:\/\/bio.ufpr.br\/labceca\/wp-json\/wp\/v2\/types\/page"}],"author":[{"embeddable":true,"href":"https:\/\/bio.ufpr.br\/labceca\/wp-json\/wp\/v2\/users\/6"}],"replies":[{"embeddable":true,"href":"https:\/\/bio.ufpr.br\/labceca\/wp-json\/wp\/v2\/comments?post=955"}],"version-history":[{"count":4,"href":"https:\/\/bio.ufpr.br\/labceca\/wp-json\/wp\/v2\/pages\/955\/revisions"}],"predecessor-version":[{"id":968,"href":"https:\/\/bio.ufpr.br\/labceca\/wp-json\/wp\/v2\/pages\/955\/revisions\/968"}],"wp:attachment":[{"href":"https:\/\/bio.ufpr.br\/labceca\/wp-json\/wp\/v2\/media?parent=955"}],"curies":[{"name":"wp","href":"https:\/\/api.w.org\/{rel}","templated":true}]}}