{"id":180,"date":"2018-10-30T13:12:54","date_gmt":"2018-10-30T13:12:54","guid":{"rendered":"https:\/\/bio.ufpr.br\/labef\/?page_id=180"},"modified":"2018-11-26T23:21:37","modified_gmt":"2018-11-26T23:21:37","slug":"sobre-o-labef","status":"publish","type":"page","link":"https:\/\/bio.ufpr.br\/labef\/sobre-o-labef\/","title":{"rendered":"Sobre o LABEF"},"content":{"rendered":"<p>O Laborat\u00f3rio de Ecologia Funcional de Comunidades (LABEF),\u00a0localizado no Departamento de Bot\u00e2nica da Universidade Federal do Paran\u00e1, foi criado em 2017 e \u00e9 coordenado pelo Prof. Marcos Carlucci. As atividades de pesquisa do laborat\u00f3rio s\u00e3o desenvolvidas no \u00e2mbito dos Programas de P\u00f3s-Gradua\u00e7\u00e3o em que\u00a0o coordenador atua, a saber, PPG Ecologia e Conserva\u00e7\u00e3o\/UFPR, PPG Bot\u00e2nica\/UFPR e PPG Ecologia e Evolu\u00e7\u00e3o UFG.<\/p>\n<p>As pesquisas do LABEF t\u00eam como objetivo geral entender os processos que levam \u00e0 organiza\u00e7\u00e3o de comunidades ecol\u00f3gicas em diferentes escalas de organiza\u00e7\u00e3o e que regulam a biodiversidade e seu funcionamento. Recentemente, a linha de pesquisa em organiza\u00e7\u00e3o de comunidades, anteriormente puramente\u00a0te\u00f3rica, tem sido estendida para a ecologia aplicada atrav\u00e9s da ecologia da restaura\u00e7\u00e3o, mais especificamente atrav\u00e9s da abordagem de restaura\u00e7\u00e3o funcional. Trabalhos em andamento t\u00eam aplicado m\u00e9todos de diversidade funcional e taxon\u00f4mica, sensoriamento remoto e modelagem de nicho ecol\u00f3gico\u00a0para responder\u00a0quest\u00f5es sobre conserva\u00e7\u00e3o e restaura\u00e7\u00e3o de ecossistemas brasileiros, com foco especial\u00a0na Mata Atl\u00e2ntica e, principalmente, nos mosaicos entre Floresta com Arauc\u00e1ria e Campos Sulinos.<\/p>\n","protected":false},"excerpt":{"rendered":"<p>O Laborat\u00f3rio de Ecologia Funcional de Comunidades (LABEF),\u00a0localizado no Departamento de Bot\u00e2nica da Universidade Federal do Paran\u00e1, foi criado em 2017 e \u00e9 coordenado pelo Prof. Marcos Carlucci. As atividades de pesquisa do laborat\u00f3rio s\u00e3o desenvolvidas no \u00e2mbito dos Programas de P\u00f3s-Gradua\u00e7\u00e3o em que\u00a0o coordenador atua, a saber, PPG Ecologia e Conserva\u00e7\u00e3o\/UFPR, PPG Bot\u00e2nica\/UFPR e [&hellip;]<\/p>\n","protected":false},"author":1997,"featured_media":0,"parent":0,"menu_order":0,"comment_status":"closed","ping_status":"closed","template":"","meta":{"_acf_changed":false,"_monsterinsights_skip_tracking":false,"_monsterinsights_sitenote_active":false,"_monsterinsights_sitenote_note":"","_monsterinsights_sitenote_category":0,"footnotes":""},"class_list":["post-180","page","type-page","status-publish","hentry"],"acf":[],"_links":{"self":[{"href":"https:\/\/bio.ufpr.br\/labef\/wp-json\/wp\/v2\/pages\/180","targetHints":{"allow":["GET"]}}],"collection":[{"href":"https:\/\/bio.ufpr.br\/labef\/wp-json\/wp\/v2\/pages"}],"about":[{"href":"https:\/\/bio.ufpr.br\/labef\/wp-json\/wp\/v2\/types\/page"}],"author":[{"embeddable":true,"href":"https:\/\/bio.ufpr.br\/labef\/wp-json\/wp\/v2\/users\/1997"}],"replies":[{"embeddable":true,"href":"https:\/\/bio.ufpr.br\/labef\/wp-json\/wp\/v2\/comments?post=180"}],"version-history":[{"count":8,"href":"https:\/\/bio.ufpr.br\/labef\/wp-json\/wp\/v2\/pages\/180\/revisions"}],"predecessor-version":[{"id":214,"href":"https:\/\/bio.ufpr.br\/labef\/wp-json\/wp\/v2\/pages\/180\/revisions\/214"}],"wp:attachment":[{"href":"https:\/\/bio.ufpr.br\/labef\/wp-json\/wp\/v2\/media?parent=180"}],"curies":[{"name":"wp","href":"https:\/\/api.w.org\/{rel}","templated":true}]}}

<p>O Laboratório de Ecologia Funcional de Comunidades (LABEF), localizado no Departamento de Botânica da Universidade Federal do Paraná, foi criado em 2017 e é coordenado pelo Prof. Marcos Carlucci. As atividades de pesquisa do laboratório são desenvolvidas no âmbito dos Programas de Pós-Graduação em que o coordenador atua, a saber, PPG Ecologia e Conservação/UFPR, PPG Botânica/UFPR e PPG Ecologia e Evolução UFG.</p>
<p>As pesquisas do LABEF têm como objetivo geral entender os processos que levam à organização de comunidades ecológicas em diferentes escalas de organização e que regulam a biodiversidade e seu funcionamento. Recentemente, a linha de pesquisa em organização de comunidades, anteriormente puramente teórica, tem sido estendida para a ecologia aplicada através da ecologia da restauração, mais especificamente através da abordagem de restauração funcional. Trabalhos em andamento têm aplicado métodos de diversidade funcional e taxonômica, sensoriamento remoto e modelagem de nicho ecológico para responder questões sobre conservação e restauração de ecossistemas brasileiros, com foco especial na Mata Atlântica e, principalmente, nos mosaicos entre Floresta com Araucária e Campos Sulinos.</p>

<p>O Laboratório de Ecologia Funcional de Comunidades (LABEF), localizado no Departamento de Botânica da Universidade Federal do Paraná, foi criado em 2017 e é coordenado pelo Prof. Marcos Carlucci. As atividades de pesquisa do laboratório são desenvolvidas no âmbito dos Programas de Pós-Graduação em que o coordenador atua, a saber, PPG Ecologia e Conservação/UFPR, PPG Botânica/UFPR e [&hellip;]</p>
