{"id":220,"date":"2018-11-27T00:10:28","date_gmt":"2018-11-27T00:10:28","guid":{"rendered":"https:\/\/bio.ufpr.br\/labef\/?page_id=220"},"modified":"2022-02-24T12:42:47","modified_gmt":"2022-02-24T12:42:47","slug":"publicacoes","status":"publish","type":"page","link":"https:\/\/bio.ufpr.br\/labef\/publicacoes\/","title":{"rendered":"Publica\u00e7\u00f5es"},"content":{"rendered":"<p>Uma lista atualizada das publica\u00e7\u00f5es est\u00e1 sempre dispon\u00edvel na p\u00e1gina em ingl\u00eas do <a href=\"https:\/\/labefufpr.wixsite.com\/labef\">LABEF<\/a>, bem como no <a href=\"https:\/\/orcid.org\/0000-0002-5868-7090\">ORCID<\/a>\u00a0e no <a href=\"https:\/\/www.researchgate.net\/profile\/Marcos_Carlucci\">Research Gate<\/a> de Marcos Carlucci.<\/p>\n<p>&nbsp;<\/p>\n<p><strong>ARTIGOS CIENT\u00cdFICOS EM REVISTAS REVISADAS POR PARES<\/strong><\/p>\n<p class=\"font_8\">34. FREITAS, Cintia Gomes de ; BRUM, Fernanda Thiesen ; CASSIA-SILVA, Cibele ; MARACAHIPES, Leandro ; CARLUCCI, Marcos Bergmann ; COLLEVATTI, Rosane Garcia ; BACON, Christine D.\u00a0<a href=\"http:\/\/dx.doi.org\/10.3389\/ffgc.2021.739468\" target=\"_blank\" rel=\"noreferrer noopener\">Incongruent spatial distribution of taxonomic, phylogenetic, and functional diversity in Neotropical cocosoid palms<\/a>. Frontiers In Forests And Global Change, 4, 739468, 2021.<\/p>\n<p class=\"font_8\">33.\u00a0SAAD, Felipe ; BISWAS, Sumalika ; HUANG, Quangyu ; MACEY, Sarah ; DALLA-CORTE, Ana Paula ; CORAIOLA, Marcio ; CARLUCCI, Marcos Bergmann ; LEIMGRUBER, Peter . <a href=\"http:\/\/dx.doi.org\/10.3390\/land10121316\" target=\"_blank\" rel=\"noreferrer noopener\">Detectability of the critically endangered Araucaria angustifolia tree using multiscale approach with Worldview-2, Google Earth Engine and UAV Lidar<\/a>. Land, 10, 1316, 2021.<\/p>\n<p class=\"font_8\">32.\u00a0ROMANOWKSI, Luciele Leonhardt ; ZANATA, Thais Bastos ; MARQUES, M\u00e1rcia Cristina Mendes ; CARLUCCI, Marcos Bergmann ; VARASSIN, Isabela Galarda.\u00a0\u00a0<a href=\"http:\/\/dx.doi.org\/10.1111\/jvs.13090\" target=\"_blank\" rel=\"noreferrer noopener\">Increased reproductive trait diversity, evolutionary history and distinctiveness during the succession of tropical forest<\/a>. Journal of Vegetation Science, 32, e13090, 2021.<\/p>\n<p class=\"font_8\">31. SCALON, Marina Corr\u00eaa; ROSSATTO, Davi Rodrigo; OLIVERAS, Imma; MIATTO, Raquel Carolina; GRAY, Emma Fiona; DOMINGOS, Fabr\u00edcius Maia Chaves Bicalho; BRUM, Fernanda Thiesen; CARLUCCI, Marcos Bergmann; HOFFMANN, William Arthur; MARIMON JUNIOR, Ben Hur; MARIMON, Beatriz Schwantes; FRANCO, Augusto Cesar.\u00a0<a href=\"https:\/\/doi.org\/10.1016\/j.baae.2021.06.011\">Fire and drought: Shifts in bark investment across a broad geographical scale for Neotropical savanna trees<\/a>. Basic and Applied Ecology, 56, 110-121, 2021.<\/p>\n<p>30. CALAMB\u00c1S-TROCHEZ, Licet Fernanda; VELAZCO, Santiago Jos\u00e9 El\u00edas; HOFFMANN, Pablo Melo; GURSKI, Elivelton Marcos; BRUM, Fernanda Thiesen; CARLUCCI, Marcos Bergmann. <a href=\"https:\/\/doi.org\/10.1016\/j.pecon.2021.03.010\">Climate and land-use changes coupled with low coverage of protected areas threaten palm species in South Brazilian grasslands<\/a>. Perspectives in Ecology and Conservation, 2021.<\/p>\n<p>29. KLIPEL, Joice; BERGAMIN, Rodrigo Scarton; SEGER, Guilherme Dubal dos Santos; CARLUCCI, Marcos Bergmann; M\u00dcLLER, Sandra Cristina. <a href=\"https:\/\/doi.org\/10.1111\/aec.13044\">Plant functional traits explain species abundance patterns and strategies shifts among saplings and adult trees in Araucaria forests<\/a>. Austral Ecology, 2021.<\/p>\n<p>28.\u00a0BERGAMIN, Rodrigo Scarton ; SEGER, Guilherme Dubal dos Santos ; CARLUCCI, Marcos Bergmann ; MOLZ, Martin ; MELLO, Ricardo S. P. ; MARTINS, Rafael ; JARENKOW, Jo\u00e3o Andr\u00e9 ; BRACK, Paulo ; M\u00dcLLER, Sandra Cristina ; DUARTE, Leandro da Silva . <a href=\"https:\/\/doi.org\/10.1111\/aec.12996\">Elevational shifts in phylogenetic diversity of angiosperm trees across the subtropical Brazilian Atlantic Forest<\/a>. Austral Ecology, 2021.<\/p>\n<p>27.\u00a0CARLUCCI, Marcos Bergmann; BRANCALION, Pedro Henrique Santin; RODRIGUES, Ricardo Ribeiro; LOYOLA, Rafael Dias; CIANCIARUSO, Marcus Vinicius. <a href=\"http:\/\/dx.doi.org\/10.1111\/rec.13279\">Functional traits and ecosystem services in ecological restoration<\/a>. Restoration Ecology, v. 28, p.1372-1383, 2020.<\/p>\n<p>26.\u00a0BONA, Cleusa ; PELLANDA, Robertta Moryel ; CARLUCCI, Marcos Bergmann ; MACHADO, Rebekah Giese de Paula ; CICCARELLI, Daniela.\u00a0<a href=\"https:\/\/doi.org\/10.1016\/j.flora.2020.151661\">Functional traits reveal coastal vegetation assembly patterns in a short edaphic gradient in southern Brazil<\/a>. Flora, c. 271, 151661, 2020.<\/p>\n<p>25.\u00a0KATTGE, JENS et al.\u00a0<a href=\"https:\/\/doi.org\/10.1111\/gcb.14904\">TRY plant trait database &#8211; enhanced coverage and open access<\/a>. Global Change Biology,\u00a0v. 26, p. 119-188, 2020.<\/p>\n<p><img loading=\"lazy\" decoding=\"async\" class=\"alignleft size-thumbnail wp-image-273\" src=\"https:\/\/bio.ufpr.br\/labef\/wp-content\/uploads\/sites\/46\/2020\/01\/gcb.v26.1.cover_-113x150.gif\" alt=\"gcb.v26.1.cover\" width=\"113\" height=\"150\" \/><\/p>\n<p>24.\u00a0RECH, Morgana ; CARLUCCI, Marcos B. ; BERGAMIN, Rodrigo S. ; SEGER, Guilherme D. S. ; M\u00fcller, Sandra C. ; DUARTE, Leandro ; HARTZ, Sandra M. . <a href=\"https:\/\/doi.org\/10.1111\/jvs.12754\">Mass effects explain sapling community assembly in Araucaria mixed forest metacommunities<\/a>. JOURNAL OF VEGETATION SCIENCE, 2019.<\/p>\n<p>23. GERHOLD, Pille ; CARLUCCI, Marcos Bergmann ; PROCHES, Serban ; PRINZING, Andreas . <a href=\"https:\/\/doi.org\/10.1146\/annurev-ecolsys-110617-062348\">The deep past controls the phylogenetic structure of present, local communities<\/a>. Annual Review of Ecology, Evolution, and Systematics, v. 49, p. 477-497, 2018.<\/p>\n<p>22.\u00a0DUARTE, Leandro D. S. ; DEBASTIANI, Vanderlei J. ; Carlucci, Marcos B. ; DINIZ-FILHO, JOS\u00c9 ALEXANDRE F. . <a href=\"https:\/\/doi.org\/10.1002\/ecy.2081\">Analyzing community-weighted trait means across environmental gradients: should phylogeny stay or should it go?<\/a>. ECOLOGY, v. 99, p. 385-398, 2018.<\/p>\n<p>21.\u00a0MATOS, Darley Calderaro Leal ; FERREIRA, Leandro Valle ;\u00a0CARLUCCI, Marcos Bergmann\u00a0. <a href=\"http:\/\/revistaespacios.com\/a18v39n39\/a18v39n39p16.pdf\">Estrat\u00e9gias funcionais de Macrolobium angustifolium (Benth.) R.S.Cowan para coexistir em florestas inundadas na Amaz\u00f4nia oriental<\/a>. ESPACIOS (CARACAS), v. 39, p. 16, 2018.<\/p>\n<p>20.\u00a0MARACAHIPES, Leandro ; CARLUCCI, Marcos Bergmann ; LENZA, Eddie ; MARIMON, Beatriz Schwantes ; MARIMON JUNIOR, Ben Hur ; GUILHERME, Frederico Augusto Guimar\u00e3es ; CIANCIARUSO, Marcus Vinicius . <a href=\"https:\/\/doi.org\/10.1016\/j.ppees.2018.07.006\">How to live in contrasting habitats? Acquisitive and conservative strategies emerge at inter- and intraspecific levels in savanna and forest woody plants<\/a>. PERSPECTIVES IN PLANT ECOLOGY EVOLUTION AND SYSTEMATICS, v. 34, p. 17-25, 2018.<\/p>\n<p>19.\u00a0Carlucci, Marcos B.; Seger, Guilherme D. S. ; Sheil, Douglas ; (&#8230;) Pillar, Val\u00e9rio D. ; Duarte, Leandro D. S. <a href=\"https:\/\/doi.org\/10.1111\/ecog.02104\">Phylogenetic composition and structure of tree communities shed light on historical processes influencing tropical rainforest diversity<\/a>. Ecography, v. 40, p. 521-530, 2017.<\/p>\n<p>18.\u00a0ALDANA, ANA M. ; Carlucci, Marcos B. ; FINE, PAUL V. A. ; STEVENSON, PABLO R. <a href=\"http:\/\/dx.doi.org\/10.1007\/s00442-016-3734-y\">Environmental filtering of eudicot lineages underlies phylogenetic clustering in tropical South American flooded forests<\/a>. Oecologia, v. 183, p. 327-335, 2017.<\/p>\n<p>17.\u00a0LOPEZ, BIANCA ; BURGIO, KEVIN ; CARLUCCI, MARCOS ; PALMQUIST, KYLE ; PARADA, ANDRES ; WEINBERGER, VANESSA ; HURLBERT, ALLEN . <a href=\"https:\/\/doi.org\/10.3897\/oneeco.1.e9501\">A new framework for inferring community assembly processes using phylogenetic information, relevant traits and environmental gradients<\/a>. One Ecosystem, v. 1, p. e9501, 2016.<\/p>\n<p>16.\u00a0Carlucci, Marcos B.; LUZA, ANDR\u00c9 LU\u00cdS ; HARTZ, Sandra Maria ; Duarte, Leandro D.S. . <a href=\"http:\/\/dx.doi.org\/10.1016\/j.ncon.2016.08.001\">Forests, shrublands and grasslands in southern Brazil are neglected and have specific needs for their conservation. Reply to Overbeck et al<\/a>. Natureza &amp; Conserva\u00e7\u00e3o, v. 14, p. 155-157, 2016.<\/p>\n<p>15.\u00a0CARLUCCI, Marcos Bergmann; DEBASTIANI, Vanderlei J. ; PILLAR, Val\u00e9rio D. ; DUARTE, Leandro D. S. <a href=\"http:\/\/dx.doi.org\/10.1111\/jvs.12223\">Between- and within-species trait variability and the assembly of sapling communities in forest patches<\/a>. Journal of Vegetation Science, v. 26, p. 21-31, 2015.<\/p>\n<p>14.\u00a0CARLUCCI, M. B.; HIDASI-NETO, J. ; BRUM, F. T. ; CIANCIARUSO, M. V. . <a href=\"https:\/\/doi.org\/10.21425\/F5FBG27846\">Placing phylogenetic diversity back on the evolutionary track<\/a>. Frontiers of Biogeography, v. 7, p. 83-85, 2015.<\/p>\n<p>13.\u00a0SIEFERT, ANDREW; VIOLLE, CYRILLE; CHALMANDRIER, LO\u00cfC; ALBERT, C\u00c9CILE H.; TAUDIERE, ADRIEN; FAJARDO, ALEX; AARSSEN, LONNIE W.; BARALOTO, CHRISTOPHER; CARLUCCI, Marcos B.; CIANCIARUSO, Marcus V.; DANTAS, VIN\u00cdCIUS DE L.; DE BELLO, FRANCESCO et al. <a href=\"http:\/\/dx.doi.org\/10.1111\/ele.12508\">A global meta-analysis of the relative extent of intraspecific trait variation in plant communities<\/a>. Ecology Letters, v. 18, p. 1406-1419, 2015.<\/p>\n<p>12.\u00a0Carlucci, Marcos B.; BASTAZINI,\u00a0Vinicius A.G. ; HOFMANN,\u00a0Gabriel S. ; DE MACEDO, Josielma H. ; IOB, Graziela; Duarte, Leandro D.S. ; HARTZ, Sandra M. ; M\u00dcLLER, Sandra C. .<a href=\"http:\/\/dx.doi.org\/10.1080\/17550874.2014.955544\"> Taxonomic and functional diversity of woody plant communities on opposing slopes of inselbergs in southern Brazil<\/a>. Plant Ecology &amp; Diversity, v. 8, p. 187-197, 2015.<\/p>\n<p>11.\u00a0STREIT, Helena ; CARLUCCI, Marcos Bergmann ; BERGAMIN, Rodrigo Scarton ; PILLAR, Valerio De Patta ; DUARTE, Leandro da Silva . <a href=\"http:\/\/www.ufrgs.br\/seerbio\/ojs\/index.php\/rbb\/article\/view\/2829\/1239\">Patterns of diaspore functional diversity along Araucaria forest succession in the extreme south of Brazil<\/a>. Revista Brasileira de Bioci\u00eancias (Online), v. 12, p. 106-114, 2014.<\/p>\n<p>10.\u00a0LUZA, ANDR\u00c9 LU\u00cdS ; CARLUCCI, Marcos Bergmann ; HARTZ, Sandra Maria ; Duarte, Leandro D.S. . <a href=\"http:\/\/dx.doi.org\/10.1016\/j.ncon.2014.09.005\">Moving from forest vs. grassland perspectives to an integrated view towards the conservation of forest-grassland mosaics<\/a>. Natureza &amp; Conserva\u00e7\u00e3o, v. 12, p. 166-169, 2014.<\/p>\n<p>9.\u00a0DUARTE, L. D. S. ; BOTH, C. ; DEBASTIANI, V. J. ; CARLUCCI, M. B. ; GON\u00c7ALVES, L. O. ; CAPPELATTI, L. ; SEGER, G. D. S. ; BASTAZINI, V. A. G. ; BRUM, F. T. ; SALENGUE, E. V. ; BERNARDO-SILVA, J. S. . <a href=\"http:\/\/dx.doi.org\/10.1111\/geb.12089\">Climate effects on amphibian distributions depend on phylogenetic resolution and the biogeographical history of taxa<\/a>. Global Ecology and Biogeography (Print), v. 23, p. 213-222, 2014.<\/p>\n<p>8.\u00a0BRUM, Fernanda Thiesen ; GONCALVES, L. O. ; CAPPELATTI, L. ; CARLUCCI, Marcos Bergmann ; DEBASTIANI, V. ; SALENGUE, E. V. ; SEGER, G. D. S. ; BOTH, C. ; BERNARDO-SILVA, J. S. ; LOYOLA, R. D. ; DUARTE, Leandro da Silva . <a href=\"http:\/\/dx.doi.org\/10.1371\/journal.pone.0060742\">Land use explains the distribution of threatened New World amphibians better than climate<\/a>. Plos One, v. 8, p. e60742, 2013.<\/p>\n<p>7.\u00a0CARLUCCI, Marcos Bergmann; STREIT, Helena ; DUARTE, Leandro da Silva ; PILLAR, Valerio De Patta . <a href=\"http:\/\/dx.doi.org\/10.1111\/j.1654-1103.2011.01339.x\">Individual-based trait analyses reveal assembly patterns in tree sapling communities<\/a>. Journal of Vegetation Science, v. 23, p. 176-186, 2012.<\/p>\n<p>6.\u00a0CARLUCCI, Marcos Bergmann; DUARTE, Leandro da Silva ; PILLAR, Valerio De Patta . <a href=\"https:\/\/doi.org\/10.1111\/j.1654-1103.2010.01229.x\">Nurse rocks influence forest expansion over native grassland in southern Brazil<\/a>. Journal of Vegetation Science, v. 22, p. 111-119, 2011.<\/p>\n<p><img loading=\"lazy\" decoding=\"async\" class=\"size-full wp-image-282 alignnone\" src=\"https:\/\/bio.ufpr.br\/labef\/wp-content\/uploads\/sites\/46\/2018\/11\/jvs.2011.22.issue-1.cover_.gif\" alt=\"jvs.2011.22.issue-1.cover\" width=\"101\" height=\"133\" \/><\/p>\n<p>5.\u00a0DUARTE, Leandro da Silva ; CARLUCCI, Marcos Bergmann ; FONTANA, Carla Suertegaray ; HARTZ, Sandra Maria ; PILLAR, Valerio De Patta . <a href=\"http:\/\/dx.doi.org\/10.1556\/ComEc.12.2011.1.15\">Plant diaspore traits as indicators of mutualistic interactions in woody vegetation patches developing into a grassland-forest mosaic<\/a>. Community Ecology (Print), v. 12, p. 126-134, 2011.<\/p>\n<p>4.\u00a0CARLUCCI, Marcos Bergmann; JARENKOW, Jo\u00e3o Andr\u00e9 ; DUARTE, Leandro da Silva ; Pillar, Val\u00e9rio De Patta . <a href=\"http:\/\/dx.doi.org\/10.4322\/natcon.2011.015\">Conserva\u00e7\u00e3o da Floresta com Arauc\u00e1ria no Extremo Sul do Brasil<\/a>. Natureza &amp; Conserva\u00e7\u00e3o, v. 9, p. 111-114, 2011.<\/p>\n<p>3.\u00a0CARLUCCI, Marcos Bergmann; TEIXEIRA, Fernanda Zimmermann ; BRUM, Fernanda Thiesen ; DUARTE, Leandro da Silva . <a href=\"http:\/\/dx.doi.org\/10.1556\/ComEc.12.2011.2.7\">Edge expansion of Araucaria forest over southern Brazilian grasslands relies on nurse plant effect<\/a>.\u00a0Community Ecology, v. 12, p. 196-201, 2011.<\/p>\n<p>2.\u00a0DUARTE, Leandro da Silva ; CARLUCCI, Marcos Bergmann ; PILLAR, Valerio De Patta . <a href=\"http:\/\/dx.doi.org\/10.1111\/j.1466-8238.2009.00448.x\">Macroecological analyses reveal historical factors influencing seed dispersal strategies in Brazilian Araucaria forests<\/a>. Global Ecology and Biogeography (Print), v. 18, p. 314-326, 2009.<\/p>\n<p>1.\u00a0DUARTE, Leandro da Silva ; CARLUCCI, Marcos Bergmann ; HARTZ, Sandra Maria ; PILLAR, Valerio De Patta . <a href=\"http:\/\/dx.doi.org\/10.1658\/1100-9233(2007)18[847:PDSATC]2.0.CO;2\">Plant dispersal strategies and the colonization of Araucaria forest patches in a grassland-forest mosaic<\/a>. Journal of Vegetation Science, v. 18, p. 847-858, 2007.<\/p>\n<p>&nbsp;<\/p>\n<p><strong>CAP\u00cdTULOS DE LIVRO<\/strong><\/p>\n<p>2. CARLUCCI, Marcos Bergmann; MARCILIO-SILVA, Vinicius ; TOREZAN, Jos\u00e9 Marcelo Domingues . The southern Atlantic Forest: Use, degradation, and perspectives for conservation. In: Marques, M. C. M.; Grelle, C. E. V.. (Org.). <a href=\"https:\/\/doi.org\/10.1007\/978-3-030-55322-7_5\">The Atlantic Forest: history, biodiversity, threats and opportunities of the megadiverse forest<\/a>. Springer, 2021, v. , p. 91-111.<\/p>\n<p>1. CARLUCCI, Marcos B.; PRIETO, Pablo V. ; HERING, Roberta L. O. ; JUDICE, Diogo M. ; MONTEIRO, Nina P. . <a href=\"http:\/\/dspace.jbrj.gov.br\/jspui\/handle\/doc\/26\">Araucariaceae<\/a>. In: Gustavo Martinelli &amp; Miguel Avila Moraes. (Org.). Livro Vermelho da Flora do Brasil. 1ed. Rio de Janeiro: Instituto de Pesquisas Jardim Bot\u00e2nico do Rio de Janeiro, 2013, p. 185-186.<\/p>\n","protected":false},"excerpt":{"rendered":"<p>Uma lista atualizada das publica\u00e7\u00f5es est\u00e1 sempre dispon\u00edvel na p\u00e1gina em ingl\u00eas do LABEF, bem como no ORCID\u00a0e no Research Gate de Marcos Carlucci. &nbsp; ARTIGOS CIENT\u00cdFICOS EM REVISTAS REVISADAS POR PARES 34. FREITAS, Cintia Gomes de ; BRUM, Fernanda Thiesen ; CASSIA-SILVA, Cibele ; MARACAHIPES, Leandro ; CARLUCCI, Marcos Bergmann ; COLLEVATTI, Rosane Garcia [&hellip;]<\/p>\n","protected":false},"author":1997,"featured_media":0,"parent":0,"menu_order":0,"comment_status":"closed","ping_status":"closed","template":"","meta":{"_acf_changed":false,"_monsterinsights_skip_tracking":false,"_monsterinsights_sitenote_active":false,"_monsterinsights_sitenote_note":"","_monsterinsights_sitenote_category":0,"footnotes":""},"class_list":["post-220","page","type-page","status-publish","hentry"],"acf":[],"_links":{"self":[{"href":"https:\/\/bio.ufpr.br\/labef\/wp-json\/wp\/v2\/pages\/220","targetHints":{"allow":["GET"]}}],"collection":[{"href":"https:\/\/bio.ufpr.br\/labef\/wp-json\/wp\/v2\/pages"}],"about":[{"href":"https:\/\/bio.ufpr.br\/labef\/wp-json\/wp\/v2\/types\/page"}],"author":[{"embeddable":true,"href":"https:\/\/bio.ufpr.br\/labef\/wp-json\/wp\/v2\/users\/1997"}],"replies":[{"embeddable":true,"href":"https:\/\/bio.ufpr.br\/labef\/wp-json\/wp\/v2\/comments?post=220"}],"version-history":[{"count":23,"href":"https:\/\/bio.ufpr.br\/labef\/wp-json\/wp\/v2\/pages\/220\/revisions"}],"predecessor-version":[{"id":477,"href":"https:\/\/bio.ufpr.br\/labef\/wp-json\/wp\/v2\/pages\/220\/revisions\/477"}],"wp:attachment":[{"href":"https:\/\/bio.ufpr.br\/labef\/wp-json\/wp\/v2\/media?parent=220"}],"curies":[{"name":"wp","href":"https:\/\/api.w.org\/{rel}","templated":true}]}}