{"id":456,"date":"2023-02-28T13:12:16","date_gmt":"2023-02-28T13:12:16","guid":{"rendered":"https:\/\/bio.ufpr.br\/ligh\/?page_id=456"},"modified":"2024-07-26T12:55:56","modified_gmt":"2024-07-26T12:55:56","slug":"apresentacao","status":"publish","type":"page","link":"https:\/\/bio.ufpr.br\/ligh\/apresentacao\/","title":{"rendered":"Apresenta\u00e7\u00e3o"},"content":{"rendered":"<p style=\"text-align: justify\"><span class=\"TextRun SCXW33878037 BCX0\" lang=\"PT-BR\" xml:lang=\"PT-BR\"><span class=\"NormalTextRun SCXW33878037 BCX0\">O <strong>Laborat\u00f3rio de <\/strong><\/span><strong><span class=\"NormalTextRun SpellingErrorV2Themed SCXW33878037 BCX0\">Imunogen\u00e9tica<\/span><span class=\"NormalTextRun SCXW33878037 BCX0\"> e Histocompatibilidade (LIGH) do Departamento de Gen\u00e9tica do Setor de Ci\u00eancias Biol\u00f3gicas da UFPR<\/span><\/strong><span class=\"NormalTextRun SCXW33878037 BCX0\"> realiza projetos de ensino, pesquisa e extens\u00e3o na \u00e1rea de <\/span><span class=\"NormalTextRun SpellingErrorV2Themed SCXW33878037 BCX0\">imunogen\u00e9tica<\/span><span class=\"NormalTextRun SCXW33878037 BCX0\">, principalmente sobre os genes HLA. Esta expertise em genotipagem HLA\u00a0levou\u00a0ao credenciamento do LIGH junto ao SUS<\/span><span class=\"NormalTextRun SCXW33878037 BCX0\"> (Sistema \u00danico de Sa\u00fade\/<\/span><span class=\"NormalTextRun ContextualSpellingAndGrammarErrorV2Themed SCXW33878037 BCX0\">MS),\u00a0<\/span><span class=\"NormalTextRun SCXW33878037 BCX0\">desde 1998, para realiza\u00e7\u00e3o de exames de apoio ao <\/span><span class=\"NormalTextRun SCXW33878037 BCX0\">REDOME (Registro de Doadores Volunt\u00e1rios de Medula \u00d3ssea) <\/span><\/span><span class=\"TextRun SCXW33878037 BCX0\" lang=\"PT-BR\" xml:lang=\"PT-BR\"><span class=\"NormalTextRun SCXW33878037 BCX0\">e <\/span><span class=\"NormalTextRun SCXW33878037 BCX0\">ao S<\/span><span class=\"NormalTextRun SCXW33878037 BCX0\">ervi\u00e7o<\/span><span class=\"NormalTextRun SCXW33878037 BCX0\"> de Transplante do Hospital Erasto Gaertner<\/span><span class=\"NormalTextRun SCXW33878037 BCX0\">.<\/span><\/span><span class=\"EOP SCXW33878037 BCX0\">\u00a0<\/span><\/p>\n\n\n<figure class=\"wp-block-image size-large is-resized\"><a href=\"https:\/\/www.google.com\/maps\/@-25.4474283,-49.2334231,18.25z?entry=ttu\"><img loading=\"lazy\" decoding=\"async\" width=\"1024\" height=\"417\" src=\"https:\/\/bio.ufpr.br\/ligh\/wp-content\/uploads\/sites\/51\/2024\/07\/ligh-na-ufpr-1024x417.png\" alt=\"\" class=\"wp-image-546\" style=\"width:1148px;height:auto\" srcset=\"https:\/\/bio.ufpr.br\/ligh\/wp-content\/uploads\/sites\/51\/2024\/07\/ligh-na-ufpr-1024x417.png 1024w, https:\/\/bio.ufpr.br\/ligh\/wp-content\/uploads\/sites\/51\/2024\/07\/ligh-na-ufpr-300x122.png 300w, https:\/\/bio.ufpr.br\/ligh\/wp-content\/uploads\/sites\/51\/2024\/07\/ligh-na-ufpr-768x313.png 768w, https:\/\/bio.ufpr.br\/ligh\/wp-content\/uploads\/sites\/51\/2024\/07\/ligh-na-ufpr-1536x625.png 1536w, https:\/\/bio.ufpr.br\/ligh\/wp-content\/uploads\/sites\/51\/2024\/07\/ligh-na-ufpr-2048x834.png 2048w\" sizes=\"auto, (max-width: 1024px) 100vw, 1024px\" \/><\/a><\/figure>\n\n\n\n<div class=\"wp-block-group\"><div class=\"wp-block-group__inner-container is-layout-constrained wp-block-group-is-layout-constrained\">\n<figure class=\"wp-block-image size-large is-resized\"><img loading=\"lazy\" decoding=\"async\" width=\"768\" height=\"1024\" src=\"https:\/\/bio.ufpr.br\/ligh\/wp-content\/uploads\/sites\/51\/2024\/07\/DSC01430-768x1024.jpg\" alt=\"\" class=\"wp-image-548\" style=\"width:481px;height:auto\" srcset=\"https:\/\/bio.ufpr.br\/ligh\/wp-content\/uploads\/sites\/51\/2024\/07\/DSC01430-768x1024.jpg 768w, https:\/\/bio.ufpr.br\/ligh\/wp-content\/uploads\/sites\/51\/2024\/07\/DSC01430-225x300.jpg 225w, https:\/\/bio.ufpr.br\/ligh\/wp-content\/uploads\/sites\/51\/2024\/07\/DSC01430-1152x1536.jpg 1152w, https:\/\/bio.ufpr.br\/ligh\/wp-content\/uploads\/sites\/51\/2024\/07\/DSC01430.jpg 1536w\" sizes=\"auto, (max-width: 768px) 100vw, 768px\" \/><\/figure>\n<\/div><\/div>\n\n\n\n<div class=\"wp-block-group\"><div class=\"wp-block-group__inner-container is-layout-constrained wp-block-group-is-layout-constrained\">\n<figure class=\"wp-block-image size-full is-resized\"><img loading=\"lazy\" decoding=\"async\" width=\"500\" height=\"375\" src=\"https:\/\/bio.ufpr.br\/ligh\/wp-content\/uploads\/sites\/51\/2024\/07\/4135929271_6beaf35ce9.jpg\" alt=\"\" class=\"wp-image-549\" style=\"width:481px;height:auto\" srcset=\"https:\/\/bio.ufpr.br\/ligh\/wp-content\/uploads\/sites\/51\/2024\/07\/4135929271_6beaf35ce9.jpg 500w, https:\/\/bio.ufpr.br\/ligh\/wp-content\/uploads\/sites\/51\/2024\/07\/4135929271_6beaf35ce9-300x225.jpg 300w\" sizes=\"auto, (max-width: 500px) 100vw, 500px\" \/><\/figure>\n<\/div><\/div>\n","protected":false},"excerpt":{"rendered":"<p>O Laborat\u00f3rio de Imunogen\u00e9tica e Histocompatibilidade (LIGH) do Departamento de Gen\u00e9tica do Setor de Ci\u00eancias Biol\u00f3gicas da UFPR realiza projetos de ensino, pesquisa e extens\u00e3o na \u00e1rea de imunogen\u00e9tica, principalmente sobre os genes HLA. Esta expertise em genotipagem HLA\u00a0levou\u00a0ao credenciamento do LIGH junto ao SUS (Sistema \u00danico de Sa\u00fade\/MS),\u00a0desde 1998, para realiza\u00e7\u00e3o de exames de [&hellip;]<\/p>\n","protected":false},"author":6,"featured_media":0,"parent":0,"menu_order":0,"comment_status":"closed","ping_status":"closed","template":"","meta":{"_acf_changed":false,"_monsterinsights_skip_tracking":false,"_monsterinsights_sitenote_active":false,"_monsterinsights_sitenote_note":"","_monsterinsights_sitenote_category":0,"footnotes":""},"class_list":["post-456","page","type-page","status-publish","hentry"],"acf":[],"_links":{"self":[{"href":"https:\/\/bio.ufpr.br\/ligh\/wp-json\/wp\/v2\/pages\/456","targetHints":{"allow":["GET"]}}],"collection":[{"href":"https:\/\/bio.ufpr.br\/ligh\/wp-json\/wp\/v2\/pages"}],"about":[{"href":"https:\/\/bio.ufpr.br\/ligh\/wp-json\/wp\/v2\/types\/page"}],"author":[{"embeddable":true,"href":"https:\/\/bio.ufpr.br\/ligh\/wp-json\/wp\/v2\/users\/6"}],"replies":[{"embeddable":true,"href":"https:\/\/bio.ufpr.br\/ligh\/wp-json\/wp\/v2\/comments?post=456"}],"version-history":[{"count":9,"href":"https:\/\/bio.ufpr.br\/ligh\/wp-json\/wp\/v2\/pages\/456\/revisions"}],"predecessor-version":[{"id":547,"href":"https:\/\/bio.ufpr.br\/ligh\/wp-json\/wp\/v2\/pages\/456\/revisions\/547"}],"wp:attachment":[{"href":"https:\/\/bio.ufpr.br\/ligh\/wp-json\/wp\/v2\/media?parent=456"}],"curies":[{"name":"wp","href":"https:\/\/api.w.org\/{rel}","templated":true}]}}

Apresentação

<p style="text-align: justify"><span class="TextRun SCXW33878037 BCX0" lang="PT-BR" xml:lang="PT-BR"><span class="NormalTextRun SCXW33878037 BCX0">O <strong>Laboratório de </strong></span><strong><span class="NormalTextRun SpellingErrorV2Themed SCXW33878037 BCX0">Imunogenética</span><span class="NormalTextRun SCXW33878037 BCX0"> e Histocompatibilidade (LIGH) do Departamento de Genética do Setor de Ciências Biológicas da UFPR</span></strong><span class="NormalTextRun SCXW33878037 BCX0"> realiza projetos de ensino, pesquisa e extensão na área de </span><span class="NormalTextRun SpellingErrorV2Themed SCXW33878037 BCX0">imunogenética</span><span class="NormalTextRun SCXW33878037 BCX0">, principalmente sobre os genes HLA. Esta expertise em genotipagem HLA levou ao credenciamento do LIGH junto ao SUS</span><span class="NormalTextRun SCXW33878037 BCX0"> (Sistema Único de Saúde/</span><span class="NormalTextRun ContextualSpellingAndGrammarErrorV2Themed SCXW33878037 BCX0">MS), </span><span class="NormalTextRun SCXW33878037 BCX0">desde 1998, para realização de exames de apoio ao </span><span class="NormalTextRun SCXW33878037 BCX0">REDOME (Registro de Doadores Voluntários de Medula Óssea) </span></span><span class="TextRun SCXW33878037 BCX0" lang="PT-BR" xml:lang="PT-BR"><span class="NormalTextRun SCXW33878037 BCX0">e </span><span class="NormalTextRun SCXW33878037 BCX0">ao S</span><span class="NormalTextRun SCXW33878037 BCX0">erviço</span><span class="NormalTextRun SCXW33878037 BCX0"> de Transplante do Hospital Erasto Gaertner</span><span class="NormalTextRun SCXW33878037 BCX0">.</span></span><span class="EOP SCXW33878037 BCX0"> </span></p>


<figure class="wp-block-image size-large is-resized"><a href="https://www.google.com/maps/@-25.4474283,-49.2334231,18.25z?entry=ttu"><img loading="lazy" decoding="async" width="1024" height="417" src="https://bio.ufpr.br/ligh/wp-content/uploads/sites/51/2024/07/ligh-na-ufpr-1024x417.png" alt="" class="wp-image-546" style="width:1148px;height:auto" srcset="https://bio.ufpr.br/ligh/wp-content/uploads/sites/51/2024/07/ligh-na-ufpr-1024x417.png 1024w, https://bio.ufpr.br/ligh/wp-content/uploads/sites/51/2024/07/ligh-na-ufpr-300x122.png 300w, https://bio.ufpr.br/ligh/wp-content/uploads/sites/51/2024/07/ligh-na-ufpr-768x313.png 768w, https://bio.ufpr.br/ligh/wp-content/uploads/sites/51/2024/07/ligh-na-ufpr-1536x625.png 1536w, https://bio.ufpr.br/ligh/wp-content/uploads/sites/51/2024/07/ligh-na-ufpr-2048x834.png 2048w" sizes="auto, (max-width: 1024px) 100vw, 1024px" /></a></figure>



<div class="wp-block-group"><div class="wp-block-group__inner-container is-layout-constrained wp-block-group-is-layout-constrained">
<figure class="wp-block-image size-large is-resized"><img loading="lazy" decoding="async" width="768" height="1024" src="https://bio.ufpr.br/ligh/wp-content/uploads/sites/51/2024/07/DSC01430-768x1024.jpg" alt="" class="wp-image-548" style="width:481px;height:auto" srcset="https://bio.ufpr.br/ligh/wp-content/uploads/sites/51/2024/07/DSC01430-768x1024.jpg 768w, https://bio.ufpr.br/ligh/wp-content/uploads/sites/51/2024/07/DSC01430-225x300.jpg 225w, https://bio.ufpr.br/ligh/wp-content/uploads/sites/51/2024/07/DSC01430-1152x1536.jpg 1152w, https://bio.ufpr.br/ligh/wp-content/uploads/sites/51/2024/07/DSC01430.jpg 1536w" sizes="auto, (max-width: 768px) 100vw, 768px" /></figure>
</div></div>



<div class="wp-block-group"><div class="wp-block-group__inner-container is-layout-constrained wp-block-group-is-layout-constrained">
<figure class="wp-block-image size-full is-resized"><img loading="lazy" decoding="async" width="500" height="375" src="https://bio.ufpr.br/ligh/wp-content/uploads/sites/51/2024/07/4135929271_6beaf35ce9.jpg" alt="" class="wp-image-549" style="width:481px;height:auto" srcset="https://bio.ufpr.br/ligh/wp-content/uploads/sites/51/2024/07/4135929271_6beaf35ce9.jpg 500w, https://bio.ufpr.br/ligh/wp-content/uploads/sites/51/2024/07/4135929271_6beaf35ce9-300x225.jpg 300w" sizes="auto, (max-width: 500px) 100vw, 500px" /></figure>
</div></div>

<p>O Laboratório de Imunogenética e Histocompatibilidade (LIGH) do Departamento de Genética do Setor de Ciências Biológicas da UFPR realiza projetos de ensino, pesquisa e extensão na área de imunogenética, principalmente sobre os genes HLA. Esta expertise em genotipagem HLA levou ao credenciamento do LIGH junto ao SUS (Sistema Único de Saúde/MS), desde 1998, para realização de exames de [&hellip;]</p>
