{"id":462,"date":"2023-02-28T13:12:51","date_gmt":"2023-02-28T13:12:51","guid":{"rendered":"https:\/\/bio.ufpr.br\/ligh\/?page_id=462"},"modified":"2024-07-01T14:34:34","modified_gmt":"2024-07-01T14:34:34","slug":"extensao","status":"publish","type":"page","link":"https:\/\/bio.ufpr.br\/ligh\/extensao\/","title":{"rendered":"Extens\u00e3o"},"content":{"rendered":"<p style=\"text-align: justify\">No ano 2000, iniciaram-se as atividades do <em>Grupo de Recrutamento e A\u00e7\u00f5es Estrat\u00e9gicas do LIGH-UFPR\/Funpar<\/em>, com a finalidade de apoiar o Centro de Hematologia e Hemoterapia do Paran\u00e1 (HEMEPAR) na conscientiza\u00e7\u00e3o sobre a import\u00e2ncia do cadastro como doador volunt\u00e1rio de medula \u00f3ssea. O <em>Grupo de Recrutamento e A\u00e7\u00f5es Estrat\u00e9gicas do LIGH-UFPR\/Funpar<\/em>, contava com a participa\u00e7\u00e3o de funcion\u00e1rios e estagi\u00e1rios do laborat\u00f3rio e docentes da UFPR, que participavam das atividades dentro do HEMEPAR, em eventos externos em igrejas, clubes, universidade, pra\u00e7as, parques, escolas e realizando palestras.<\/p>\n<p style=\"text-align: justify\">Com o aumento das atividades relacionadas \u00e0 conscientiza\u00e7\u00e3o sobre a doa\u00e7\u00e3o volunt\u00e1ria de medula \u00f3ssea, houve a necessidade de expandir o Grupo. Foi ent\u00e3o iniciado, em 2006, o Projeto de Extens\u00e3o &#8220;Doador de Medula \u00d3ssea do Presente e do Futuro&#8221; em parceria com o Departamento de Patologia B\u00e1sica, coordenado pela Profa. Dra. Eni Alcantara Picchioni, envolvendo alunos das \u00e1reas biol\u00f3gicas e da sa\u00fade da UFPR.<\/p>\n<p style=\"text-align: justify\">Em 2008, foi iniciada uma parceria com o Banco de Sangue do Hospital Erasto Gaertner para o aumento das atividades de conscientiza\u00e7\u00e3o sobre a doa\u00e7\u00e3o volunt\u00e1ria de medula \u00f3ssea.<\/p>\n<p style=\"text-align: justify\">Em maio de 2021, o este Projeto de Extens\u00e3o passou a se chamar &#8220;UFPR na Conscientiza\u00e7\u00e3o de Doadores de Medula \u00d3ssea&#8221;. Durante a pandemia de COVID-19, as estrat\u00e9gias de conscientiza\u00e7\u00e3o foram readaptadas, considerando a necessidade de isolamento social. Os alunos participantes do projeto passaram a realizar a divulga\u00e7\u00e3o sobre o transplante e a doa\u00e7\u00e3o de medula \u00f3ssea por meio de redes sociais, atrav\u00e9s da p\u00e1gina no Instagram \u201c@doe.medula.ossea\u201d.<\/p>\n","protected":false},"excerpt":{"rendered":"<p>No ano 2000, iniciaram-se as atividades do Grupo de Recrutamento e A\u00e7\u00f5es Estrat\u00e9gicas do LIGH-UFPR\/Funpar, com a finalidade de apoiar o Centro de Hematologia e Hemoterapia do Paran\u00e1 (HEMEPAR) na conscientiza\u00e7\u00e3o sobre a import\u00e2ncia do cadastro como doador volunt\u00e1rio de medula \u00f3ssea. O Grupo de Recrutamento e A\u00e7\u00f5es Estrat\u00e9gicas do LIGH-UFPR\/Funpar, contava com a participa\u00e7\u00e3o [&hellip;]<\/p>\n","protected":false},"author":2057,"featured_media":0,"parent":0,"menu_order":0,"comment_status":"closed","ping_status":"closed","template":"","meta":{"_acf_changed":false,"_monsterinsights_skip_tracking":false,"_monsterinsights_sitenote_active":false,"_monsterinsights_sitenote_note":"","_monsterinsights_sitenote_category":0,"footnotes":""},"class_list":["post-462","page","type-page","status-publish","hentry"],"acf":[],"_links":{"self":[{"href":"https:\/\/bio.ufpr.br\/ligh\/wp-json\/wp\/v2\/pages\/462","targetHints":{"allow":["GET"]}}],"collection":[{"href":"https:\/\/bio.ufpr.br\/ligh\/wp-json\/wp\/v2\/pages"}],"about":[{"href":"https:\/\/bio.ufpr.br\/ligh\/wp-json\/wp\/v2\/types\/page"}],"author":[{"embeddable":true,"href":"https:\/\/bio.ufpr.br\/ligh\/wp-json\/wp\/v2\/users\/2057"}],"replies":[{"embeddable":true,"href":"https:\/\/bio.ufpr.br\/ligh\/wp-json\/wp\/v2\/comments?post=462"}],"version-history":[{"count":3,"href":"https:\/\/bio.ufpr.br\/ligh\/wp-json\/wp\/v2\/pages\/462\/revisions"}],"predecessor-version":[{"id":528,"href":"https:\/\/bio.ufpr.br\/ligh\/wp-json\/wp\/v2\/pages\/462\/revisions\/528"}],"wp:attachment":[{"href":"https:\/\/bio.ufpr.br\/ligh\/wp-json\/wp\/v2\/media?parent=462"}],"curies":[{"name":"wp","href":"https:\/\/api.w.org\/{rel}","templated":true}]}}

Extensão

<p style="text-align: justify">No ano 2000, iniciaram-se as atividades do <em>Grupo de Recrutamento e Ações Estratégicas do LIGH-UFPR/Funpar</em>, com a finalidade de apoiar o Centro de Hematologia e Hemoterapia do Paraná (HEMEPAR) na conscientização sobre a importância do cadastro como doador voluntário de medula óssea. O <em>Grupo de Recrutamento e Ações Estratégicas do LIGH-UFPR/Funpar</em>, contava com a participação de funcionários e estagiários do laboratório e docentes da UFPR, que participavam das atividades dentro do HEMEPAR, em eventos externos em igrejas, clubes, universidade, praças, parques, escolas e realizando palestras.</p>
<p style="text-align: justify">Com o aumento das atividades relacionadas à conscientização sobre a doação voluntária de medula óssea, houve a necessidade de expandir o Grupo. Foi então iniciado, em 2006, o Projeto de Extensão &#8220;Doador de Medula Óssea do Presente e do Futuro&#8221; em parceria com o Departamento de Patologia Básica, coordenado pela Profa. Dra. Eni Alcantara Picchioni, envolvendo alunos das áreas biológicas e da saúde da UFPR.</p>
<p style="text-align: justify">Em 2008, foi iniciada uma parceria com o Banco de Sangue do Hospital Erasto Gaertner para o aumento das atividades de conscientização sobre a doação voluntária de medula óssea.</p>
<p style="text-align: justify">Em maio de 2021, o este Projeto de Extensão passou a se chamar &#8220;UFPR na Conscientização de Doadores de Medula Óssea&#8221;. Durante a pandemia de COVID-19, as estratégias de conscientização foram readaptadas, considerando a necessidade de isolamento social. Os alunos participantes do projeto passaram a realizar a divulgação sobre o transplante e a doação de medula óssea por meio de redes sociais, através da página no Instagram “@doe.medula.ossea”.</p>

<p>No ano 2000, iniciaram-se as atividades do Grupo de Recrutamento e Ações Estratégicas do LIGH-UFPR/Funpar, com a finalidade de apoiar o Centro de Hematologia e Hemoterapia do Paraná (HEMEPAR) na conscientização sobre a importância do cadastro como doador voluntário de medula óssea. O Grupo de Recrutamento e Ações Estratégicas do LIGH-UFPR/Funpar, contava com a participação [&hellip;]</p>
