{"id":43,"date":"2017-06-08T13:01:57","date_gmt":"2017-06-08T13:01:57","guid":{"rendered":"https:\/\/bio.ufpr.br\/lmv\/?page_id=43"},"modified":"2024-06-11T14:33:30","modified_gmt":"2024-06-11T17:33:30","slug":"projetos-de-pesquisa","status":"publish","type":"page","link":"https:\/\/bio.ufpr.br\/lmv\/projetos-de-pesquisa\/","title":{"rendered":"Projetos de pesquisa"},"content":{"rendered":"<p style=\"text-align: justify\"><span style=\"color: #000000\">De maneira geral, os projetos de pesquisa do LMV-UFPR envolvem a utiliza\u00e7\u00e3o de ferramentas biotecnol\u00f3gicas, como a micropropaga\u00e7\u00e3o, para\u00a0o cultivo\u00a0<em>in vitro\u00a0<\/em>de plantas visando sua caracteriza\u00e7\u00e3o morfoanat\u00f4mica, conserva\u00e7\u00e3o, multiplica\u00e7\u00e3o massal e estudos bioqu\u00edmicos e moleculares aplicados \u00e0s rotas morfogen\u00e9ticas de embriog\u00eanese som\u00e1tica e organog\u00eanese.<\/span><\/p>\n<p style=\"text-align: justify\"><span style=\"color: #000000\">Alguns dos projetos vigentes s\u00e3o:<\/span><\/p>\n<p style=\"text-align: justify\"><span style=\"color: #000000\"><strong>An\u00e1lises fisiol\u00f3gicas, bioqu\u00edmicas e morfoanat\u00f4micas durante a morfog\u00eanese de <em>Podocarpus lambertii<\/em> Klotzch ex Endl. e <em>Araucaria angustifolia<\/em> (Bertol.) Kuntze<\/strong><\/span><\/p>\n<p style=\"text-align: justify\"><span style=\"color: #000000\">Descri\u00e7\u00e3o: A indu\u00e7\u00e3o e controle da morfog\u00eanese <em>in vitro<\/em> oportunizam o estudo da c\u00e9lula, tecido, \u00f3rg\u00e3o ou organismo inteiro. Dentre as poss\u00edveis rotas morfogen\u00e9ticas in vitro destacam-se a embriog\u00eanese som\u00e1tica (ES) e a organog\u00eanese. Essas rotas morfogen\u00e9ticas s\u00e3o acompanhadas por altera\u00e7\u00f5es bioqu\u00edmicas e morfoanat\u00f4micas expressivas no ambiente das c\u00e9lulas e seus componentes que necessitam ser monitorados, trazendo informa\u00e7\u00f5es relevantes e complementares. Neste sentido, o presente projeto tem como objetivo geral o uso de abordagens biotecnol\u00f3gicas, como a ES e a organog\u00eanese, para o estudo da morfog\u00eanese de duas con\u00edferas nativas do Brasil, <em>Araucaria angustifolia<\/em> e <em>Podocarpus lambertii<\/em>, visando sua caracteriza\u00e7\u00e3o, propaga\u00e7\u00e3o e conserva\u00e7\u00e3o. Os resultados a serem obtidos no presente projeto permitir\u00e3o uma maior compreens\u00e3o dos aspectos bioqu\u00edmicos e morfoanat\u00f4micos associados ao processo de morfog\u00eanese in vitro das esp\u00e9cies-alvo, bem como ir\u00e3o gerar informa\u00e7\u00f5es relevantes sobre a import\u00e2ncia da manipula\u00e7\u00e3o das condi\u00e7\u00f5es de cultivo durante o estabelecimento de protocolos eficientes para micropropaga\u00e7\u00e3o. Os resultados aqui obtidos possibilitar\u00e3o ainda estabelecer estrat\u00e9gias mais robustas para a conserva\u00e7\u00e3o e o uso das esp\u00e9cies-alvo do projeto e avan\u00e7ar no conhecimento cient\u00edfico subjacente a estas (bio)tecnologias.<\/span><\/p>\n<p style=\"text-align: justify\"><span style=\"color: #000000\">Integrantes: Hugo Pacheco de Freitas Fraga &#8211; Coordenador \/ Miguel Pedro Guerra &#8211; Integrante \/ Leila do Nascimento Vieira &#8211; Integrante \/ Luciana Lopes Fortes Ribas &#8211; Integrante \/ Marguerite Quoirin &#8211; Integrante.<\/span><\/p>\n<p style=\"text-align: justify\"><span style=\"color: #000000\">Financiador(es): CNPq<\/span><\/p>\n<p style=\"text-align: justify\"><span style=\"color: #000000\"><strong>Biotecnologias aplicadas ao uso, conserva\u00e7\u00e3o e propaga\u00e7\u00e3o de esp\u00e9cies de Myrtaceae nativas do Brasil<\/strong><\/span><\/p>\n<p><span style=\"color: #000000\">Descri\u00e7\u00e3o: O presente projeto visa o estudo de tr\u00eas esp\u00e9cies de Myrtaceae nativas do Brasil: ara\u00e7azeiro (Psidium cattleianum), gabirobeira (Campomanesia xanthocarpa) e jabuticabeira (Plinia sp.), com potencial de uso como esp\u00e9cies frut\u00edferas, medicinais e para produ\u00e7\u00e3o de polissacar\u00eddeos. A maioria dessas esp\u00e9cies tem a sua distribui\u00e7\u00e3o restrita \u00e0s regi\u00f5es Sudeste e Sul do pa\u00eds e fazem parte do bioma da Mata Atl\u00e2ntica. Tendo em vista a preserva\u00e7\u00e3o desse bioma e a grande representatividade da fam\u00edlia Myrtaceae, esfor\u00e7os s\u00e3o necess\u00e1rios para a utiliza\u00e7\u00e3o dos recursos naturais desta fam\u00edlia de maneira sustent\u00e1vel e que ofere\u00e7am a possibilidade da conserva\u00e7\u00e3o das esp\u00e9cies. Essas esp\u00e9cies s\u00e3o, em geral, gradativamente eliminadas da floresta nativa devido ao desmatamento, sendo exploradas por extrativismo e apenas parcialmente domesticadas. A propaga\u00e7\u00e3o via sexuada \u00e9 limitada pela recalcitr\u00e2ncia e dificuldade de armazenamento das sementes, e a produ\u00e7\u00e3o de mudas por t\u00e9cnicas de macropropaga\u00e7\u00e3o \u00e9 pouco eficiente. Neste sentido, o projeto permitir\u00e1 estabelecer a cultura de tecidos in vitro dessas esp\u00e9cies para fins de conserva\u00e7\u00e3o e propaga\u00e7\u00e3o, assim como estudar a estrutura qu\u00edmica de pectinas extra\u00eddas de frutos. Os resultados obtidos v\u00e3o constituir fundamentos para aplica\u00e7\u00f5es em biotecnologia vegetal assim como nas \u00e1reas aliment\u00edcia, cosm\u00e9tica, biom\u00e9dica e farmac\u00eautica.<\/span><\/p>\n<p><span style=\"color: #000000\">Integrantes: Hugo Pacheco de Freitas Fraga &#8211; Integrante \/ Luciana Lopes Fortes Ribas &#8211; Integrante \/ Marguerite Quoirin &#8211; Coordenador \/ Joana Lea Meira Silveira &#8211; Integrante.<\/span><\/p>\n<p><span style=\"color: #000000\">Financiador(es): PRPPG-UFPR<\/span><\/p>\n<p><span style=\"color: #000000\"><strong>Conserva\u00e7\u00e3o de orqu\u00eddeas amea\u00e7adas de extin\u00e7\u00e3o da Mata Atl\u00e2ntica por meio de banco de sementes e micropropaga\u00e7\u00e3o<\/strong><\/span><\/p>\n<p><span style=\"color: #000000\">Descri\u00e7\u00e3o: O projeto tem como objetivo a conserva\u00e7\u00e3o ex situ de orqu\u00eddeas que correm risco de extin\u00e7\u00e3o por meio de banco de sementes, germina\u00e7\u00e3o assimbi\u00f3tica e micropropaga\u00e7\u00e3o. A UFPR tem parceria com OSSU (Orchid Seed Stores for Sustaintable Use). Com o aux\u00edlio de alunos de mestrado e inicia\u00e7\u00e3o cient\u00edfica tem sido avaliadas as melhores condi\u00e7\u00f5es de armazenamento (temperatura e tempo), de germina\u00e7\u00e3o in vitro e t\u00e9cnicas de micropropaga\u00e7\u00e3o mais apropriadas para propaga\u00e7\u00e3o em grande escala de esp\u00e9cies de orqu\u00eddeas e micro-orqu\u00eddeas.<\/span><\/p>\n<p><span style=\"color: #000000\">Integrantes: Luciana Lopes Fortes Ribas &#8211; Coordenador \/ Erika Amano &#8211; Integrante \/ Eric C Smidt &#8211; Integrante \/ Franciele Marx Koene &#8211; Integrante \/ Julio Amatuzi &#8211; Integrante.<\/span><\/p>\n<p><span style=\"color: #000000\"><strong>Germina\u00e7\u00e3o assimbi\u00f3tica e propaga\u00e7\u00e3o in vitro de esp\u00e9cies da Subtribo Pleurothallidinae (Orchidaceae)<\/strong><\/span><\/p>\n<p><span style=\"color: #000000\">Descri\u00e7\u00e3o: A Subtribo Pleurothallidinae pertence \u00e0 familia Orchidaceae e \u00e9 constitu\u00edda de 4100 esp\u00e9cies, sendo conhecida como micro-orqu\u00eddeas, devido ao tamanho das plantas. Muitas dessas esp\u00e9cies est\u00e3o restritas a um dos biomas mais amea\u00e7ados, a Floresta Atl\u00e2ntica. As sementes de orqu\u00eddeas s\u00e3o min\u00fasculas e possuem poucas reservas nutricionais, sendo que para que a germina\u00e7\u00e3o e o desenvolvimento em pl\u00e2ntula ocorram na natureza \u00e9 necess\u00e1ria a presen\u00e7a de fungos micorr\u00edzicos. Al\u00e9m disso, s\u00e3o escassas as informa\u00e7\u00f5es de cultivo dessas esp\u00e9cies. A germina\u00e7\u00e3o assimbi\u00f3tica representa o sistema ideal para estudar o crescimento e desenvolvimento de sementes e pl\u00e2ntulas de orqu\u00eddeas e as t\u00e9cnicas de cultura de tecidos s\u00e3o alternativas para a propaga\u00e7\u00e3o massal das esp\u00e9cies. Com isso, o presente estudo tem como objetivo estabelecer protocolos de conserva\u00e7\u00e3o, germina\u00e7\u00e3o assimbi\u00f3tica e propaga\u00e7\u00e3o in vitro de esp\u00e9cies de orqu\u00eddeas de g\u00eaneros pertencentes \u00e0 subtribo Pleurothallidinae para a produ\u00e7\u00e3o de mudas em grande escala e reintrodu\u00e7\u00e3o de plantas em seu habitat natural.<\/span><\/p>\n<p><span style=\"color: #000000\">Integrantes: Luciana Lopes Fortes Ribas &#8211; Coordenador \/ Erika Amano &#8211; Integrante \/ Eric C Smidt &#8211; Integrante \/ Hugo Pacheco de Freitas Fraga &#8211; Integrante \/ Leila do Nascimento Vieira &#8211; Integrante \/ Rog\u00e9rio Mamoru Suzuki &#8211; Integrante.<\/span><\/p>\n<p><span style=\"color: #000000\"><strong>Micropropaga\u00e7\u00e3o de esp\u00e9cies lenhosas<\/strong><\/span><\/p>\n<p><span style=\"color: #000000\">Descri\u00e7\u00e3o: Esse projeto tem como objetivo desenvolver protocolos de micropropaga\u00e7\u00e3o para esp\u00e9cies lenhosas, principalmente mogno (<em>Swietenia macrophylla<\/em>), guanandi (<em>Calophyllum brasiliense<\/em>), imbuia (<em>Ocotea porosa<\/em>), pau andrade (<em>Persea major<\/em>), erva mate (<em>Ilex paraguariensis<\/em>), jabuticabeira (<em>Plinia trunciflora<\/em>) e guabirobeira (<em>Campomanesia xanthocarpa<\/em>). No \u00e2mbito deste projeto, s\u00e3o desenvolvidas t\u00e9cnicas de organog\u00eanese direta e indireta e de embriog\u00eanese som\u00e1tica. No caso da organog\u00eanese, a pesquisa ter\u00e1 como objetivo espec\u00edfico o estabelecimento de clones e\/ou tecidos <em>in vitro<\/em>, a obten\u00e7\u00e3o de meios de cultura eficientes para a multiplica\u00e7\u00e3o de brotos, alongamento e enraizamento e determina\u00e7\u00e3o das melhores condi\u00e7\u00f5es de aclimatiza\u00e7\u00e3o. No caso da embriog\u00eanese som\u00e1tica, os objetivos ser\u00e3o a obten\u00e7\u00e3o de calos e massas embriog\u00eanicas, de embri\u00f5es nos diferentes est\u00e1gios de desenvolvimento e convers\u00e3o em pl\u00e2ntulas.<\/span><\/p>\n<p><span style=\"color: #000000\">Integrantes: Marguerite Germaine Ghislaine Quoirin &#8211; Coordenador \/ Juliana Degenhardt &#8211; Integrante \/ Rodrigo Cordeiro da Silva &#8211; Integrante \/ Sheila Susy Silveira &#8211; Integrante \/ Poliana Graf Cordeiro &#8211; Integrante \/ J\u00e9ssica de C\u00e1ssia Tomasi &#8211; Integrante \/ Fabr\u00edcia Lorrane Rodrigues Oliveira &#8211; Integrante \/ Amanda Caldas Pereira &#8211; Integrante \/ Bruno Francisco Sant\u00b4Anna dos Santos &#8211; Integrante.<\/span><br \/>\n<span style=\"color: #000000\"> Financiador(es): EMBRAPA &#8211; FLORESTAS &#8211; Outra.<\/span><\/p>\n<div class=\"layout-cell-pad-5\">\n<p style=\"text-align: center\">\n<\/div>\n","protected":false},"excerpt":{"rendered":"<p>De maneira geral, os projetos de pesquisa do LMV-UFPR envolvem a utiliza\u00e7\u00e3o de ferramentas biotecnol\u00f3gicas, como a micropropaga\u00e7\u00e3o, para\u00a0o cultivo\u00a0in vitro\u00a0de plantas visando sua caracteriza\u00e7\u00e3o morfoanat\u00f4mica, conserva\u00e7\u00e3o, multiplica\u00e7\u00e3o massal e estudos bioqu\u00edmicos e moleculares aplicados \u00e0s rotas morfogen\u00e9ticas de embriog\u00eanese som\u00e1tica e organog\u00eanese. Alguns dos projetos vigentes s\u00e3o: An\u00e1lises fisiol\u00f3gicas, bioqu\u00edmicas e morfoanat\u00f4micas durante a [&hellip;]<\/p>\n","protected":false},"author":1994,"featured_media":5,"parent":0,"menu_order":0,"comment_status":"closed","ping_status":"closed","template":"","meta":{"_acf_changed":false,"_monsterinsights_skip_tracking":false,"_monsterinsights_sitenote_active":false,"_monsterinsights_sitenote_note":"","_monsterinsights_sitenote_category":0,"footnotes":""},"class_list":["post-43","page","type-page","status-publish","has-post-thumbnail","hentry"],"acf":[],"_links":{"self":[{"href":"https:\/\/bio.ufpr.br\/lmv\/wp-json\/wp\/v2\/pages\/43","targetHints":{"allow":["GET"]}}],"collection":[{"href":"https:\/\/bio.ufpr.br\/lmv\/wp-json\/wp\/v2\/pages"}],"about":[{"href":"https:\/\/bio.ufpr.br\/lmv\/wp-json\/wp\/v2\/types\/page"}],"author":[{"embeddable":true,"href":"https:\/\/bio.ufpr.br\/lmv\/wp-json\/wp\/v2\/users\/1994"}],"replies":[{"embeddable":true,"href":"https:\/\/bio.ufpr.br\/lmv\/wp-json\/wp\/v2\/comments?post=43"}],"version-history":[{"count":13,"href":"https:\/\/bio.ufpr.br\/lmv\/wp-json\/wp\/v2\/pages\/43\/revisions"}],"predecessor-version":[{"id":627,"href":"https:\/\/bio.ufpr.br\/lmv\/wp-json\/wp\/v2\/pages\/43\/revisions\/627"}],"wp:featuredmedia":[{"embeddable":true,"href":"https:\/\/bio.ufpr.br\/lmv\/wp-json\/wp\/v2\/media\/5"}],"wp:attachment":[{"href":"https:\/\/bio.ufpr.br\/lmv\/wp-json\/wp\/v2\/media?parent=43"}],"curies":[{"name":"wp","href":"https:\/\/api.w.org\/{rel}","templated":true}]}}

<p style="text-align: justify"><span style="color: #000000">De maneira geral, os projetos de pesquisa do LMV-UFPR envolvem a utilização de ferramentas biotecnológicas, como a micropropagação, para o cultivo <em>in vitro </em>de plantas visando sua caracterização morfoanatômica, conservação, multiplicação massal e estudos bioquímicos e moleculares aplicados às rotas morfogenéticas de embriogênese somática e organogênese.</span></p>
<p style="text-align: justify"><span style="color: #000000">Alguns dos projetos vigentes são:</span></p>
<p style="text-align: justify"><span style="color: #000000"><strong>Análises fisiológicas, bioquímicas e morfoanatômicas durante a morfogênese de <em>Podocarpus lambertii</em> Klotzch ex Endl. e <em>Araucaria angustifolia</em> (Bertol.) Kuntze</strong></span></p>
<p style="text-align: justify"><span style="color: #000000">Descrição: A indução e controle da morfogênese <em>in vitro</em> oportunizam o estudo da célula, tecido, órgão ou organismo inteiro. Dentre as possíveis rotas morfogenéticas in vitro destacam-se a embriogênese somática (ES) e a organogênese. Essas rotas morfogenéticas são acompanhadas por alterações bioquímicas e morfoanatômicas expressivas no ambiente das células e seus componentes que necessitam ser monitorados, trazendo informações relevantes e complementares. Neste sentido, o presente projeto tem como objetivo geral o uso de abordagens biotecnológicas, como a ES e a organogênese, para o estudo da morfogênese de duas coníferas nativas do Brasil, <em>Araucaria angustifolia</em> e <em>Podocarpus lambertii</em>, visando sua caracterização, propagação e conservação. Os resultados a serem obtidos no presente projeto permitirão uma maior compreensão dos aspectos bioquímicos e morfoanatômicos associados ao processo de morfogênese in vitro das espécies-alvo, bem como irão gerar informações relevantes sobre a importância da manipulação das condições de cultivo durante o estabelecimento de protocolos eficientes para micropropagação. Os resultados aqui obtidos possibilitarão ainda estabelecer estratégias mais robustas para a conservação e o uso das espécies-alvo do projeto e avançar no conhecimento científico subjacente a estas (bio)tecnologias.</span></p>
<p style="text-align: justify"><span style="color: #000000">Integrantes: Hugo Pacheco de Freitas Fraga &#8211; Coordenador / Miguel Pedro Guerra &#8211; Integrante / Leila do Nascimento Vieira &#8211; Integrante / Luciana Lopes Fortes Ribas &#8211; Integrante / Marguerite Quoirin &#8211; Integrante.</span></p>
<p style="text-align: justify"><span style="color: #000000">Financiador(es): CNPq</span></p>
<p style="text-align: justify"><span style="color: #000000"><strong>Biotecnologias aplicadas ao uso, conservação e propagação de espécies de Myrtaceae nativas do Brasil</strong></span></p>
<p><span style="color: #000000">Descrição: O presente projeto visa o estudo de três espécies de Myrtaceae nativas do Brasil: araçazeiro (Psidium cattleianum), gabirobeira (Campomanesia xanthocarpa) e jabuticabeira (Plinia sp.), com potencial de uso como espécies frutíferas, medicinais e para produção de polissacarídeos. A maioria dessas espécies tem a sua distribuição restrita às regiões Sudeste e Sul do país e fazem parte do bioma da Mata Atlântica. Tendo em vista a preservação desse bioma e a grande representatividade da família Myrtaceae, esforços são necessários para a utilização dos recursos naturais desta família de maneira sustentável e que ofereçam a possibilidade da conservação das espécies. Essas espécies são, em geral, gradativamente eliminadas da floresta nativa devido ao desmatamento, sendo exploradas por extrativismo e apenas parcialmente domesticadas. A propagação via sexuada é limitada pela recalcitrância e dificuldade de armazenamento das sementes, e a produção de mudas por técnicas de macropropagação é pouco eficiente. Neste sentido, o projeto permitirá estabelecer a cultura de tecidos in vitro dessas espécies para fins de conservação e propagação, assim como estudar a estrutura química de pectinas extraídas de frutos. Os resultados obtidos vão constituir fundamentos para aplicações em biotecnologia vegetal assim como nas áreas alimentícia, cosmética, biomédica e farmacêutica.</span></p>
<p><span style="color: #000000">Integrantes: Hugo Pacheco de Freitas Fraga &#8211; Integrante / Luciana Lopes Fortes Ribas &#8211; Integrante / Marguerite Quoirin &#8211; Coordenador / Joana Lea Meira Silveira &#8211; Integrante.</span></p>
<p><span style="color: #000000">Financiador(es): PRPPG-UFPR</span></p>
<p><span style="color: #000000"><strong>Conservação de orquídeas ameaçadas de extinção da Mata Atlântica por meio de banco de sementes e micropropagação</strong></span></p>
<p><span style="color: #000000">Descrição: O projeto tem como objetivo a conservação ex situ de orquídeas que correm risco de extinção por meio de banco de sementes, germinação assimbiótica e micropropagação. A UFPR tem parceria com OSSU (Orchid Seed Stores for Sustaintable Use). Com o auxílio de alunos de mestrado e iniciação científica tem sido avaliadas as melhores condições de armazenamento (temperatura e tempo), de germinação in vitro e técnicas de micropropagação mais apropriadas para propagação em grande escala de espécies de orquídeas e micro-orquídeas.</span></p>
<p><span style="color: #000000">Integrantes: Luciana Lopes Fortes Ribas &#8211; Coordenador / Erika Amano &#8211; Integrante / Eric C Smidt &#8211; Integrante / Franciele Marx Koene &#8211; Integrante / Julio Amatuzi &#8211; Integrante.</span></p>
<p><span style="color: #000000"><strong>Germinação assimbiótica e propagação in vitro de espécies da Subtribo Pleurothallidinae (Orchidaceae)</strong></span></p>
<p><span style="color: #000000">Descrição: A Subtribo Pleurothallidinae pertence à familia Orchidaceae e é constituída de 4100 espécies, sendo conhecida como micro-orquídeas, devido ao tamanho das plantas. Muitas dessas espécies estão restritas a um dos biomas mais ameaçados, a Floresta Atlântica. As sementes de orquídeas são minúsculas e possuem poucas reservas nutricionais, sendo que para que a germinação e o desenvolvimento em plântula ocorram na natureza é necessária a presença de fungos micorrízicos. Além disso, são escassas as informações de cultivo dessas espécies. A germinação assimbiótica representa o sistema ideal para estudar o crescimento e desenvolvimento de sementes e plântulas de orquídeas e as técnicas de cultura de tecidos são alternativas para a propagação massal das espécies. Com isso, o presente estudo tem como objetivo estabelecer protocolos de conservação, germinação assimbiótica e propagação in vitro de espécies de orquídeas de gêneros pertencentes à subtribo Pleurothallidinae para a produção de mudas em grande escala e reintrodução de plantas em seu habitat natural.</span></p>
<p><span style="color: #000000">Integrantes: Luciana Lopes Fortes Ribas &#8211; Coordenador / Erika Amano &#8211; Integrante / Eric C Smidt &#8211; Integrante / Hugo Pacheco de Freitas Fraga &#8211; Integrante / Leila do Nascimento Vieira &#8211; Integrante / Rogério Mamoru Suzuki &#8211; Integrante.</span></p>
<p><span style="color: #000000"><strong>Micropropagação de espécies lenhosas</strong></span></p>
<p><span style="color: #000000">Descrição: Esse projeto tem como objetivo desenvolver protocolos de micropropagação para espécies lenhosas, principalmente mogno (<em>Swietenia macrophylla</em>), guanandi (<em>Calophyllum brasiliense</em>), imbuia (<em>Ocotea porosa</em>), pau andrade (<em>Persea major</em>), erva mate (<em>Ilex paraguariensis</em>), jabuticabeira (<em>Plinia trunciflora</em>) e guabirobeira (<em>Campomanesia xanthocarpa</em>). No âmbito deste projeto, são desenvolvidas técnicas de organogênese direta e indireta e de embriogênese somática. No caso da organogênese, a pesquisa terá como objetivo específico o estabelecimento de clones e/ou tecidos <em>in vitro</em>, a obtenção de meios de cultura eficientes para a multiplicação de brotos, alongamento e enraizamento e determinação das melhores condições de aclimatização. No caso da embriogênese somática, os objetivos serão a obtenção de calos e massas embriogênicas, de embriões nos diferentes estágios de desenvolvimento e conversão em plântulas.</span></p>
<p><span style="color: #000000">Integrantes: Marguerite Germaine Ghislaine Quoirin &#8211; Coordenador / Juliana Degenhardt &#8211; Integrante / Rodrigo Cordeiro da Silva &#8211; Integrante / Sheila Susy Silveira &#8211; Integrante / Poliana Graf Cordeiro &#8211; Integrante / Jéssica de Cássia Tomasi &#8211; Integrante / Fabrícia Lorrane Rodrigues Oliveira &#8211; Integrante / Amanda Caldas Pereira &#8211; Integrante / Bruno Francisco Sant´Anna dos Santos &#8211; Integrante.</span><br />
<span style="color: #000000"> Financiador(es): EMBRAPA &#8211; FLORESTAS &#8211; Outra.</span></p>
<div class="layout-cell-pad-5">
<p style="text-align: center">
</div>

<p>De maneira geral, os projetos de pesquisa do LMV-UFPR envolvem a utilização de ferramentas biotecnológicas, como a micropropagação, para o cultivo in vitro de plantas visando sua caracterização morfoanatômica, conservação, multiplicação massal e estudos bioquímicos e moleculares aplicados às rotas morfogenéticas de embriogênese somática e organogênese. Alguns dos projetos vigentes são: Análises fisiológicas, bioquímicas e morfoanatômicas durante a [&hellip;]</p>
