{"id":51,"date":"2017-06-08T13:10:12","date_gmt":"2017-06-08T13:10:12","guid":{"rendered":"https:\/\/bio.ufpr.br\/lmv\/?page_id=51"},"modified":"2024-06-11T14:43:37","modified_gmt":"2024-06-11T17:43:37","slug":"publicacoes-recentes","status":"publish","type":"page","link":"https:\/\/bio.ufpr.br\/lmv\/publicacoes-recentes\/","title":{"rendered":"Publica\u00e7\u00f5es recentes"},"content":{"rendered":"<h4 style=\"text-align: justify\">Nesta\u00a0p\u00e1gina voc\u00ea poder\u00e1 encontrar todas as publica\u00e7\u00f5es recentes do nosso grupo de pesquisa. Nas abas desse t\u00f3pico \u00e9 poss\u00edvel encontrar os artigos cient\u00edficos, teses e disserta\u00e7\u00f5es.<\/h4>\n<p style=\"text-align: center\">\n","protected":false},"excerpt":{"rendered":"<p>Nesta\u00a0p\u00e1gina voc\u00ea poder\u00e1 encontrar todas as publica\u00e7\u00f5es recentes do nosso grupo de pesquisa. Nas abas desse t\u00f3pico \u00e9 poss\u00edvel encontrar os artigos cient\u00edficos, teses e disserta\u00e7\u00f5es.<\/p>\n","protected":false},"author":1994,"featured_media":0,"parent":0,"menu_order":0,"comment_status":"closed","ping_status":"closed","template":"","meta":{"_acf_changed":false,"_monsterinsights_skip_tracking":false,"_monsterinsights_sitenote_active":false,"_monsterinsights_sitenote_note":"","_monsterinsights_sitenote_category":0,"footnotes":""},"class_list":["post-51","page","type-page","status-publish","hentry"],"acf":[],"_links":{"self":[{"href":"https:\/\/bio.ufpr.br\/lmv\/wp-json\/wp\/v2\/pages\/51","targetHints":{"allow":["GET"]}}],"collection":[{"href":"https:\/\/bio.ufpr.br\/lmv\/wp-json\/wp\/v2\/pages"}],"about":[{"href":"https:\/\/bio.ufpr.br\/lmv\/wp-json\/wp\/v2\/types\/page"}],"author":[{"embeddable":true,"href":"https:\/\/bio.ufpr.br\/lmv\/wp-json\/wp\/v2\/users\/1994"}],"replies":[{"embeddable":true,"href":"https:\/\/bio.ufpr.br\/lmv\/wp-json\/wp\/v2\/comments?post=51"}],"version-history":[{"count":7,"href":"https:\/\/bio.ufpr.br\/lmv\/wp-json\/wp\/v2\/pages\/51\/revisions"}],"predecessor-version":[{"id":639,"href":"https:\/\/bio.ufpr.br\/lmv\/wp-json\/wp\/v2\/pages\/51\/revisions\/639"}],"wp:attachment":[{"href":"https:\/\/bio.ufpr.br\/lmv\/wp-json\/wp\/v2\/media?parent=51"}],"curies":[{"name":"wp","href":"https:\/\/api.w.org\/{rel}","templated":true}]}}