{"id":75,"date":"2017-06-08T11:24:52","date_gmt":"2017-06-08T14:24:52","guid":{"rendered":"https:\/\/bio.ufpr.br\/lmv\/?page_id=75"},"modified":"2024-06-11T14:32:23","modified_gmt":"2024-06-11T17:32:23","slug":"contato","status":"publish","type":"page","link":"https:\/\/bio.ufpr.br\/lmv\/contato\/","title":{"rendered":"Contato"},"content":{"rendered":"<h4 style=\"text-align: center\">LABORAT\u00d3RIO DE MICROPROPAGA\u00c7\u00c3O VEGETAL<\/h4>\n<h4 style=\"text-align: center\">Universidade Federal do Paran\u00e1<br \/>\nSetor de Ci\u00eancias Biol\u00f3gicas<br \/>\nDepartamento de Bot\u00e2nica<\/h4>\n<h4 style=\"text-align: center\">Avenida Coronel Francisco H. dos Santos, 100<br \/>\nCentro Polit\u00e9cnico &#8211; Jardim das Am\u00e9ricas<br \/>\nCEP: 81531-980 &#8211; Curitiba (PR), Brasil<br \/>\nCaixa Postal: 19031<br \/>\nFone: +55 41 3361-1762<\/h4>\n<h4 style=\"text-align: center\"><span style=\"color: #0000ff\">E-mails:\u00a0hugofraga@ufpr.br; llfribas@ufpr.br<\/span><\/h4>\n<p style=\"text-align: center\">\n","protected":false},"excerpt":{"rendered":"<p>LABORAT\u00d3RIO DE MICROPROPAGA\u00c7\u00c3O VEGETAL Universidade Federal do Paran\u00e1 Setor de Ci\u00eancias Biol\u00f3gicas Departamento de Bot\u00e2nica Avenida Coronel Francisco H. dos Santos, 100 Centro Polit\u00e9cnico &#8211; Jardim das Am\u00e9ricas CEP: 81531-980 &#8211; Curitiba (PR), Brasil Caixa Postal: 19031 Fone: +55 41 3361-1762 E-mails:\u00a0hugofraga@ufpr.br; llfribas@ufpr.br<\/p>\n","protected":false},"author":1994,"featured_media":0,"parent":0,"menu_order":0,"comment_status":"closed","ping_status":"closed","template":"","meta":{"_acf_changed":false,"_monsterinsights_skip_tracking":false,"_monsterinsights_sitenote_active":false,"_monsterinsights_sitenote_note":"","_monsterinsights_sitenote_category":0,"footnotes":""},"class_list":["post-75","page","type-page","status-publish","hentry"],"acf":[],"_links":{"self":[{"href":"https:\/\/bio.ufpr.br\/lmv\/wp-json\/wp\/v2\/pages\/75","targetHints":{"allow":["GET"]}}],"collection":[{"href":"https:\/\/bio.ufpr.br\/lmv\/wp-json\/wp\/v2\/pages"}],"about":[{"href":"https:\/\/bio.ufpr.br\/lmv\/wp-json\/wp\/v2\/types\/page"}],"author":[{"embeddable":true,"href":"https:\/\/bio.ufpr.br\/lmv\/wp-json\/wp\/v2\/users\/1994"}],"replies":[{"embeddable":true,"href":"https:\/\/bio.ufpr.br\/lmv\/wp-json\/wp\/v2\/comments?post=75"}],"version-history":[{"count":4,"href":"https:\/\/bio.ufpr.br\/lmv\/wp-json\/wp\/v2\/pages\/75\/revisions"}],"predecessor-version":[{"id":624,"href":"https:\/\/bio.ufpr.br\/lmv\/wp-json\/wp\/v2\/pages\/75\/revisions\/624"}],"wp:attachment":[{"href":"https:\/\/bio.ufpr.br\/lmv\/wp-json\/wp\/v2\/media?parent=75"}],"curies":[{"name":"wp","href":"https:\/\/api.w.org\/{rel}","templated":true}]}}