{"id":152,"date":"2024-02-20T17:23:55","date_gmt":"2024-02-20T17:23:55","guid":{"rendered":"https:\/\/bio.ufpr.br\/orcamento-e-financas\/?page_id=152"},"modified":"2024-03-05T14:47:42","modified_gmt":"2024-03-05T14:47:42","slug":"procedimentos-para-viagens-internacionais","status":"publish","type":"page","link":"https:\/\/bio.ufpr.br\/orcamento-e-financas\/diarias-e-passagens\/procedimentos-para-viagens-internacionais\/","title":{"rendered":"Solicita\u00e7\u00e3o de Viagens Internacionais"},"content":{"rendered":"\n<p>Os processos dever\u00e3o ser encaminhados com <strong>15 (quinze) dias de anteced\u00eancia<\/strong> <a href=\"https:\/\/ufpr.br\/wp-content\/uploads\/2020\/03\/ordem_de_servica_002_2020_gr.pdf\" data-type=\"link\" data-id=\"https:\/\/bkpportal.ufpr.br\/ufpr\/wp-content\/uploads\/2020\/01\/Ordem-de-Servi%C3%A7o-001_2020-GR.pdf\" target=\"_blank\" rel=\"noreferrer noopener\">(OS 002\/2020-GR)<\/a>.<\/p>\n\n\n\n<p><strong>Instru\u00e7\u00e3o processual:<\/strong><\/p>\n\n\n\n<p>1. Iniciar processo SEI, Tipo: &#8220;PROGEPE: Solicita\u00e7\u00e3o de Afastamento&#8221;, conforme instru\u00e7\u00f5es do <a href=\"https:\/\/progepe.ufpr.br\/manual\/\" data-type=\"link\" data-id=\"https:\/\/progepe.ufpr.br\/manual\/\" target=\"_blank\" rel=\"noreferrer noopener\"><mark style=\"background-color:#ffffff\" class=\"has-inline-color has-vivid-cyan-blue-color\">Manual do Servidor<\/mark><\/a> da PROGEPE (tramita\u00e7\u00e3o n\u00e3o passa pela BL\/UCEO, seguir conforme Manual do Servidor);<\/p>\n\n\n\n<p>2. Paralelamente, iniciar novo processo no SEI, Tipo de Processo \u201cOr\u00e7amento e Finan\u00e7as: Di\u00e1rias, Passagens\u201d;<\/p>\n\n\n\n<p>3. Incluir documento SEI <strong>\u201cSCDP: Anexo I \u2013 Formul\u00e1rio de Autoriza\u00e7\u00e3o de Afastamento do Pa\u00eds \u2013 Miss\u00e3o Oficial\u201d<\/strong>;<\/p>\n\n\n\n<ul class=\"wp-block-list\">\n<li><strong>Quem assina?<\/strong> O solicitante e a chefia imediata.<\/li>\n<\/ul>\n\n\n\n<p>4. Incluir documento SEI <strong>\u201cSCDP: Anexo II \u2013 Requisi\u00e7\u00e3o de Di\u00e1rias e Passagens\u201d<\/strong> (Favor atentar para o item 7 \u2013 Justificativas da viagem);<\/p>\n\n\n\n<ul class=\"wp-block-list\">\n<li><strong>Quem assina?<\/strong> O solicitante e a chefia imediata<\/li>\n<\/ul>\n\n\n\n<p>5. Inserir Convite ou outro documento comprobat\u00f3rio do evento, bem como da participa\u00e7\u00e3o do solicitante;<\/p>\n\n\n\n<p>6. Adicionar Programa\u00e7\u00e3o da miss\u00e3o;<\/p>\n\n\n\n<p>7. Incluir documento nato SEI tipo <strong>&#8220;Of\u00edcio&#8221;<\/strong> com solicita\u00e7\u00e3o de autoriza\u00e7\u00e3o da viagem, direcionado \u00e0 Chefia Imediata;<\/p>\n\n\n\n<ul class=\"wp-block-list\">\n<li><strong>Quem assina?<\/strong> O solicitante e a chefia imediata<\/li>\n<\/ul>\n\n\n\n<p>8. Incluir C\u00f3pia da Autoriza\u00e7\u00e3o de Afastamento, publicada no Di\u00e1rio Oficial da Uni\u00e3o (anexar a retifica\u00e7\u00e3o tamb\u00e9m, se houver) &#8211; documento obrigat\u00f3rio para continuidade do processo no sistema SCDP;<\/p>\n\n\n\n<p>9. Tramitar processo para UFPR\/R\/BL\/UCEO.<\/p>\n\n\n\n<div class=\"wp-block-group has-cyan-bluish-gray-background-color has-background\"><div class=\"wp-block-group__inner-container is-layout-constrained wp-block-group-is-layout-constrained\">\n<p><strong>Para Presta\u00e7\u00e3o de Contas<\/strong><\/p>\n\n\n\n<p>1. A presta\u00e7\u00e3o de contas deve ser encaminhada no prazo de <mark style=\"background-color:#abb8c3\" class=\"has-inline-color has-vivid-red-color\"><strong>5 (cinco) dias CORRIDOS<\/strong><\/mark> ap\u00f3s o final da viagem;<\/p>\n\n\n\n<ul class=\"wp-block-list\">\n<li>&#8211; O viajante com presta\u00e7\u00e3o pendente fica impedido de realizar novas solicita\u00e7\u00f5es (em qualquer institui\u00e7\u00e3o p\u00fablica) at\u00e9 que a situa\u00e7\u00e3o seja regularizada.<\/li>\n\n\n\n<li>&#8211; Ap\u00f3s o prazo, a presta\u00e7\u00e3o de contas deve ser encaminhada com a <strong>justificativa<\/strong> para Presta\u00e7\u00e3o de Contas realizada fora do prazo;<\/li>\n<\/ul>\n\n\n\n<p>2. Anexar, de prefer\u00eancia no mesmo processo da solicita\u00e7\u00e3o, os seguintes documentos:<\/p>\n\n\n\n<ul class=\"wp-block-list\">\n<li>&#8211; Relat\u00f3rio de Viagem &#8211; documento SEI \u201cSCDP \u2013 Anexo IV \u2013 Relat\u00f3rio de Viagem Internacional\u201d;<\/li>\n\n\n\n<li>&#8211; Bilhetes ou canhotos dos cart\u00f5es de embarque, em original ou segunda via, se houver emiss\u00e3o de passagens;\n<ul class=\"wp-block-list\">\n<li><mark style=\"background-color:#abb8c3\" class=\"has-inline-color has-vivid-red-color\">IMPORTANTE:<\/mark> No caso de perda ou extravio do bilhete, o viajante deve providenciar declara\u00e7\u00e3o de embarque junto \u00e0 empresa de transporte.<\/li>\n<\/ul>\n<\/li>\n\n\n\n<li>&#8211; Documentos relacionados ao objetivo das viagens realizadas a servi\u00e7o, tais como: Ata de banca, Certificado de Participa\u00e7\u00e3o em Evento, Declara\u00e7\u00e3o atestando a presen\u00e7a na atividade, etc. (no caso de viagens para coleta de campo, deve-se anexar declara\u00e7\u00e3o assinada pela Coordena\u00e7\u00e3o do PPG\/Conv\u00eanio).<\/li>\n<\/ul>\n\n\n\n<p>3. Tramitar processo para UFPR\/R\/BL\/UCEO.<\/p>\n<\/div><\/div>\n\n\n\n<p><strong><mark style=\"background-color:#ffffff\" class=\"has-inline-color has-vivid-red-color\">IMPORTANTE!<\/mark><\/strong><\/p>\n\n\n\n<p>1. Todos os documentos dos processos de solicita\u00e7\u00e3o e presta\u00e7\u00e3o de contas dever\u00e3o estar assinados\/autenticados no SEI;<\/p>\n\n\n\n<p>2. Nos processos de solicita\u00e7\u00e3o, o Of\u00edcio previsto no item IV do \u00a71\u00ba do artigo 1\u00ba da Ordem de Servi\u00e7o 02\/2020-GR deve estar assinado pela Chefia da Unidade;<\/p>\n\n\n\n<p>3. Os processos com aus\u00eancia de documentos e\/ou assinaturas e preenchidos incorretamente ser\u00e3o devolvidos \u00e0 unidade solicitante para regulariza\u00e7\u00e3o;<\/p>\n\n\n\n<p>4. No caso de solicita\u00e7\u00e3o de altera\u00e7\u00e3o ou cancelamento de passagens, anexar justificativa assinada pela Chefia Imediata e, se houver, documentos comprobat\u00f3rios da impossibilidade da realiza\u00e7\u00e3o da viagem conforme bilhetes emitidos.<\/p>\n","protected":false},"excerpt":{"rendered":"<p>Os processos dever\u00e3o ser encaminhados com 15 (quinze) dias de anteced\u00eancia (OS 002\/2020-GR). Instru\u00e7\u00e3o processual: 1. Iniciar processo SEI, Tipo: &#8220;PROGEPE: Solicita\u00e7\u00e3o de Afastamento&#8221;, conforme [&hellip;]<\/p>\n","protected":false},"author":2113,"featured_media":0,"parent":42,"menu_order":2,"comment_status":"closed","ping_status":"closed","template":"","meta":{"_acf_changed":false,"_monsterinsights_skip_tracking":false,"_monsterinsights_sitenote_active":false,"_monsterinsights_sitenote_note":"","_monsterinsights_sitenote_category":0,"footnotes":""},"class_list":["post-152","page","type-page","status-publish","hentry"],"acf":[],"_links":{"self":[{"href":"https:\/\/bio.ufpr.br\/orcamento-e-financas\/wp-json\/wp\/v2\/pages\/152","targetHints":{"allow":["GET"]}}],"collection":[{"href":"https:\/\/bio.ufpr.br\/orcamento-e-financas\/wp-json\/wp\/v2\/pages"}],"about":[{"href":"https:\/\/bio.ufpr.br\/orcamento-e-financas\/wp-json\/wp\/v2\/types\/page"}],"author":[{"embeddable":true,"href":"https:\/\/bio.ufpr.br\/orcamento-e-financas\/wp-json\/wp\/v2\/users\/2113"}],"replies":[{"embeddable":true,"href":"https:\/\/bio.ufpr.br\/orcamento-e-financas\/wp-json\/wp\/v2\/comments?post=152"}],"version-history":[{"count":6,"href":"https:\/\/bio.ufpr.br\/orcamento-e-financas\/wp-json\/wp\/v2\/pages\/152\/revisions"}],"predecessor-version":[{"id":220,"href":"https:\/\/bio.ufpr.br\/orcamento-e-financas\/wp-json\/wp\/v2\/pages\/152\/revisions\/220"}],"up":[{"embeddable":true,"href":"https:\/\/bio.ufpr.br\/orcamento-e-financas\/wp-json\/wp\/v2\/pages\/42"}],"wp:attachment":[{"href":"https:\/\/bio.ufpr.br\/orcamento-e-financas\/wp-json\/wp\/v2\/media?parent=152"}],"curies":[{"name":"wp","href":"https:\/\/api.w.org\/{rel}","templated":true}]}}