{"id":59,"date":"2025-06-05T17:05:46","date_gmt":"2025-06-05T17:05:46","guid":{"rendered":"https:\/\/bio.ufpr.br\/orcamento-e-financas\/?page_id=59"},"modified":"2025-06-05T20:09:47","modified_gmt":"2025-06-05T20:09:47","slug":"informacoes","status":"publish","type":"page","link":"https:\/\/bio.ufpr.br\/orcamento-e-financas\/informacoes\/","title":{"rendered":"Informa\u00e7\u00f5es"},"content":{"rendered":"<p><a href=\"https:\/\/bio.ufpr.br\/orcamento-e-financas\/wp-content\/uploads\/sites\/23\/2025\/06\/orientacoes-para-abertura-de-conta-de-arrecadacao.pdf\">Orienta\u00e7\u00f5es para Abertura de Conta de Arrecada\u00e7\u00e3o (clique aqui)<\/a><\/p>\n","protected":false},"excerpt":{"rendered":"<p>Orienta\u00e7\u00f5es para Abertura de Conta de Arrecada\u00e7\u00e3o (clique aqui)<\/p>\n","protected":false},"author":6,"featured_media":0,"parent":0,"menu_order":0,"comment_status":"closed","ping_status":"closed","template":"","meta":{"_acf_changed":false,"_monsterinsights_skip_tracking":false,"_monsterinsights_sitenote_active":false,"_monsterinsights_sitenote_note":"","_monsterinsights_sitenote_category":0,"footnotes":""},"class_list":["post-59","page","type-page","status-publish","hentry"],"acf":[],"_links":{"self":[{"href":"https:\/\/bio.ufpr.br\/orcamento-e-financas\/wp-json\/wp\/v2\/pages\/59","targetHints":{"allow":["GET"]}}],"collection":[{"href":"https:\/\/bio.ufpr.br\/orcamento-e-financas\/wp-json\/wp\/v2\/pages"}],"about":[{"href":"https:\/\/bio.ufpr.br\/orcamento-e-financas\/wp-json\/wp\/v2\/types\/page"}],"author":[{"embeddable":true,"href":"https:\/\/bio.ufpr.br\/orcamento-e-financas\/wp-json\/wp\/v2\/users\/6"}],"replies":[{"embeddable":true,"href":"https:\/\/bio.ufpr.br\/orcamento-e-financas\/wp-json\/wp\/v2\/comments?post=59"}],"version-history":[{"count":4,"href":"https:\/\/bio.ufpr.br\/orcamento-e-financas\/wp-json\/wp\/v2\/pages\/59\/revisions"}],"predecessor-version":[{"id":333,"href":"https:\/\/bio.ufpr.br\/orcamento-e-financas\/wp-json\/wp\/v2\/pages\/59\/revisions\/333"}],"wp:attachment":[{"href":"https:\/\/bio.ufpr.br\/orcamento-e-financas\/wp-json\/wp\/v2\/media?parent=59"}],"curies":[{"name":"wp","href":"https:\/\/api.w.org\/{rel}","templated":true}]}}