{"id":6,"date":"2025-05-22T13:57:16","date_gmt":"2025-05-22T13:57:16","guid":{"rendered":"https:\/\/bio.ufpr.br\/orcamento-e-financas\/?page_id=6"},"modified":"2026-03-04T17:45:11","modified_gmt":"2026-03-04T17:45:11","slug":"compras","status":"publish","type":"page","link":"https:\/\/bio.ufpr.br\/orcamento-e-financas\/compras\/","title":{"rendered":"Compras"},"content":{"rendered":"\r\n<div class=\"wp-block-group is-vertical is-layout-flex wp-container-core-group-is-layout-8cf370e7 wp-block-group-is-layout-flex\">\r\n<div class=\"wp-block-group\"><div class=\"wp-block-group__inner-container is-layout-constrained wp-block-group-is-layout-constrained\">\r\n<div class=\"wp-block-group is-vertical is-layout-flex wp-container-core-group-is-layout-8cf370e7 wp-block-group-is-layout-flex\">\r\n<div class=\"wp-block-group is-vertical is-layout-flex wp-container-core-group-is-layout-8cf370e7 wp-block-group-is-layout-flex\">\r\n<div class=\"wp-block-group is-vertical is-layout-flex wp-container-core-group-is-layout-8cf370e7 wp-block-group-is-layout-flex\">\r\n<div class=\"wp-block-buttons is-layout-flex wp-block-buttons-is-layout-flex\">\r\n<div class=\"wp-block-button has-custom-width wp-block-button__width-100 is-style-fill\"><a class=\"wp-block-button__link has-black-color has-pale-cyan-blue-background-color has-text-color has-background has-link-color wp-element-button\" href=\"https:\/\/bio.ufpr.br\/orcamento-e-financas\/compras\/pregao\/\" target=\"_blank\" rel=\"noreferrer noopener\">COMPRAS POR PREG\u00c3O<\/a><\/div>\r\n<\/div>\r\n\r\n\r\n\r\n<div class=\"wp-block-buttons is-layout-flex wp-block-buttons-is-layout-flex\">\r\n<div class=\"wp-block-button has-custom-width wp-block-button__width-100\"><a class=\"wp-block-button__link has-black-color has-pale-cyan-blue-background-color has-text-color has-background has-link-color wp-element-button\" href=\"https:\/\/bio.ufpr.br\/orcamento-e-financas\/compras\/dispensa-de-pequenos-valores\/\" target=\"_blank\" rel=\"noreferrer noopener\">COMPRAS POR DISPENSA DE PEQUENOS VALORES<\/a><\/div>\r\n<\/div>\r\n<\/div>\r\n\r\n\r\n\r\n<div class=\"wp-block-buttons is-layout-flex wp-block-buttons-is-layout-flex\">\r\n<div class=\"wp-block-button\"><a class=\"wp-block-button__link has-black-color has-pale-cyan-blue-background-color has-text-color has-background has-link-color wp-element-button\" href=\"https:\/\/bio.ufpr.br\/orcamento-e-financas\/dispensa-para-pesquisa\/\">COMPRAS POR DISPENSA PARA PESQUISA<\/a><\/div>\r\n<\/div>\r\n<\/div>\r\n\r\n\r\n\r\n<div class=\"wp-block-buttons is-layout-flex wp-block-buttons-is-layout-flex\">\r\n<div class=\"wp-block-button\"><a class=\"wp-block-button__link has-black-color has-pale-cyan-blue-background-color has-text-color has-background has-link-color wp-element-button\" href=\"https:\/\/bio.ufpr.br\/orcamento-e-financas\/compras\/inexigibilidade\/\">COMPRAS POR INEXIGIBILIDADE<\/a><\/div>\r\n<\/div>\r\n\r\n\r\n\r\n<div class=\"wp-block-buttons is-layout-flex wp-block-buttons-is-layout-flex\">\r\n<div class=\"wp-block-button\"><a class=\"wp-block-button__link has-black-color has-pale-cyan-blue-background-color has-text-color has-background has-link-color wp-element-button\" href=\"https:\/\/bio.ufpr.br\/orcamento-e-financas\/compras\/aula-de-campo\/\" target=\"_blank\" rel=\"noreferrer noopener\">AULA DE CAMPO<\/a><\/div>\r\n<\/div>\r\n<\/div>\r\n<\/div><\/div>\r\n\r\n\r\n\r\n<div class=\"wp-block-buttons is-layout-flex wp-block-buttons-is-layout-flex\">\r\n<div class=\"wp-block-button\"><a class=\"wp-block-button__link has-black-color has-pale-cyan-blue-background-color has-text-color has-background has-link-color wp-element-button\" href=\"https:\/\/pra.ufpr.br\/licitacoes\/uacd\/professor-importacao-de-bens-consumopermanente\/\" target=\"_blank\" rel=\"noreferrer noopener\">IMPORTA\u00c7\u00c3O<\/a><\/div>\r\n<\/div>\r\n\r\n\r\n\r\n<div class=\"wp-block-buttons is-layout-flex wp-block-buttons-is-layout-flex\">\r\n<div class=\"wp-block-button\"><a class=\"wp-block-button__link has-black-color has-pale-cyan-blue-background-color has-text-color has-background has-link-color wp-element-button\" href=\"https:\/\/pra.ufpr.br\/licitacoes\/upcl\/calendario-de-compras\/\" target=\"_blank\" rel=\"noreferrer noopener\">INCLUS\u00c3O DE ITEM PREG\u00c3O CLIC<\/a><\/div>\r\n<\/div>\r\n<\/div>\r\n\r\n\r\n\r\n<p>_____________________________________________________________________________________________________________<\/p>\r\n\r\n\r\n\r\n<h2 class=\"wp-block-heading has-medium-font-size\">Saiba Mais<\/h2>\r\n\r\n\r\n\r\n<p><a href=\"https:\/\/pra.ufpr.br\/licitacoes\/\" target=\"_blank\" rel=\"noreferrer noopener\" data-type=\"link\" data-id=\"https:\/\/pra.ufpr.br\/licitacoes\/\">Coordenadoria de Licita\u00e7\u00f5es e Contrata\u00e7\u00f5es &#8211; PROAD\/CLIC (clique aqui)<\/a><\/p>\r\n\r\n\r\n\r\n<p><a href=\"https:\/\/sei.ufpr.br\/sei\/web\/modulos\/pesquisa\/md_pesq_documento_consulta_externa.php?acao_externa=documento_exibir&amp;id_documento=6284434&amp;id_orgao_acesso_externo=0\" target=\"_blank\" rel=\"noreferrer noopener\">Normativa para apura\u00e7\u00e3o de responsabilidade de fornecedores (clique aqui)<\/a><\/p>\r\n\r\n\r\n\r\n<p><a href=\"https:\/\/ufprbr0.sharepoint.com\/:p:\/s\/GEPEC\/EaD0Yb-nu9FBhKedaMzVzSIBVi8SEFdW-X_FftSJ2xTbqA?e=59xSX5\" target=\"_blank\" rel=\"noreferrer noopener\" data-type=\"link\" data-id=\"https:\/\/ufprbr0.sharepoint.com\/:p:\/s\/GEPEC\/EaD0Yb-nu9FBhKedaMzVzSIBVi8SEFdW-X_FftSJ2xTbqA?e=59xSX5\">Material Curso Nova Lei de Licita\u00e7\u00f5es &#8211; Instru\u00e7\u00e3o de Processos no \u00e2mbito da UFPR &#8211; PRA\/CLIC &#8211; 2023 (clique aqui)<\/a><\/p>\r\n\r\n\r\n\r\n<p><a href=\"https:\/\/catalogo.compras.gov.br\/cnbs-web\/busca\" data-type=\"link\" data-id=\"https:\/\/catalogo.compras.gov.br\/cnbs-web\/busca\">Cat\u00e1logo de Compras (Busca CATMAT e CATSER) (clique aqui)<\/a><\/p>\r\n<p><a href=\"https:\/\/bio.ufpr.br\/orcamento-e-financas\/wp-content\/uploads\/sites\/23\/2025\/05\/como-localizar-pca-no-pncp.pdf\">Exemplo de como obter os dados do Plano de Contrata\u00e7\u00f5es Anual para preenchimento do TR-Termo de Refer\u00eancia (clique aqui)<\/a><\/p>\r\n","protected":false},"excerpt":{"rendered":"<p>_____________________________________________________________________________________________________________ Saiba Mais Coordenadoria de Licita\u00e7\u00f5es e Contrata\u00e7\u00f5es &#8211; PROAD\/CLIC (clique aqui) Normativa para apura\u00e7\u00e3o de responsabilidade de fornecedores (clique aqui) Material Curso Nova Lei [&hellip;]<\/p>\n","protected":false},"author":6,"featured_media":0,"parent":0,"menu_order":0,"comment_status":"open","ping_status":"open","template":"","meta":{"_acf_changed":false,"_monsterinsights_skip_tracking":false,"_monsterinsights_sitenote_active":false,"_monsterinsights_sitenote_note":"","_monsterinsights_sitenote_category":0,"footnotes":""},"class_list":["post-6","page","type-page","status-publish","hentry"],"acf":[],"_links":{"self":[{"href":"https:\/\/bio.ufpr.br\/orcamento-e-financas\/wp-json\/wp\/v2\/pages\/6","targetHints":{"allow":["GET"]}}],"collection":[{"href":"https:\/\/bio.ufpr.br\/orcamento-e-financas\/wp-json\/wp\/v2\/pages"}],"about":[{"href":"https:\/\/bio.ufpr.br\/orcamento-e-financas\/wp-json\/wp\/v2\/types\/page"}],"author":[{"embeddable":true,"href":"https:\/\/bio.ufpr.br\/orcamento-e-financas\/wp-json\/wp\/v2\/users\/6"}],"replies":[{"embeddable":true,"href":"https:\/\/bio.ufpr.br\/orcamento-e-financas\/wp-json\/wp\/v2\/comments?post=6"}],"version-history":[{"count":20,"href":"https:\/\/bio.ufpr.br\/orcamento-e-financas\/wp-json\/wp\/v2\/pages\/6\/revisions"}],"predecessor-version":[{"id":251,"href":"https:\/\/bio.ufpr.br\/orcamento-e-financas\/wp-json\/wp\/v2\/pages\/6\/revisions\/251"}],"wp:attachment":[{"href":"https:\/\/bio.ufpr.br\/orcamento-e-financas\/wp-json\/wp\/v2\/media?parent=6"}],"curies":[{"name":"wp","href":"https:\/\/api.w.org\/{rel}","templated":true}]}}