{"id":817,"date":"2023-03-16T11:23:03","date_gmt":"2023-03-16T11:23:03","guid":{"rendered":"https:\/\/bio.ufpr.br\/patologiabasica\/wp-content\/uploads\/sites\/41\/2023\/03\/Edital-sele\u00e7\u00e3o-monitoria-Pragas-de-plantas-2023.pdf"},"modified":"2023-03-16T11:23:03","modified_gmt":"2023-03-16T11:23:03","slug":"edital-selecao-monitoria-pragas-de-plantas-2023","status":"inherit","type":"attachment","link":"https:\/\/bio.ufpr.br\/patologiabasica\/edital-selecao-monitoria-pragas-de-plantas-2023\/","title":{"rendered":"Edital sele\u00e7\u00e3o monitoria Pragas de plantas 2023"},"author":2088,"featured_media":0,"comment_status":"open","ping_status":"closed","template":"","meta":{"_acf_changed":false,"_monsterinsights_skip_tracking":false,"_monsterinsights_sitenote_active":false,"_monsterinsights_sitenote_note":"","_monsterinsights_sitenote_category":0},"class_list":["post-817","attachment","type-attachment","status-inherit","hentry"],"acf":[],"description":{"rendered":"<p class=\"attachment\"><a href='https:\/\/bio.ufpr.br\/patologiabasica\/wp-content\/uploads\/sites\/41\/2023\/03\/Edital-sele\u00e7\u00e3o-monitoria-Pragas-de-plantas-2023.pdf'>Edital sele\u00e7\u00e3o monitoria Pragas de plantas 2023<\/a><\/p>\n"},"caption":{"rendered":"<p>Edital sele\u00e7\u00e3o monitoria Pragas de plantas 2023<\/p>\n"},"alt_text":"","media_type":"file","mime_type":"application\/pdf","media_details":{},"post":null,"source_url":"https:\/\/bio.ufpr.br\/patologiabasica\/wp-content\/uploads\/sites\/41\/2023\/03\/Edital-sele\u00e7\u00e3o-monitoria-Pragas-de-plantas-2023.pdf","_links":{"self":[{"href":"https:\/\/bio.ufpr.br\/patologiabasica\/wp-json\/wp\/v2\/media\/817","targetHints":{"allow":["GET"]}}],"collection":[{"href":"https:\/\/bio.ufpr.br\/patologiabasica\/wp-json\/wp\/v2\/media"}],"about":[{"href":"https:\/\/bio.ufpr.br\/patologiabasica\/wp-json\/wp\/v2\/types\/attachment"}],"author":[{"embeddable":true,"href":"https:\/\/bio.ufpr.br\/patologiabasica\/wp-json\/wp\/v2\/users\/2088"}],"replies":[{"embeddable":true,"href":"https:\/\/bio.ufpr.br\/patologiabasica\/wp-json\/wp\/v2\/comments?post=817"}]}}

https://bio.ufpr.br/patologiabasica/wp-content/uploads/sites/41/2023/03/Edital-seleção-monitoria-Pragas-de-plantas-2023.pdf

Edital seleção monitoria Pragas de plantas 2023

<p class="attachment"><a href='https://bio.ufpr.br/patologiabasica/wp-content/uploads/sites/41/2023/03/Edital-seleção-monitoria-Pragas-de-plantas-2023.pdf'>Edital seleção monitoria Pragas de plantas 2023</a></p>

<p>Edital seleção monitoria Pragas de plantas 2023</p>
