{"id":450,"date":"2021-08-24T20:30:08","date_gmt":"2021-08-24T20:30:08","guid":{"rendered":"https:\/\/bio.ufpr.br\/patologiabasica\/?page_id=450"},"modified":"2021-08-24T23:37:06","modified_gmt":"2021-08-24T23:37:06","slug":"laboratorio-de-imunologia-da-fibrose-experimental-life","status":"publish","type":"page","link":"https:\/\/bio.ufpr.br\/patologiabasica\/laboratorios\/laboratorio-de-imunologia-da-fibrose-experimental-life\/","title":{"rendered":"Laborat\u00f3rio de Imunologia da Fibrose Experimental (LIFE)"},"content":{"rendered":"<div>Nosso laborat\u00f3rio est\u00e1 interessado no estudo dos processos relacionados ao desenvolvimento da regenera\u00e7\u00e3o tecidual e da fibrose. Temos especial interesse no entendimento do papel do sistema imune em tais processos.\u00a0N\u00f3s propomos estudar qual \u00e9 a contribui\u00e7\u00e3o dos macr\u00f3fagos, sua resposta ao microambiente e os efeitos sobre outras c\u00e9lulas durante les\u00f5es e reparos nos tecidos, com foco no desencadeamento da ativa\u00e7\u00e3o do inflammasoma.<\/div>\n<div><\/div>\n<div>\n<div>Vamos estudar o papel de diferentes subpopula\u00e7\u00f5es de macr\u00f3fagos e a plasticidade dessas c\u00e9lulas durante o processo fibr\u00f3tico em diferentes modelos de doen\u00e7as.\u00a0Al\u00e9m de ensaios <i>in vitro<\/i>, utilizamos o zebrafish (<i>Danio\u00a0<\/i><i>rerio<\/i>) como modelo de estudo em diferentes projetos.<\/div>\n<\/div>\n<div><\/div>\n<div><\/div>\n<div>Atualmente nossa equipe \u00e9 formada por quatro alunos de doutorado, dois alunos de mestrado e quatro de inicia\u00e7\u00e3o cient\u00edfica.<\/div>\n<div><\/div>\n<div style=\"text-align: justify\"><\/div>\n<div><\/div>\n<div><\/div>\n<div><b>Docente respons\u00e1vel: <\/b>Prof. Dr. T\u00e1rcio Teodoro Braga<\/div>\n<div><\/div>\n<div>Contato:\u00a0<a href=\"mailto:tarcio.tb@gmail.com\">tarcio.tb@gmail.com<\/a><\/div>\n","protected":false},"excerpt":{"rendered":"<p>Nosso laborat\u00f3rio est\u00e1 interessado no estudo dos processos relacionados ao desenvolvimento da regenera\u00e7\u00e3o tecidual e da fibrose. Temos especial interesse no entendimento do papel do [&hellip;]<\/p>\n","protected":false},"author":2088,"featured_media":0,"parent":66,"menu_order":2,"comment_status":"closed","ping_status":"closed","template":"","meta":{"_acf_changed":false,"_monsterinsights_skip_tracking":false,"_monsterinsights_sitenote_active":false,"_monsterinsights_sitenote_note":"","_monsterinsights_sitenote_category":0,"footnotes":""},"class_list":["post-450","page","type-page","status-publish","hentry"],"acf":[],"_links":{"self":[{"href":"https:\/\/bio.ufpr.br\/patologiabasica\/wp-json\/wp\/v2\/pages\/450","targetHints":{"allow":["GET"]}}],"collection":[{"href":"https:\/\/bio.ufpr.br\/patologiabasica\/wp-json\/wp\/v2\/pages"}],"about":[{"href":"https:\/\/bio.ufpr.br\/patologiabasica\/wp-json\/wp\/v2\/types\/page"}],"author":[{"embeddable":true,"href":"https:\/\/bio.ufpr.br\/patologiabasica\/wp-json\/wp\/v2\/users\/2088"}],"replies":[{"embeddable":true,"href":"https:\/\/bio.ufpr.br\/patologiabasica\/wp-json\/wp\/v2\/comments?post=450"}],"version-history":[{"count":5,"href":"https:\/\/bio.ufpr.br\/patologiabasica\/wp-json\/wp\/v2\/pages\/450\/revisions"}],"predecessor-version":[{"id":489,"href":"https:\/\/bio.ufpr.br\/patologiabasica\/wp-json\/wp\/v2\/pages\/450\/revisions\/489"}],"up":[{"embeddable":true,"href":"https:\/\/bio.ufpr.br\/patologiabasica\/wp-json\/wp\/v2\/pages\/66"}],"wp:attachment":[{"href":"https:\/\/bio.ufpr.br\/patologiabasica\/wp-json\/wp\/v2\/media?parent=450"}],"curies":[{"name":"wp","href":"https:\/\/api.w.org\/{rel}","templated":true}]}}