{"id":502,"date":"2021-08-28T18:42:41","date_gmt":"2021-08-28T18:42:41","guid":{"rendered":"https:\/\/bio.ufpr.br\/patologiabasica\/?page_id=502"},"modified":"2021-08-28T18:42:56","modified_gmt":"2021-08-28T18:42:56","slug":"laboratorio-de-imunoquimica-limq","status":"publish","type":"page","link":"https:\/\/bio.ufpr.br\/patologiabasica\/laboratorios\/laboratorio-de-imunoquimica-limq\/","title":{"rendered":"Laborat\u00f3rio de Imunoqu\u00edmica (Limq)"},"content":{"rendered":"<p>O Laborat\u00f3rio de Imunoqu\u00edmica (Limq) est\u00e1 sob responsabilidade das Prof<sup>as<\/sup> Dr<sup>as<\/sup> Larissa Magalh\u00e3es Alvarenga e Juliana de Moura e possui infraestrutura necess\u00e1ria para realiza\u00e7\u00e3o de t\u00e9cnicas de biologia molecular, de ensaios imunol\u00f3gicos e de cultura celular.<\/p>\n<p><strong>S\u00e3o equipamentos pertencentes ao Limq:<\/strong><\/p>\n<p>Leitor de ELISA (Biorad 550 Microplate Reader)<\/p>\n<p>Incubadora Shaker (ACB LABOR)<\/p>\n<p>Centr\u00edfuga Digital (Cientec CT- 5000)<\/p>\n<p>Termociclador\u00a0Labnet (MultiGene OptiMax)<\/p>\n<p>Incubadora B.O.D (Centauro)<\/p>\n<p>Capela de fluxo laminar para bact\u00e9rias (Trox FLV s\u00e9rie 915)<\/p>\n<p>Autoclave Vertical CS (Prismatec)<\/p>\n<p>Vortex, shaker orbital, pH\u00e2metro..<\/p>\n<p>&nbsp;<\/p>\n<p><strong>O Limq tamb\u00e9m possui os seguintes equipamentos multiusu\u00e1rios:<\/strong><\/p>\n<p>Capela de fluxo laminar (Veco VLFS-12)<\/p>\n<p>Estufa de CO<sub>2<\/sub> \u00a0(Sanyo)<\/p>\n<p>Microsc\u00f3pio invertido (Bioval XDS-1B)<\/p>\n<p>Centr\u00edfuga refrigerada (Hermle modelo Z326K)<\/p>\n<p>&nbsp;<\/p>\n<p><strong>\u00c0queles que desejarem utilizar quaisquer equipamentos do Limq (Sala 139, 2\u00ba piso) dever\u00e3o entrar em contato com as Prof<sup>as<\/sup> Larissa ou Juliana pelo e-mail ou telefone abaixo:<\/strong><\/p>\n<p>Prof<sup>a<\/sup> Dr<sup>a<\/sup> Larissa M. Alvarenga \u2013 <a href=\"mailto:lmalvarenga@gmail.com\">lmalvarenga@gmail.com<\/a><\/p>\n<p>Prof<sup>a<\/sup> Dr<sup>a<\/sup> Juliana de Moura\u00a0 &#8211; <a href=\"mailto:julianademoura@ufpr.br\">julianademoura@ufpr.br<\/a><\/p>\n<p>Telefone: 3361 1692\/1694<\/p>\n","protected":false},"excerpt":{"rendered":"<p>O Laborat\u00f3rio de Imunoqu\u00edmica (Limq) est\u00e1 sob responsabilidade das Profas Dras Larissa Magalh\u00e3es Alvarenga e Juliana de Moura e possui infraestrutura necess\u00e1ria para realiza\u00e7\u00e3o de [&hellip;]<\/p>\n","protected":false},"author":2088,"featured_media":0,"parent":66,"menu_order":3,"comment_status":"closed","ping_status":"closed","template":"","meta":{"_acf_changed":false,"_monsterinsights_skip_tracking":false,"_monsterinsights_sitenote_active":false,"_monsterinsights_sitenote_note":"","_monsterinsights_sitenote_category":0,"footnotes":""},"class_list":["post-502","page","type-page","status-publish","hentry"],"acf":[],"_links":{"self":[{"href":"https:\/\/bio.ufpr.br\/patologiabasica\/wp-json\/wp\/v2\/pages\/502","targetHints":{"allow":["GET"]}}],"collection":[{"href":"https:\/\/bio.ufpr.br\/patologiabasica\/wp-json\/wp\/v2\/pages"}],"about":[{"href":"https:\/\/bio.ufpr.br\/patologiabasica\/wp-json\/wp\/v2\/types\/page"}],"author":[{"embeddable":true,"href":"https:\/\/bio.ufpr.br\/patologiabasica\/wp-json\/wp\/v2\/users\/2088"}],"replies":[{"embeddable":true,"href":"https:\/\/bio.ufpr.br\/patologiabasica\/wp-json\/wp\/v2\/comments?post=502"}],"version-history":[{"count":1,"href":"https:\/\/bio.ufpr.br\/patologiabasica\/wp-json\/wp\/v2\/pages\/502\/revisions"}],"predecessor-version":[{"id":511,"href":"https:\/\/bio.ufpr.br\/patologiabasica\/wp-json\/wp\/v2\/pages\/502\/revisions\/511"}],"up":[{"embeddable":true,"href":"https:\/\/bio.ufpr.br\/patologiabasica\/wp-json\/wp\/v2\/pages\/66"}],"wp:attachment":[{"href":"https:\/\/bio.ufpr.br\/patologiabasica\/wp-json\/wp\/v2\/media?parent=502"}],"curies":[{"name":"wp","href":"https:\/\/api.w.org\/{rel}","templated":true}]}}