{"id":585,"date":"2021-10-21T21:42:25","date_gmt":"2021-10-21T21:42:25","guid":{"rendered":"https:\/\/bio.ufpr.br\/patologiabasica\/?page_id=585"},"modified":"2023-03-13T12:27:16","modified_gmt":"2023-03-13T12:27:16","slug":"laboratorio-de-patologia-molecular-funcional","status":"publish","type":"page","link":"https:\/\/bio.ufpr.br\/patologiabasica\/laboratorios\/laboratorio-de-patologia-molecular-funcional\/","title":{"rendered":"Laborat\u00f3rio de Patologia Molecular Funcional"},"content":{"rendered":"<p class=\"x_MsoNormal\"><span lang=\"PT-BR\">O Laborat\u00f3rio de <b>Patologia Molecular Funcional<\/b> est\u00e1 localizado no segundo andar do Departamento de Patologia B\u00e1sica na sala 132B.<\/span><\/p>\n<p class=\"x_MsoNormal\"><span lang=\"PT-BR\">Sob coordena\u00e7\u00e3o da Profa Dra Karin Braun Prado, o laborat\u00f3rio vem realizando pesquisas sobre os aspectos moleculares do c\u00e2ncer de mama. No laborat\u00f3rio \u00e9 realizada a constru\u00e7\u00e3o de alvos para microRNAs relacionados ao c\u00e2ncer e testados em ensaios funcionais com c\u00e9lulas de linhagens tumorais. <\/span><\/p>\n<p class=\"x_MsoNormal\"><span lang=\"PT-BR\">Atualmente o laborat\u00f3rio conta com 5 estudantes da UFPR- sendo 2 do programa de P\u00f3s Gradua\u00e7\u00e3o e 3 da gradua\u00e7\u00e3o. \u00a0<\/span><\/p>\n<p class=\"x_MsoNormal\">Profa respons\u00e1vel<\/p>\n<p class=\"x_MsoNormal\"><a href=\"kbraun@ufpr.br\">Karin Braun Prado<\/a><\/p>\n","protected":false},"excerpt":{"rendered":"<p>O Laborat\u00f3rio de Patologia Molecular Funcional est\u00e1 localizado no segundo andar do Departamento de Patologia B\u00e1sica na sala 132B. Sob coordena\u00e7\u00e3o da Profa Dra Karin [&hellip;]<\/p>\n","protected":false},"author":2088,"featured_media":0,"parent":66,"menu_order":5,"comment_status":"closed","ping_status":"closed","template":"","meta":{"_acf_changed":false,"_monsterinsights_skip_tracking":false,"_monsterinsights_sitenote_active":false,"_monsterinsights_sitenote_note":"","_monsterinsights_sitenote_category":0,"footnotes":""},"class_list":["post-585","page","type-page","status-publish","hentry"],"acf":[],"_links":{"self":[{"href":"https:\/\/bio.ufpr.br\/patologiabasica\/wp-json\/wp\/v2\/pages\/585","targetHints":{"allow":["GET"]}}],"collection":[{"href":"https:\/\/bio.ufpr.br\/patologiabasica\/wp-json\/wp\/v2\/pages"}],"about":[{"href":"https:\/\/bio.ufpr.br\/patologiabasica\/wp-json\/wp\/v2\/types\/page"}],"author":[{"embeddable":true,"href":"https:\/\/bio.ufpr.br\/patologiabasica\/wp-json\/wp\/v2\/users\/2088"}],"replies":[{"embeddable":true,"href":"https:\/\/bio.ufpr.br\/patologiabasica\/wp-json\/wp\/v2\/comments?post=585"}],"version-history":[{"count":2,"href":"https:\/\/bio.ufpr.br\/patologiabasica\/wp-json\/wp\/v2\/pages\/585\/revisions"}],"predecessor-version":[{"id":816,"href":"https:\/\/bio.ufpr.br\/patologiabasica\/wp-json\/wp\/v2\/pages\/585\/revisions\/816"}],"up":[{"embeddable":true,"href":"https:\/\/bio.ufpr.br\/patologiabasica\/wp-json\/wp\/v2\/pages\/66"}],"wp:attachment":[{"href":"https:\/\/bio.ufpr.br\/patologiabasica\/wp-json\/wp\/v2\/media?parent=585"}],"curies":[{"name":"wp","href":"https:\/\/api.w.org\/{rel}","templated":true}]}}

Laboratório de Patologia Molecular Funcional

<p class="x_MsoNormal"><span lang="PT-BR">O Laboratório de <b>Patologia Molecular Funcional</b> está localizado no segundo andar do Departamento de Patologia Básica na sala 132B.</span></p>
<p class="x_MsoNormal"><span lang="PT-BR">Sob coordenação da Profa Dra Karin Braun Prado, o laboratório vem realizando pesquisas sobre os aspectos moleculares do câncer de mama. No laboratório é realizada a construção de alvos para microRNAs relacionados ao câncer e testados em ensaios funcionais com células de linhagens tumorais. </span></p>
<p class="x_MsoNormal"><span lang="PT-BR">Atualmente o laboratório conta com 5 estudantes da UFPR- sendo 2 do programa de Pós Graduação e 3 da graduação.  </span></p>
<p class="x_MsoNormal">Profa responsável</p>
<p class="x_MsoNormal"><a href="kbraun@ufpr.br">Karin Braun Prado</a></p>

<p>O Laboratório de Patologia Molecular Funcional está localizado no segundo andar do Departamento de Patologia Básica na sala 132B. Sob coordenação da Profa Dra Karin [&hellip;]</p>
