{"id":408,"date":"2014-08-08T12:51:46","date_gmt":"2014-08-08T12:51:46","guid":{"rendered":"https:\/\/bio.ufpr.br\/pimo\/?page_id=408"},"modified":"2018-04-18T12:43:29","modified_gmt":"2018-04-18T12:43:29","slug":"artigos-cientificos-publicados-pelo-grupo-tecnico","status":"publish","type":"page","link":"https:\/\/bio.ufpr.br\/pimo\/artigos-cientificos-publicados-pelo-grupo-tecnico\/","title":{"rendered":"Artigos cient\u00edficos e livros publicados no tema morangueiro"},"content":{"rendered":"<ul>\n<li>ANTUNES, L.E.C.; REISSER JR., C. SCHWENGBER, J.E. (Eds.) <strong>Morangueiro<\/strong>.\u00a0Bras\u00edlia, DF : Embrapa, 2016.<br \/>\n589 p.\u00a0<a href=\"https:\/\/bio.ufpr.br\/pimo\/wp-content\/uploads\/sites\/11\/2013\/11\/pdf_icone.jpg\"><img loading=\"lazy\" decoding=\"async\" src=\"https:\/\/bio.ufpr.br\/pimo\/wp-content\/uploads\/sites\/11\/2013\/11\/pdf_icone.jpg\" alt=\"pdf_icone\" width=\"56\" height=\"23\" \/><\/a>\u00a0<a href=\"https:\/\/bio.ufpr.br\/pimo\/artigos-cientificos-publicados-pelo-grupo-tecnico\/morangueiro-embrapa-2016\/\" rel=\"attachment wp-att-440\">vers\u00e3o PDF<\/a><\/li>\n<\/ul>\n<p>&nbsp;<\/p>\n<ul>\n<li>BERNARDI, D.; BOTTON, M.; NAVA, D.E.; ZAWADNEAK, M.A.C.\u00a0<b>Guia para a identifica\u00e7\u00e3o e monitoramento de pragas e seus inimigos naturais em morangueiro. Bras\u00edlia, DF: Embrapa, 2015. 46 p.\u00a0<\/b>ISBN 978-85-7035-548-5.<\/li>\n<\/ul>\n<p><a href=\"https:\/\/bio.ufpr.br\/pimo\/wp-content\/uploads\/sites\/11\/2013\/11\/pdf_icone.jpg\"><img loading=\"lazy\" decoding=\"async\" src=\"https:\/\/bio.ufpr.br\/pimo\/wp-content\/uploads\/sites\/11\/2013\/11\/pdf_icone.jpg\" alt=\"pdf_icone\" width=\"56\" height=\"23\" \/><\/a>\u00a0<a href=\"https:\/\/bio.ufpr.br\/pimo\/wp-content\/uploads\/sites\/11\/2014\/08\/Livro_-Guia-para-identifica\u00e7\u00e3o-e-monitoramento-de-pragas-e-inimigos-naturais-em-morangueiro-Bernardi-et-al-2015.pdf\">Livro_ Guia para identifica\u00e7\u00e3o e monitoramento de pragas e inimigos naturais em morangueiro Bernardi et al 2015<\/a><\/p>\n<p>&nbsp;<\/p>\n<ul>\n<li>ZAWADNEAK, M. A. C.; GON\u00c7ALVES, R. B.; BISCHOFF, A.\u00a0<strong>D<em>uponchelia fovealis<\/em>\u00a0(Zeller) (Lepidoptera: Crambidae):<\/strong>\u00a0nova praga no Brasil. Curitiba \u2013 PR: Maria Aparecida Ca Zawadneak. 19 p. 2014. ISBN 978-85-917571-0-7<\/li>\n<\/ul>\n<p><a href=\"https:\/\/bio.ufpr.br\/pimo\/wp-content\/uploads\/sites\/11\/2013\/11\/pdf_icone.jpg\"><img loading=\"lazy\" decoding=\"async\" src=\"https:\/\/bio.ufpr.br\/pimo\/wp-content\/uploads\/sites\/11\/2013\/11\/pdf_icone.jpg\" alt=\"pdf_icone\" width=\"56\" height=\"23\" \/><\/a>\u00a0\u00a0<a href=\"https:\/\/bio.ufpr.br\/pimo\/wp-content\/uploads\/sites\/11\/2014\/08\/Duponchelia-fovealis-UFPR_digital.pdf\">Duponchelia fovealis UFPR_digital<\/a><\/p>\n<p>&nbsp;<\/p>\n<ul>\n<li>ZAWADNEAK, M.A.C.; SCHUBER, J.M; M\u00d3GOR, \u00c1. F. (Orgs.). <b>Como produzir morangos<\/b>. Curitiba: Ed. UFPR, 2014. 280p. ISBN 9788565888288<\/li>\n<\/ul>\n<p>&nbsp;<\/p>\n<ul>\n<li>ZAWADNEAK, M. A. C.; BOTTON, M.; SCHUBER, J. M.; SANTOS, B.; VIDAL, H. R. (2014). Pragas do morangueiro. In: Zawadneak, M.A. C.; Schuber, J. M.; M\u00f3gor, \u00c1. F. (Orgs.).\u00a0<b>Como produzir morangos<\/b>. Curitiba: Ed. UFPR, 2014. 280p.<\/li>\n<li>ZAWADNEAK, M.A.C.; VIDAL, H.R.; SANTOS, B. Lagarta-da-coroa,\u00a0<i>Duponchelia fovealis<\/i>\u00a0(Lepidoptera: Crambidae). In: VILELA, E; ZUCCHI, R.A. (Org.). Pragas Introduzidas: Insetos e \u00c1caros. 2ed.Piracicaba, SP: ESALQ\/ FEALQ, 2015, p. 216-231.<\/li>\n<\/ul>\n<p>&nbsp;<\/p>\n<ul>\n<li>ARAUJO, E.S., BENATTO, A.; M\u00d3GOR, A.F., PENTEADO, S.C; ZAWADNEAK, M.A.C. Biological Parameters and Fertility Life Table of <i>Aphis forbesi<\/i> Weed, 1889 (Hemiptera: Aphididae) on Strawberry. <strong>Braz. J. Biol.<\/strong>, nov 2016, vol.76 no.4,\u00a0 2016. \u00a0http:\/\/dx.doi.org\/10.1590\/1519-6984.04715<\/li>\n<\/ul>\n<p>&nbsp;<\/p>\n<ul>\n<li>KUHN, T. M. de A.; LOECK, A. E.; GARCIA, M. S.; ZAWADNEAK, M. A. C.; GALZER, E. C. W.; BOTTON, M.\u00a0<i>Presen\u00e7a nociva<\/i>.\u00a0<i>Cultivar HF<\/i>, v. 12, n. 90, mar. 2015.<\/li>\n<\/ul>\n<p><a href=\"https:\/\/bio.ufpr.br\/pimo\/wp-content\/uploads\/sites\/11\/2013\/11\/pdf_icone.jpg\"><img loading=\"lazy\" decoding=\"async\" src=\"https:\/\/bio.ufpr.br\/pimo\/wp-content\/uploads\/sites\/11\/2013\/11\/pdf_icone.jpg\" alt=\"pdf_icone\" width=\"56\" height=\"23\" \/><\/a><a href=\"https:\/\/bio.ufpr.br\/pimo\/wp-content\/uploads\/sites\/11\/2014\/08\/Artigo_Neopamera_morango_Cultivar-HF2015.pdf\">Neopamera bilobata &#8211; percevejo dos frutos<\/a><\/p>\n<p>&nbsp;<\/p>\n<ul>\n<li>GIOWANELLA, M.; PIMENTEL, I. C; ZAWADNEAK, M. A. C.; DALZOTO, P.R. \u00a0Pesquisa de pat\u00f3genos na produ\u00e7\u00e3o de morangos em propriedades de S\u00e3o Jos\u00e9 Dos Pinhais, PR. (Higiene Alimentar, v. 29, 246\/247, ago\/set\/ p. 26-36, 2015.<\/li>\n<\/ul>\n<p><a href=\"https:\/\/bio.ufpr.br\/pimo\/wp-content\/uploads\/sites\/11\/2013\/11\/pdf_icone.jpg\"><img loading=\"lazy\" decoding=\"async\" src=\"https:\/\/bio.ufpr.br\/pimo\/wp-content\/uploads\/sites\/11\/2013\/11\/pdf_icone.jpg\" alt=\"pdf_icone\" width=\"56\" height=\"23\" \/><\/a><\/p>\n<p>&nbsp;<\/p>\n<ul>\n<li>CALEGARIO, F. F.; IWASSAKI, L. A.; SATO, M. E.; COSTA, H.; ZAWADNEAK, M.A.C. \u00a0Produ\u00e7ao Integrada. <b>Informe Agropecu\u00e1rio (Belo Horizonte)<\/b> V.35. S\u00e9rie 279, p. 11- 21. 2014 ISSN 0100-3363<\/li>\n<\/ul>\n<p><a href=\"https:\/\/bio.ufpr.br\/pimo\/wp-content\/uploads\/sites\/11\/2013\/11\/pdf_icone.jpg\"><img loading=\"lazy\" decoding=\"async\" class=\"size-full wp-image-147 alignleft\" src=\"https:\/\/bio.ufpr.br\/pimo\/wp-content\/uploads\/sites\/11\/2013\/11\/pdf_icone.jpg\" alt=\"pdf_icone\" width=\"56\" height=\"23\" \/><\/a>Tecnologias de produ\u00e7\u00e3o ambientalmente corretas- Produ\u00e7\u00e3o integrada<\/p>\n<p>&nbsp;<\/p>\n<ul>\n<li>BERNARDI, D.; ARAUJO, E.S; ZAWADNEAK, M. A. C; BOTTON, M.; MOGOR, A. F.; GARCIA, M. S. Aphid Species and Population Dynamics Associated with Strawberry. Neotropical Entomology\u00a0 v.42 n 6, p. 628-633, 2013.<\/li>\n<\/ul>\n<p><a href=\"https:\/\/bio.ufpr.br\/pimo\/wp-content\/uploads\/sites\/11\/2013\/11\/pdf_icone.jpg\"><img loading=\"lazy\" decoding=\"async\" class=\"size-full wp-image-147 alignleft\" src=\"https:\/\/bio.ufpr.br\/pimo\/wp-content\/uploads\/sites\/11\/2013\/11\/pdf_icone.jpg\" alt=\"pdf_icone\" width=\"56\" height=\"23\" \/><\/a><\/p>\n<p>&nbsp;<\/p>\n<p><a href=\"https:\/\/bio.ufpr.br\/pimo\/wp-content\/uploads\/sites\/11\/2014\/08\/Aphid-Species-and-Population-Dynamics-Associated-with-Strawberry.pdf\">Aphid Species Associated with Strawberry<\/a><\/p>\n<p>&nbsp;<\/p>\n<ul>\n<li style=\"text-align: left\"><em style=\"font-size: 14px;line-height: 1.5em\">Duponchelia fovealis<\/em><span style=\"font-size: 14px;line-height: 1.5em\"> no Brasil\u00a0<\/span><a href=\"https:\/\/bio.ufpr.br\/pimo\/wp-content\/uploads\/sites\/11\/2013\/11\/pdf_icone.jpg\"><img loading=\"lazy\" decoding=\"async\" class=\"size-full wp-image-147\" src=\"https:\/\/bio.ufpr.br\/pimo\/wp-content\/uploads\/sites\/11\/2013\/11\/pdf_icone.jpg\" alt=\"pdf_icone\" width=\"56\" height=\"23\" \/><\/a>\u00a0\u00a0<span style=\"line-height: 1.5em\"><a style=\"font-size: 14px;line-height: 1.5em\" href=\"https:\/\/bio.ufpr.br\/pimo\/wp-content\/uploads\/sites\/11\/2014\/07\/Novo-desafio.pdf\">Novo desafio<\/a>\u00a0\u00a0<\/span><span style=\"line-height: 1.5em\">ZAWADNEAK, M. A. C.; GON\u00c7ALVES, R. B.; KUHN, T. A.; ARAUJO, E.; DOLCI, E.; SANTOS, B.; SILVA, C.; BENATTO, A.; VIDAL, H. \u00a0Novo Desafio. <\/span><b style=\"line-height: 1.5em\">Cultivar HF<\/b><span style=\"line-height: 1.5em\"> \u2022 Agosto \/ Setembro, p. 31-32. 2011.<\/span><\/li>\n<\/ul>\n<ul>\n<li>\u00a0Zawadneak MA, Rosado Neto GH, Schuber JM, Parchen HA: First record of\u00a0<em>Spintherophyta semiaurata<\/em>\u00a0(Klug) (Coleoptera: Chrysomelidae) damaging strawberry flowers. Neotrop Entomol, \u00a040(3): 407-8.\u00a02011.<\/li>\n<\/ul>\n<ul>\n<li>ANTUNES, Marina C et al . Postharvest quality of strawberry produced during two consecutive seasons. Hortic. Bras., Vitoria da Conquista , v. 32, n. 2, June 2014 . Available from \u00a0&lt;http:\/\/www.scielo.br\/scielo.php?script=sci_arttext&amp;pid=S0102-05362014000200168&amp;lng=en&amp;nrm=iso&gt;. access on 08 Aug. 2014.<\/li>\n<\/ul>\n<ul>\n<li><span style=\"font-size: 14px;line-height: 1.5em\">LEMISKA, Anderson; PAULETTI, Volnei; CUQUEL, Francine Lorena and ZAWADNEAK, Maria Aparecida Cassilha. Produ\u00e7\u00e3o e qualidade da fruta do morangueiro sob influ\u00eancia da aplica\u00e7\u00e3o de boro. Cienc. Rural [online]. 2014, vol.44, n.4, pp. 622-628. ISSN 0103-8478.<\/span><\/li>\n<li>\u00a0<span style=\"line-height: 1.5em\">ARAUJO, ES. et al. Occurrence of <em>Lysiphlebus testaceipes<\/em> (Cresson, 1880) (Hymenoptera: Braconidae: Aphidiinae) parasitizing <em>Aphis forbesi<\/em> Weed, 1889 (Hemiptera: Aphididae) in the strawberries crop in the metropolitan Region of Curitiba, Parana, Brazil. Braz. J. Biol., Feb 2013, vol.73, no.1, p.221-222. ISSN 1519-6984<\/span><\/li>\n<\/ul>\n<p>&nbsp;<\/p>\n<p>&nbsp;<\/p>\n<p>&nbsp;<\/p>\n","protected":false},"excerpt":{"rendered":"<p>ANTUNES, L.E.C.; REISSER JR., C. SCHWENGBER, J.E. (Eds.) Morangueiro.\u00a0Bras\u00edlia, DF : Embrapa, 2016. 589 p.\u00a0\u00a0vers\u00e3o PDF &nbsp; BERNARDI, D.; BOTTON, M.; NAVA, D.E.; ZAWADNEAK, M.A.C.\u00a0Guia para a identifica\u00e7\u00e3o e monitoramento de pragas e seus inimigos naturais em morangueiro. Bras\u00edlia, DF: Embrapa, 2015. 46 p.\u00a0ISBN 978-85-7035-548-5. \u00a0Livro_ Guia para identifica\u00e7\u00e3o e monitoramento de pragas e inimigos [&hellip;]<\/p>\n","protected":false},"author":15,"featured_media":0,"parent":0,"menu_order":0,"comment_status":"open","ping_status":"open","template":"","meta":{"_acf_changed":false,"_monsterinsights_skip_tracking":false,"_monsterinsights_sitenote_active":false,"_monsterinsights_sitenote_note":"","_monsterinsights_sitenote_category":0,"footnotes":""},"class_list":["post-408","page","type-page","status-publish","hentry"],"acf":[],"_links":{"self":[{"href":"https:\/\/bio.ufpr.br\/pimo\/wp-json\/wp\/v2\/pages\/408","targetHints":{"allow":["GET"]}}],"collection":[{"href":"https:\/\/bio.ufpr.br\/pimo\/wp-json\/wp\/v2\/pages"}],"about":[{"href":"https:\/\/bio.ufpr.br\/pimo\/wp-json\/wp\/v2\/types\/page"}],"author":[{"embeddable":true,"href":"https:\/\/bio.ufpr.br\/pimo\/wp-json\/wp\/v2\/users\/15"}],"replies":[{"embeddable":true,"href":"https:\/\/bio.ufpr.br\/pimo\/wp-json\/wp\/v2\/comments?post=408"}],"version-history":[{"count":10,"href":"https:\/\/bio.ufpr.br\/pimo\/wp-json\/wp\/v2\/pages\/408\/revisions"}],"predecessor-version":[{"id":462,"href":"https:\/\/bio.ufpr.br\/pimo\/wp-json\/wp\/v2\/pages\/408\/revisions\/462"}],"wp:attachment":[{"href":"https:\/\/bio.ufpr.br\/pimo\/wp-json\/wp\/v2\/media?parent=408"}],"curies":[{"name":"wp","href":"https:\/\/api.w.org\/{rel}","templated":true}]}}