{"id":1627,"date":"2021-02-01T14:04:37","date_gmt":"2021-02-01T16:04:37","guid":{"rendered":"https:\/\/bio.ufpr.br\/ppggenetica\/?page_id=1627"},"modified":"2026-04-24T13:44:08","modified_gmt":"2026-04-24T16:44:08","slug":"secretaria","status":"publish","type":"page","link":"https:\/\/bio.ufpr.br\/ppggenetica\/secretaria\/","title":{"rendered":"Secretaria"},"content":{"rendered":"<p><span style=\"color: #000080\"><span style=\"color: #000000\"><strong>Secret\u00e1rio:<\/strong><\/span> Guilherme Negr\u00e3o<\/span><br \/>\n<strong>E-mail de contato:<\/strong> <span style=\"color: #000080\">ppg-gen@ufpr.br<br \/>\n<\/span> <strong>Fone:<\/strong> |<span style=\"color: #000080\">41| 3361-1684<br \/>\n<\/span> <strong>Hor\u00e1rio de funcionamento:<\/strong>\u00a0<span style=\"color: #333399\">Das<\/span>\u00a00<span style=\"color: #000080\">8h00 \u00e0s 12h00 e das 13h00 \u00e0s 17h00<br \/>\n<\/span> <strong>Endere\u00e7o: <\/strong><span style=\"color: #000080\">Caixa Postal 19071 | CEP 81531-980 | Centro Polit\u00e9cnico | Jardim das Am\u00e9ricas | Curitiba | PR<\/span><\/p>\n<p><a href=\"https:\/\/bio.ufpr.br\/ppggenetica\/wp-content\/uploads\/sites\/54\/2026\/04\/calendario-ppg-gen-2026.jpg\" target=\"_blank\" rel=\"noopener\"><img loading=\"lazy\" decoding=\"async\" class=\"aligncenter wp-image-4303 size-full\" src=\"https:\/\/bio.ufpr.br\/ppggenetica\/wp-content\/uploads\/sites\/54\/2026\/04\/calendario-ppg-gen-2026.jpg\" alt=\"\" width=\"1042\" height=\"888\" srcset=\"https:\/\/bio.ufpr.br\/ppggenetica\/wp-content\/uploads\/sites\/54\/2026\/04\/calendario-ppg-gen-2026.jpg 1042w, https:\/\/bio.ufpr.br\/ppggenetica\/wp-content\/uploads\/sites\/54\/2026\/04\/calendario-ppg-gen-2026-300x256.jpg 300w, https:\/\/bio.ufpr.br\/ppggenetica\/wp-content\/uploads\/sites\/54\/2026\/04\/calendario-ppg-gen-2026-1024x873.jpg 1024w, https:\/\/bio.ufpr.br\/ppggenetica\/wp-content\/uploads\/sites\/54\/2026\/04\/calendario-ppg-gen-2026-768x654.jpg 768w, https:\/\/bio.ufpr.br\/ppggenetica\/wp-content\/uploads\/sites\/54\/2026\/04\/calendario-ppg-gen-2026-115x98.jpg 115w, https:\/\/bio.ufpr.br\/ppggenetica\/wp-content\/uploads\/sites\/54\/2026\/04\/calendario-ppg-gen-2026-67x57.jpg 67w\" sizes=\"auto, (max-width: 1042px) 100vw, 1042px\" \/><\/a><\/p>\n<h3><strong><span style=\"text-decoration: underline\"><span style=\"color: #800000;text-decoration: underline\">Observa\u00e7\u00f5es:<\/span><\/span><\/strong><\/h3>\n<ul>\n<li style=\"text-align: justify\">&#8211; As datas de encerramento de matr\u00edcula e de in\u00edcio das aulas variam de acordo com a disciplina pretendida. Para maiores informa\u00e7\u00f5es, consulte tamb\u00e9m o SIGA e a <span style=\"text-decoration: underline\"><strong><span style=\"color: #3366ff\"><a style=\"color: #3366ff;text-decoration: underline\" href=\"https:\/\/bio.ufpr.br\/ppggenetica\/matriculas-e-grade-de-horarios\/\">grade de disciplinas ofertadas<\/a><\/span><\/strong><\/span> no semestre vigente<\/li>\n<li style=\"text-align: justify\">&#8211; Para discentes do mestrado, o prazo de entrega do projeto de disserta\u00e7\u00e3o \u00e0 Comiss\u00e3o de Acompanhamento ser\u00e1 estabelecido dentro da disciplina <strong><span style=\"color: #4a4a4a\">GENE7046-Reda\u00e7\u00e3o Cient\u00edfica I &#8211; Concep\u00e7\u00e3o e Escrita de Projetos de Pesquisa<\/span><\/strong>. Discentes do doutorado devem seguir os prazos estabelecidos no <strong><a href=\"https:\/\/bio.ufpr.br\/ppggenetica\/wp-content\/uploads\/sites\/54\/2025\/04\/Regimento-Interno-do-PPG_GEN_2025_final.pdf\"><span style=\"text-decoration: underline;color: #3366ff\">Regimento Interno<\/span><\/a><\/strong><\/li>\n<li style=\"text-align: justify\"><span style=\"color: #000000\">&#8211;<strong> As reuni\u00f5es<\/strong> do colegiado <strong>ocorrem<\/strong> mensalmente, sempre <strong>na<\/strong> <strong>segunda ter\u00e7a-feira de cada m\u00eas<\/strong>, \u00e0s 14h00. <\/span><span style=\"color: #000000\">Solicita\u00e7\u00f5es de <strong>inclus\u00e3o de pauta<\/strong> dever\u00e3o ser <strong>encaminhadas exclusivamente para<\/strong> o e-mail<strong> ppg-gen@ufpr.br at\u00e9 a primeira quinta-feira de cada m\u00eas<\/strong><\/span><\/li>\n<\/ul>\n<hr \/>\n<h4>Anfiteatro 1 e Sala 65<\/h4>\n<p style=\"text-align: justify\">O Programa disp\u00f5e de dois espa\u00e7os destinados, preferencialmente, a defesas, qualifica\u00e7\u00f5es, aulas e demais atividades do PPG-GEN, mas tamb\u00e9m dispon\u00edveis para uso da comunidade acad\u00eamica em geral da UFPR. Consulte as agendas abaixo e, caso haja disponibilidade, <strong>solicite a reserva pelo e-mail ppg-gen@ufpr.br, informando o nome completo do respons\u00e1vel pelo agendamento, a data e os hor\u00e1rios de in\u00edcio e t\u00e9rmino<\/strong>.<\/p>\n<p>&#8211; <strong><a href=\"https:\/\/docs.google.com\/spreadsheets\/d\/1jWQgSHO0h4_Y2hy7vbXOtAzGN-6IW9JxF4V-erqCkbs\/edit?hl=pt-br&amp;pli=1&amp;gid=0#gid=0\"><span style=\"color: #3366ff\">Agenda Anfi 1<\/span><\/a><\/strong> (Capacidade: 34 carteiras)<br \/>\n&#8211; <strong><a href=\"https:\/\/docs.google.com\/spreadsheets\/d\/1y3OzIsmGgTP3defqzRe0-JTCVLgerZ7Z8CfRT6yMzpk\/edit?gid=199814252#gid=199814252\"><span style=\"color: #3366ff\">Agenda Sala 65<\/span><\/a><\/strong> (Capacidade: 40 carteiras)<\/p>\n","protected":false},"excerpt":{"rendered":"<p>Secret\u00e1rio: Guilherme Negr\u00e3o E-mail de contato: ppg-gen@ufpr.br Fone: |41| 3361-1684 Hor\u00e1rio de funcionamento:\u00a0Das\u00a008h00 \u00e0s 12h00 e das 13h00 \u00e0s 17h00 Endere\u00e7o: Caixa Postal 19071 | [&hellip;]<\/p>\n","protected":false},"author":6,"featured_media":0,"parent":0,"menu_order":0,"comment_status":"closed","ping_status":"closed","template":"","meta":{"_acf_changed":false,"_monsterinsights_skip_tracking":false,"_monsterinsights_sitenote_active":false,"_monsterinsights_sitenote_note":"","_monsterinsights_sitenote_category":0,"footnotes":""},"class_list":["post-1627","page","type-page","status-publish","hentry"],"acf":[],"_links":{"self":[{"href":"https:\/\/bio.ufpr.br\/ppggenetica\/wp-json\/wp\/v2\/pages\/1627","targetHints":{"allow":["GET"]}}],"collection":[{"href":"https:\/\/bio.ufpr.br\/ppggenetica\/wp-json\/wp\/v2\/pages"}],"about":[{"href":"https:\/\/bio.ufpr.br\/ppggenetica\/wp-json\/wp\/v2\/types\/page"}],"author":[{"embeddable":true,"href":"https:\/\/bio.ufpr.br\/ppggenetica\/wp-json\/wp\/v2\/users\/6"}],"replies":[{"embeddable":true,"href":"https:\/\/bio.ufpr.br\/ppggenetica\/wp-json\/wp\/v2\/comments?post=1627"}],"version-history":[{"count":123,"href":"https:\/\/bio.ufpr.br\/ppggenetica\/wp-json\/wp\/v2\/pages\/1627\/revisions"}],"predecessor-version":[{"id":4323,"href":"https:\/\/bio.ufpr.br\/ppggenetica\/wp-json\/wp\/v2\/pages\/1627\/revisions\/4323"}],"wp:attachment":[{"href":"https:\/\/bio.ufpr.br\/ppggenetica\/wp-json\/wp\/v2\/media?parent=1627"}],"curies":[{"name":"wp","href":"https:\/\/api.w.org\/{rel}","templated":true}]}}

<p><span style="color: #000080"><span style="color: #000000"><strong>Secretário:</strong></span> Guilherme Negrão</span><br />
<strong>E-mail de contato:</strong> <span style="color: #000080">ppg-gen@ufpr.br<br />
</span> <strong>Fone:</strong> |<span style="color: #000080">41| 3361-1684<br />
</span> <strong>Horário de funcionamento:</strong> <span style="color: #333399">Das</span> 0<span style="color: #000080">8h00 às 12h00 e das 13h00 às 17h00<br />
</span> <strong>Endereço: </strong><span style="color: #000080">Caixa Postal 19071 | CEP 81531-980 | Centro Politécnico | Jardim das Américas | Curitiba | PR</span></p>
<p><a href="https://bio.ufpr.br/ppggenetica/wp-content/uploads/sites/54/2026/04/calendario-ppg-gen-2026.jpg" target="_blank" rel="noopener"><img loading="lazy" decoding="async" class="aligncenter wp-image-4303 size-full" src="https://bio.ufpr.br/ppggenetica/wp-content/uploads/sites/54/2026/04/calendario-ppg-gen-2026.jpg" alt="" width="1042" height="888" srcset="https://bio.ufpr.br/ppggenetica/wp-content/uploads/sites/54/2026/04/calendario-ppg-gen-2026.jpg 1042w, https://bio.ufpr.br/ppggenetica/wp-content/uploads/sites/54/2026/04/calendario-ppg-gen-2026-300x256.jpg 300w, https://bio.ufpr.br/ppggenetica/wp-content/uploads/sites/54/2026/04/calendario-ppg-gen-2026-1024x873.jpg 1024w, https://bio.ufpr.br/ppggenetica/wp-content/uploads/sites/54/2026/04/calendario-ppg-gen-2026-768x654.jpg 768w, https://bio.ufpr.br/ppggenetica/wp-content/uploads/sites/54/2026/04/calendario-ppg-gen-2026-115x98.jpg 115w, https://bio.ufpr.br/ppggenetica/wp-content/uploads/sites/54/2026/04/calendario-ppg-gen-2026-67x57.jpg 67w" sizes="auto, (max-width: 1042px) 100vw, 1042px" /></a></p>
<h3><strong><span style="text-decoration: underline"><span style="color: #800000;text-decoration: underline">Observações:</span></span></strong></h3>
<ul>
<li style="text-align: justify">&#8211; As datas de encerramento de matrícula e de início das aulas variam de acordo com a disciplina pretendida. Para maiores informações, consulte também o SIGA e a <span style="text-decoration: underline"><strong><span style="color: #3366ff"><a style="color: #3366ff;text-decoration: underline" href="https://bio.ufpr.br/ppggenetica/matriculas-e-grade-de-horarios/">grade de disciplinas ofertadas</a></span></strong></span> no semestre vigente</li>
<li style="text-align: justify">&#8211; Para discentes do mestrado, o prazo de entrega do projeto de dissertação à Comissão de Acompanhamento será estabelecido dentro da disciplina <strong><span style="color: #4a4a4a">GENE7046-Redação Científica I &#8211; Concepção e Escrita de Projetos de Pesquisa</span></strong>. Discentes do doutorado devem seguir os prazos estabelecidos no <strong><a href="https://bio.ufpr.br/ppggenetica/wp-content/uploads/sites/54/2025/04/Regimento-Interno-do-PPG_GEN_2025_final.pdf"><span style="text-decoration: underline;color: #3366ff">Regimento Interno</span></a></strong></li>
<li style="text-align: justify"><span style="color: #000000">&#8211;<strong> As reuniões</strong> do colegiado <strong>ocorrem</strong> mensalmente, sempre <strong>na</strong> <strong>segunda terça-feira de cada mês</strong>, às 14h00. </span><span style="color: #000000">Solicitações de <strong>inclusão de pauta</strong> deverão ser <strong>encaminhadas exclusivamente para</strong> o e-mail<strong> ppg-gen@ufpr.br até a primeira quinta-feira de cada mês</strong></span></li>
</ul>
<hr />
<h4>Anfiteatro 1 e Sala 65</h4>
<p style="text-align: justify">O Programa dispõe de dois espaços destinados, preferencialmente, a defesas, qualificações, aulas e demais atividades do PPG-GEN, mas também disponíveis para uso da comunidade acadêmica em geral da UFPR. Consulte as agendas abaixo e, caso haja disponibilidade, <strong>solicite a reserva pelo e-mail ppg-gen@ufpr.br, informando o nome completo do responsável pelo agendamento, a data e os horários de início e término</strong>.</p>
<p>&#8211; <strong><a href="https://docs.google.com/spreadsheets/d/1jWQgSHO0h4_Y2hy7vbXOtAzGN-6IW9JxF4V-erqCkbs/edit?hl=pt-br&amp;pli=1&amp;gid=0#gid=0"><span style="color: #3366ff">Agenda Anfi 1</span></a></strong> (Capacidade: 34 carteiras)<br />
&#8211; <strong><a href="https://docs.google.com/spreadsheets/d/1y3OzIsmGgTP3defqzRe0-JTCVLgerZ7Z8CfRT6yMzpk/edit?gid=199814252#gid=199814252"><span style="color: #3366ff">Agenda Sala 65</span></a></strong> (Capacidade: 40 carteiras)</p>

<p>Secretário: Guilherme Negrão E-mail de contato: ppg-gen@ufpr.br Fone: |41| 3361-1684 Horário de funcionamento: Das 08h00 às 12h00 e das 13h00 às 17h00 Endereço: Caixa Postal 19071 | [&hellip;]</p>
