{"id":1642,"date":"2021-02-01T14:06:35","date_gmt":"2021-02-01T16:06:35","guid":{"rendered":"https:\/\/bio.ufpr.br\/ppggenetica\/?page_id=1642"},"modified":"2026-03-18T14:59:55","modified_gmt":"2026-03-18T17:59:55","slug":"auto-avaliacao-e-planejamento","status":"publish","type":"page","link":"https:\/\/bio.ufpr.br\/ppggenetica\/auto-avaliacao-e-planejamento\/","title":{"rendered":"Auto-avalia\u00e7\u00e3o e Planejamento"},"content":{"rendered":"<h2 style=\"text-align: center\"><span style=\"color: #000080\"><strong>MISS\u00c3O<\/p>\n<p><\/strong><\/span><\/h2>\n<p style=\"text-align: justify\"><em>Desenvolver, conduzir e implementar um instrumento avaliativo capaz de realizar um diagn\u00f3stico claro e preciso das potencialidades e fragilidades do PPG-GEN, a fim de nortear o planejamento estrat\u00e9gico e tomada de decis\u00f5es que implicar\u00e3o na consolida\u00e7\u00e3o do programa de p\u00f3s-gradua\u00e7\u00e3o.<\/em><\/p>\n<hr \/>\n<p><a href=\"https:\/\/bio.ufpr.br\/ppggenetica\/wp-content\/uploads\/sites\/54\/2025\/04\/Autoavaliacao-e-PE2025-2030.pdf\"><span style=\"color: #3366ff\">Auto-Avalia\u00e7\u00e3o &#8211; quadri\u00eanio 2021 &#8211; 2024 e Planejamento estrat\u00e9gico 2025 &#8211; 2029<\/span><\/a><\/p>\n<hr \/>\n<p><a href=\"https:\/\/bio.ufpr.br\/ppggenetica\/wp-content\/uploads\/sites\/54\/2020\/07\/Documento-CPA_PPGGEN_2020.pdf\"><span style=\"color: #3366ff\">Auto-Avalia\u00e7\u00e3o &#8211; quadri\u00eanio 2017 &#8211; 2020 e Planejamento estrat\u00e9gico 2021 &#8211; 2024<\/span><\/a><\/p>\n<hr \/>\n<p><span style=\"color: #000080\"><strong>\u00a0<\/strong><\/span><\/p>\n","protected":false},"excerpt":{"rendered":"<p>MISS\u00c3O Desenvolver, conduzir e implementar um instrumento avaliativo capaz de realizar um diagn\u00f3stico claro e preciso das potencialidades e fragilidades do PPG-GEN, a fim de [&hellip;]<\/p>\n","protected":false},"author":6,"featured_media":0,"parent":0,"menu_order":0,"comment_status":"closed","ping_status":"closed","template":"","meta":{"_acf_changed":false,"_monsterinsights_skip_tracking":false,"_monsterinsights_sitenote_active":false,"_monsterinsights_sitenote_note":"","_monsterinsights_sitenote_category":0,"footnotes":""},"class_list":["post-1642","page","type-page","status-publish","hentry"],"acf":[],"_links":{"self":[{"href":"https:\/\/bio.ufpr.br\/ppggenetica\/wp-json\/wp\/v2\/pages\/1642","targetHints":{"allow":["GET"]}}],"collection":[{"href":"https:\/\/bio.ufpr.br\/ppggenetica\/wp-json\/wp\/v2\/pages"}],"about":[{"href":"https:\/\/bio.ufpr.br\/ppggenetica\/wp-json\/wp\/v2\/types\/page"}],"author":[{"embeddable":true,"href":"https:\/\/bio.ufpr.br\/ppggenetica\/wp-json\/wp\/v2\/users\/6"}],"replies":[{"embeddable":true,"href":"https:\/\/bio.ufpr.br\/ppggenetica\/wp-json\/wp\/v2\/comments?post=1642"}],"version-history":[{"count":11,"href":"https:\/\/bio.ufpr.br\/ppggenetica\/wp-json\/wp\/v2\/pages\/1642\/revisions"}],"predecessor-version":[{"id":4221,"href":"https:\/\/bio.ufpr.br\/ppggenetica\/wp-json\/wp\/v2\/pages\/1642\/revisions\/4221"}],"wp:attachment":[{"href":"https:\/\/bio.ufpr.br\/ppggenetica\/wp-json\/wp\/v2\/media?parent=1642"}],"curies":[{"name":"wp","href":"https:\/\/api.w.org\/{rel}","templated":true}]}}