{"id":2241,"date":"2021-09-16T16:30:31","date_gmt":"2021-09-16T19:30:31","guid":{"rendered":"https:\/\/bio.ufpr.br\/ppggenetica\/?page_id=2241"},"modified":"2022-10-11T12:57:53","modified_gmt":"2022-10-11T15:57:53","slug":"snct","status":"publish","type":"page","link":"https:\/\/bio.ufpr.br\/ppggenetica\/snct\/","title":{"rendered":"SNCT"},"content":{"rendered":"<h1>EDI\u00c7\u00c3O 2022<\/h1>\n<p><img decoding=\"async\" src=\"https:\/\/semanact.mcti.gov.br\/wp-content\/uploads\/2022\/09\/Baanner_v8.jpg\" \/><\/p>\n<h2 style=\"text-align: center\"><span style=\"color: #0000ff\">O que \u00e9 a Semana Nacional de Ci\u00eancia e Tecnologia?<\/span><\/h2>\n<h4 style=\"text-align: center\">\u00a0 \u00a0 \u00a0\u00a0\u00c9 uma semana totalmente dedicada \u00e0\u00a0<span style=\"text-decoration: underline\"><span style=\"color: #0000ff;text-decoration: underline\">populariza\u00e7\u00e3o e divulga\u00e7\u00e3o cient\u00edfica<\/span><\/span>\u00a0no \u00e2mbito Nacional. V\u00e1rias atividades ocorrer\u00e3o simultaneamente em todo o Brasil e ter\u00e3o como objetivo destacar o papel da Ci\u00eancia na vida das pessoas e como a tecnologia e inova\u00e7\u00e3o pode contribuir para o planeta. Neste ano, a SNCT ter\u00e1 como tema\u00a0\u201cO Bicenten\u00e1rio da Ci\u00eancia e Tecnologia no Brasil\u201d, e esperamos poder apresentar o papel da Gen\u00e9tica no desenvolvimento e melhoria da qualidade de vida da popula\u00e7\u00e3o brasileira.<\/h4>\n<h2 style=\"text-align: center\"><span style=\"color: #0000ff\">E qual ser\u00e1 a contribui\u00e7\u00e3o do PPG-GEN nesta semana?<\/span><\/h2>\n<h4 style=\"text-align: center\">O Programa de P\u00f3s-Gradua\u00e7\u00e3o em Gen\u00e9tica do Departamento de Gen\u00e9tica da UFPR ir\u00e1 <span style=\"color: #0000ff\"><strong>Abrir as portas<\/strong><\/span> para receber alunos, professores e familiares de alunos de escolas da rede p\u00fablica de ensino fundamental e m\u00e9dio do estado do Paran\u00e1. Tamb\u00e9m estar\u00e1 aberta para a participa\u00e7\u00e3o e visita\u00e7\u00e3o de alunos, docentes e funcion\u00e1rios da UFPR e da comunidade externa.<\/h4>\n<h2 style=\"text-align: center\"><span style=\"color: #0000ff\">Onde e quando ir\u00e1 ocorrer?<\/span><\/h2>\n<h4 style=\"text-align: center\">As atividades ocorrer\u00e3o presencialmente entre os dias <span style=\"color: #0000ff\"><strong>17 a 21 de Outubro<\/strong><\/span>, nos turnos da manh\u00e3 (8:30 -11:30h) e da tarde (13:30-17:30h) no Departamento de Gen\u00e9tica da UFPR.<\/h4>\n<p style=\"text-align: center\">\u2666 Setor de Ci\u00eancias Biol\u00f3gicas &#8211; Avenida Coronel Francisco H. dos Santos, 100, Centro Polit\u00e9cnico &#8211; Jardim das Am\u00e9ricas &#8211; CEP: 81531-980.<\/p>\n<h2 style=\"text-align: center\"><span style=\"color: #0000ff\">Esta\u00e7\u00f5es do Conhecimento<\/span><\/h2>\n<h4 style=\"text-align: center\">Os participantes realiza\u00e7\u00e3o visitas orientadas, por alunos de gradua\u00e7\u00e3o e p\u00f3s-gradua\u00e7\u00e3o, \u00e0 nove ESTA\u00c7\u00d5ES DO CONHECIMENTO, que ir\u00e3o apresentar ao p\u00fablico a import\u00e2ncia e o papel da Gen\u00e9tica para a sociedade. Ser\u00e3o abordados temas de Gen\u00e9tica que fazem parte do dia-a-dia das pessoas, al\u00e9m de explicar e demonstrar como as atividades desenvolvidas pela UFPR tem impacto para sociedade.<\/h4>\n<p><strong>Esta\u00e7\u00e3o 1<\/strong> &#8211; Experimentando a Gen\u00e9tica &#8211; da teoria \u00e0 pr\u00e1tica<\/p>\n<p><strong>Esta\u00e7\u00e3o 2 &#8211;<\/strong> Como o estudo dos cromossomos pode auxiliar no diagn\u00f3stico de doen\u00e7as do sangue?<\/p>\n<p><strong>Esta\u00e7\u00e3o 3 &#8211;<\/strong> Como \u00e9 realizado o teste de compatibilidade gen\u00e9tica para o transplante de medula \u00f3ssea?<\/p>\n<p><strong>Esta\u00e7\u00e3o 4 &#8211; <\/strong>COVID-19:\u00a0\u00a0a Gen\u00e9tica no diagn\u00f3stico e desenvolvimento de vacinas<\/p>\n<p><strong>Esta\u00e7\u00e3o 5 &#8211;\u00a0 <\/strong>A Gen\u00e9tica tem cor?<\/p>\n<p><strong>Esta\u00e7\u00e3o 6 &#8211;<\/strong> Como a Gen\u00e9tica pode ajudar na avalia\u00e7\u00e3o da seguran\u00e7a de produtos e cosm\u00e9ticos?<\/p>\n<p><strong>Esta\u00e7\u00e3o 7 &#8211;<\/strong> Existe varia\u00e7\u00e3o na resposta individual \u00e0 anestesia? Como a gen\u00e9tica explica isso?<\/p>\n<p><strong>Esta\u00e7\u00e3o 8 &#8211;<\/strong>\u00a0Como encontrar novos compostos e medicamentos na biodiversidade brasileira?<\/p>\n<p><strong>Esta\u00e7\u00e3o 9 &#8211;<\/strong>\u00a0Gen\u00e9tica, digest\u00e3o e sa\u00fade &#8211; ser saud\u00e1vel tamb\u00e9m \u00e9 gostoso!<\/p>\n<h2 style=\"text-align: center\"><span style=\"color: #0000ff\">Conhe\u00e7a os projetos de pesquisa e extens\u00e3o vinculados a estas atividades!<\/span><\/h2>\n<p><span style=\"text-decoration: underline\">Institutos Nacionais de Ci\u00eancia e Tecnologia (INCTs)<\/span><\/p>\n<ul>\n<li>Instituto Nacional de Tecnologias Alternativas para Detec\u00e7\u00e3o, Avalia\u00e7\u00e3o Toxicol\u00f3gica e Remo\u00e7\u00e3o de Micropoluentes e Radioativos (INCT-<br \/>\nDATREM) &#8211; <a href=\"https:\/\/www.iq.unesp.br\/#!\/inct-datrem\">saiba mais<\/a><\/li>\n<li>Instituto Nacional de Ci\u00eancia e Tecnologia de Gen\u00f4mica para Melhoramento de Citros (INCT Citros) &#8211; <a href=\"http:\/\/estatico.cnpq.br\/programas\/inct\/_apresentacao\/inct_genomica_melhoramentos_citros.html\">saiba mais<\/a><\/li>\n<\/ul>\n<p><span style=\"text-decoration: underline\">Projetos de pesquisa:<\/span><\/p>\n<ul>\n<li>&#8220;Investiga\u00e7\u00e3o de casos cl\u00ednicos complexos em neoplasias hematopo\u00e9ticas agudas miel\u00f3ides e linfoides na proje\u00e7\u00e3o de um painel integrado de diagn\u00f3stico&#8221; (Funda\u00e7\u00e3o Arauc\u00e1ria)<\/li>\n<li>&#8220;MedEpiGen: desenho de estrat\u00e9gias de Medicina preventiva adaptadas ao perfil Gen\u00e9tico-Epidemiol\u00f3gico da s\u00edndrome metab\u00f3lica em popula\u00e7\u00f5es do Paran\u00e1&#8221; (PPSUS &#8211; MS, CNPq, Funda\u00e7\u00e3o Arauc\u00e1ria e SESA-PR)<\/li>\n<li>&#8220;Microbiogen: Associa\u00e7\u00e3o da microbiota intestinal com marcadores (epi)gen\u00e9ticos e metab\u00f3licos de doen\u00e7as cr\u00f4nicas n\u00e3o transmiss\u00edveis&#8221; (CNPq e MCTI)<\/li>\n<\/ul>\n<p><span style=\"text-decoration: underline\">Projetos de Extens\u00e3o: <\/span><\/p>\n<p>&#8220;Testagem da popula\u00e7\u00e3o para COVID-19 com aten\u00e7\u00e3o aos grupos sociais vulner\u00e1veis&#8221;<\/p>\n<p>&#8220;UFPR na Conscientiza\u00e7\u00e3o de Doadores de Medula \u00d3ssea&#8221;<\/p>\n<p>&#8220;Gen\u00e9tica para Todos&#8221;<\/p>\n<p>&#8220;A Gen\u00e9tica tem cor?&#8221;<\/p>\n<h2 style=\"text-align: center\"><span style=\"color: #0000ff\">Como participar?<\/span><\/h2>\n<h4 style=\"text-align: center\">A visita\u00e7\u00e3o individual ser\u00e1 aberta ao p\u00fablico da comunidade interna e\u00a0 externa da UFPR durante toda a semana de atividades e n\u00e3o precisa de inscri\u00e7\u00e3o!\u00a0 J\u00e1 a visita\u00e7\u00e3o de turmas escolares ocorrer\u00e1 somente mediante ao agendamento pr\u00e9vio da respectiva dire\u00e7\u00e3o escolar. Veja a lista de escolas j\u00e1 selecionadas para a visita\u00e7\u00e3o orientada:<\/h4>\n<p>Col\u00e9gio Estadual Prefeito Jo\u00e3o Maria de Barros &#8211; Curitiba\/PR<\/p>\n<p>Escola estadual J\u00falio Mesquita\u00a0 &#8211; Curitiba\/PR<\/p>\n<p>Col\u00e9gio Dr. Gilberto Alves do Nascimento\u00a0 &#8211; Curitiba\/PR<\/p>\n<p>Col\u00e9gio Estadual C\u00edvico Militar Ermelino de Le\u00e3o &#8211;\u00a0Curitiba\/PR<\/p>\n<p>Col\u00e9gio Estadual Prefeito Jo\u00e3o Maria de Barros &#8211; Campina Grande do Sul\/PR<\/p>\n<p>Col\u00e9gio Estadual Rom\u00e1rio Martins &#8211; Curitiba\/PR<\/p>\n<p>Curso T\u00e9cnico em Meio\u00a0Ambiente do CEEP Newton Freire Maia &#8211; Curitiba\/PR<\/p>\n<p>Col\u00e9gio Estadual Dona Branca do Nascimento Miranda &#8211; Curitiba\/PR<\/p>\n<p>Col\u00e9gio Estadual Isolda Schmidt &#8211; Curitiba\/PR<\/p>\n<p>Col\u00e9gio Estadual J\u00falia Wanderley &#8211; Curitiba\/PR<\/p>\n<p>Col\u00e9gio Major Vespasiano Carneiro de Mello &#8211; Castro\/PR<\/p>\n<p>&nbsp;<\/p>\n<h2 style=\"text-align: center\"><span style=\"color: #0000ff\">Maiores informa\u00e7\u00f5es contatar:<\/span><\/h2>\n<p>Secretaria do PPG-GEN atrav\u00e9s do e-mail:\u00a0ppg-gen@ufpr.br\u00a0 ou danielpachecobruschi@gmail.com.<\/p>\n<h1><\/h1>\n<h3 style=\"text-align: center\">Contamos com a presen\u00e7a de todos! Se inscrevam, repassem essa informa\u00e7\u00e3o a seus familiares, amigos, colegas de trabalho&#8230;<\/h3>\n<h3 style=\"text-align: center\">E se ficar com alguma d\u00favida, deixa que\u00a0<span style=\"color: #0000ff\">&#8220;A Gen\u00e9tica te explica!&#8221;<\/span><\/h3>\n<h1><img decoding=\"async\" src=\"https:\/\/bio.ufpr.br\/ppggenetica\/wp-content\/uploads\/sites\/54\/2021\/09\/jovens-cientistas.jpg\" alt=\"jovens cientistas.cdr\" \/><\/h1>\n<h1><\/h1>\n<hr \/>\n<h1><span style=\"color: #0000ff\">EDI\u00c7\u00c3O 2021<\/span><\/h1>\n<p><img loading=\"lazy\" decoding=\"async\" class=\"aligncenter size-full wp-image-2268\" src=\"https:\/\/bio.ufpr.br\/ppggenetica\/wp-content\/uploads\/sites\/54\/2021\/09\/imagem_home_marca_v2-1.jpg\" alt=\"imagem_home_marca_v2\" width=\"768\" height=\"322\" srcset=\"https:\/\/bio.ufpr.br\/ppggenetica\/wp-content\/uploads\/sites\/54\/2021\/09\/imagem_home_marca_v2-1.jpg 768w, https:\/\/bio.ufpr.br\/ppggenetica\/wp-content\/uploads\/sites\/54\/2021\/09\/imagem_home_marca_v2-1-300x126.jpg 300w\" sizes=\"auto, (max-width: 768px) 100vw, 768px\" \/><\/p>\n<h2><span style=\"color: #0000ff\">O que \u00e9 a Semana Nacional de Ci\u00eancia e Tecnologia?<\/span><\/h2>\n<h4 style=\"text-align: center\">\u00a0 \u00a0 \u00a0\u00a0\u00c9 uma semana totalmente dedicada \u00e0 <span style=\"text-decoration: underline\"><span style=\"color: #0000ff;text-decoration: underline\">populariza\u00e7\u00e3o e divulga\u00e7\u00e3o cient\u00edfica<\/span><\/span> no \u00e2mbito Nacional. V\u00e1rias atividades ocorrer\u00e3o simultaneamente em todo o Brasil e ter\u00e3o como objetivo destacar o papel da Ci\u00eancia na vida das pessoas e como a tecnologia e inova\u00e7\u00e3o pode contribuir para o planeta.<\/h4>\n<h2 style=\"text-align: center\"><span style=\"color: #0000ff\">E qual ser\u00e1 a contribui\u00e7\u00e3o do PPG-GEN nesta semana?<\/span><\/h2>\n<h4 style=\"text-align: center\">Iremos realizar oficinas, palestras e rodas de conversa sobre GEN\u00c9TICA e assuntos relacionados \u00e0 esta tem\u00e1tica. Iremos conversar e informar a popula\u00e7\u00f5es sobre temas que fazem parte de nosso\u00a0 dia-a-dia. Queremos discutir Ci\u00eancia de forma descomplicada e simples, mostrando os impactos das pesquisas realizadas neste \u00e1rea para a sociedade e apresentando as contribui\u00e7\u00f5es de pesquisadores de nossa institui\u00e7\u00e3o para mudar a vida das pessoas!<\/h4>\n<h2 style=\"text-align: center\">\u00a0<span style=\"color: #0000ff\">Como participar?<\/span><\/h2>\n<h4 style=\"text-align: center\">As atividades ser\u00e3o inteiramente gratuitas e ocorrer\u00e3o de forma remota (online) atrav\u00e9s da plataforma Microsoft TEAMs e tamb\u00e9m transmitidas ao vivo pelo YouTube. Fique por dentro da programa\u00e7\u00e3o e se inscreva clicando no link abaixo de cada atividade. Voc\u00ea pode se inscrever em quantas atividades quiser participar!<\/h4>\n<h2 style=\"text-align: center\"><span style=\"color: #0000ff\">Programa\u00e7\u00e3o<\/span><\/h2>\n<table style=\"height: 1758px\" width=\"840\">\n<tbody>\n<tr>\n<td width=\"472\">\n<p>\u00a0<strong><span style=\"color: #0000ff\">Profiss\u00e3o CIENTISTA (04\/10\/2021 &#8211; 19h)<\/span><\/strong><\/p>\n<p>Pesquisadores\u00a0 Lucas Fagundes Silveira,\u00a0 Michelle Zattera,\u00a0 Leonardo Amorim, Jo\u00e3o Paulo Camargo, Isadora Signori Souza,\u00a0 Ketelen Michele Guilherme de Oliveira, Natalie Sukow. Professora Luciane Tureck<\/p>\n<p>Link para acesso &#8211;\u00a0<a href=\"https:\/\/teams.microsoft.com\/l\/meetup-join\/19%3aBted3HMjxt5uPY6HroijWZ4zvGhLr_DxgiCMLK1_4I81%40thread.tacv2\/1633114039964?context=%7b%22Tid%22%3a%22c37b37a3-e9e2-42f9-bc67-4b9b738e1df0%22%2c%22Oid%22%3a%2235b14083-8d73-46a1-9d91-ad2d0410dbf5%22%7d\"> Clique aqui para entrar na sala virtual<\/a><\/td>\n<td style=\"text-align: center\" width=\"94\"><a href=\"https:\/\/docs.google.com\/forms\/d\/e\/1FAIpQLScIifC9_4JO2jBUfUWByJPEPKYti-LKZvBaOx0hpI6L4lb0_Q\/viewform?usp=pp_url\">Click aqui e se inscreva!<\/a><\/td>\n<\/tr>\n<tr>\n<td width=\"472\">\n<p><span style=\"color: #0000ff\"><strong>Muta\u00e7\u00f5es e surgimento de variantes: como e porque isso ocorre? (05\/10\/2021 &#8211; 19h)<\/strong><\/span><\/p>\n<p>Pesquisadores Lucas Fagundes Silveira, Isadora Signori Souza e\u00a0 Ketelen Michele Guilherme de Oliveira. Professora Iris Hass<\/p>\n<p>Link para acesso &#8211;\u00a0<a href=\"https:\/\/teams.microsoft.com\/l\/meetup-join\/19%3aBted3HMjxt5uPY6HroijWZ4zvGhLr_DxgiCMLK1_4I81%40thread.tacv2\/1633114327124?context=%7b%22Tid%22%3a%22c37b37a3-e9e2-42f9-bc67-4b9b738e1df0%22%2c%22Oid%22%3a%2235b14083-8d73-46a1-9d91-ad2d0410dbf5%22%7d\"> Clique e entre na sala virtual<\/a><\/td>\n<td style=\"text-align: center\" width=\"94\"><a href=\"https:\/\/docs.google.com\/forms\/d\/e\/1FAIpQLScIifC9_4JO2jBUfUWByJPEPKYti-LKZvBaOx0hpI6L4lb0_Q\/viewform?usp=pp_url\">Click aqui e se inscreva!<\/a><\/td>\n<\/tr>\n<tr>\n<td width=\"472\">\n<p><span style=\"color: #0000ff\"><strong>Ci\u00eancia e tecnologia na educa\u00e7\u00e3o b\u00e1sica e os impactos da COVID-19 (05\/10\/2021 19h)<\/strong><\/span><\/p>\n<p>Professor Henrique Jos\u00e9 Polato Gomes, Professora Kelly Dayane Aguiar<\/p>\n<p>(Ger\u00eancia de Educa\u00e7\u00e3o Integral, Secretaria Municipal de Educa\u00e7\u00e3o de Curitiba<\/p>\n<p>Link para acesso &#8211;\u00a0 <a href=\"https:\/\/teams.microsoft.com\/l\/meetup-join\/19%3aBted3HMjxt5uPY6HroijWZ4zvGhLr_DxgiCMLK1_4I81%40thread.tacv2\/1633116398910?context=%7b%22Tid%22%3a%22c37b37a3-e9e2-42f9-bc67-4b9b738e1df0%22%2c%22Oid%22%3a%2235b14083-8d73-46a1-9d91-ad2d0410dbf5%22%7d\">Clique e entre na sala virtual<\/a><\/td>\n<td style=\"text-align: center\" width=\"94\"><a href=\"https:\/\/docs.google.com\/forms\/d\/e\/1FAIpQLScIifC9_4JO2jBUfUWByJPEPKYti-LKZvBaOx0hpI6L4lb0_Q\/viewform?usp=pp_url\">Click aqui e se inscreva!<\/a><\/td>\n<\/tr>\n<tr>\n<td width=\"472\">\n<p><strong><span style=\"color: #0000ff\">Como surgiram as vacinas (05\/10\/2021 &#8211; 20h)<\/span><\/strong><\/p>\n<p>Pesquisadora Michelle Louise Zattera. Professor Daniel Bruschi<\/p>\n<p>Link para acesso &#8211;\u00a0 <a href=\"https:\/\/teams.microsoft.com\/l\/meetup-join\/19%3aBted3HMjxt5uPY6HroijWZ4zvGhLr_DxgiCMLK1_4I81%40thread.tacv2\/1633115638598?context=%7b%22Tid%22%3a%22c37b37a3-e9e2-42f9-bc67-4b9b738e1df0%22%2c%22Oid%22%3a%2235b14083-8d73-46a1-9d91-ad2d0410dbf5%22%7d\">Clique e entre na sala virtual<\/a><\/td>\n<td style=\"text-align: center\" width=\"94\"><a href=\"https:\/\/docs.google.com\/forms\/d\/e\/1FAIpQLScIifC9_4JO2jBUfUWByJPEPKYti-LKZvBaOx0hpI6L4lb0_Q\/viewform?usp=pp_url\">Click aqui e se inscreva!<\/a><\/td>\n<\/tr>\n<tr>\n<td width=\"472\">\n<p><strong><span style=\"color: #0000ff\">Vamos falar sobre ancestralidade humana? (06\/10\/2021 &#8211;\u00a0 19h)<\/span><\/strong><\/p>\n<p>Pesquisadora Natalie Sukow. Professora M\u00e1rcia H. Beltrame<\/p>\n<p>Link para acesso &#8211;\u00a0 <a href=\"https:\/\/teams.microsoft.com\/l\/meetup-join\/19%3aBted3HMjxt5uPY6HroijWZ4zvGhLr_DxgiCMLK1_4I81%40thread.tacv2\/1633114517300?context=%7b%22Tid%22%3a%22c37b37a3-e9e2-42f9-bc67-4b9b738e1df0%22%2c%22Oid%22%3a%2235b14083-8d73-46a1-9d91-ad2d0410dbf5%22%7d\">Clique e entre na sala virtual<\/a><\/td>\n<td style=\"text-align: center\" width=\"94\"><a href=\"https:\/\/docs.google.com\/forms\/d\/e\/1FAIpQLScIifC9_4JO2jBUfUWByJPEPKYti-LKZvBaOx0hpI6L4lb0_Q\/viewform?usp=pp_url\">Click aqui e se inscreva!<\/a><\/td>\n<\/tr>\n<tr>\n<td width=\"472\">\n<p><span style=\"color: #0000ff\"><strong>Por que perdemos o olfato por COVID-19? (06\/10\/2021 &#8211; 20h)<\/strong><\/span><\/p>\n<p>Pesquisador Jo\u00e3o Paulo Camargo. Professor Daniel Pacheco Bruschi<\/p>\n<p>Link para acesso &#8211;\u00a0<a href=\"https:\/\/teams.microsoft.com\/l\/meetup-join\/19%3aBted3HMjxt5uPY6HroijWZ4zvGhLr_DxgiCMLK1_4I81%40thread.tacv2\/1633116039250?context=%7b%22Tid%22%3a%22c37b37a3-e9e2-42f9-bc67-4b9b738e1df0%22%2c%22Oid%22%3a%2235b14083-8d73-46a1-9d91-ad2d0410dbf5%22%7d\"> Clique e entre na sala virtual<\/a><\/td>\n<td style=\"text-align: center\" width=\"94\"><a href=\"https:\/\/docs.google.com\/forms\/d\/e\/1FAIpQLScIifC9_4JO2jBUfUWByJPEPKYti-LKZvBaOx0hpI6L4lb0_Q\/viewform?usp=pp_url\">Click aqui e se inscreva!<\/a><\/td>\n<\/tr>\n<tr>\n<td width=\"472\">\n<p>\u00a0<span style=\"color: #0000ff\"><strong>O que tem escrito no genoma do v\u00edrus causador de COVID-19? (07\/10\/2021 &#8211; 19h)<\/strong><\/span><\/p>\n<p>Pesquisador Leonardo Amorim. Professor Daniel Pacheco Bruschi<\/p>\n<p>Link para acesso &#8211;\u00a0 <a href=\"https:\/\/teams.microsoft.com\/l\/meetup-join\/19%3aBted3HMjxt5uPY6HroijWZ4zvGhLr_DxgiCMLK1_4I81%40thread.tacv2\/1633114664818?context=%7b%22Tid%22%3a%22c37b37a3-e9e2-42f9-bc67-4b9b738e1df0%22%2c%22Oid%22%3a%2235b14083-8d73-46a1-9d91-ad2d0410dbf5%22%7d\">Clique e entre na sala virtual<\/a><\/td>\n<td style=\"text-align: center\" width=\"94\"><a href=\"https:\/\/docs.google.com\/forms\/d\/e\/1FAIpQLScIifC9_4JO2jBUfUWByJPEPKYti-LKZvBaOx0hpI6L4lb0_Q\/viewform?usp=pp_url\">Click aqui e se inscreva!<\/a><\/td>\n<\/tr>\n<tr>\n<td width=\"472\">\n<p><span style=\"color: #0000ff\"><strong>Biodiversidade na solu\u00e7\u00e3o de problemas como a COVID-19 (07\/10\/2021 &#8211; 20h)<\/strong><\/span><\/p>\n<p>Professora Chirlei Glienke<\/p>\n<p>Link para acesso &#8211;\u00a0 <a href=\"https:\/\/teams.microsoft.com\/l\/meetup-join\/19%3aBted3HMjxt5uPY6HroijWZ4zvGhLr_DxgiCMLK1_4I81%40thread.tacv2\/1633114776509?context=%7b%22Tid%22%3a%22c37b37a3-e9e2-42f9-bc67-4b9b738e1df0%22%2c%22Oid%22%3a%2235b14083-8d73-46a1-9d91-ad2d0410dbf5%22%7d\">Clique e entre na sala virtual<\/a><\/td>\n<td style=\"text-align: center\" width=\"94\"><a href=\"https:\/\/docs.google.com\/forms\/d\/e\/1FAIpQLScIifC9_4JO2jBUfUWByJPEPKYti-LKZvBaOx0hpI6L4lb0_Q\/viewform?usp=pp_url\">Click aqui e se inscreva!<\/a><\/td>\n<\/tr>\n<tr>\n<td width=\"472\">\n<p>\u00a0<span style=\"color: #0000ff\"><strong>Migra\u00e7\u00f5es humanas e a evolu\u00e7\u00e3o da nossa esp\u00e9cie (08\/10\/2021 &#8211; 19h)<\/strong><\/span><\/p>\n<p>Pesquisadores Lucas Fagundes Silveira e Isadora Signori Souza. Professora Lupe Furtado Alle<\/p>\n<p>Link para acesso &#8211;\u00a0 <a href=\"https:\/\/teams.microsoft.com\/l\/meetup-join\/19%3aBted3HMjxt5uPY6HroijWZ4zvGhLr_DxgiCMLK1_4I81%40thread.tacv2\/1633114891193?context=%7b%22Tid%22%3a%22c37b37a3-e9e2-42f9-bc67-4b9b738e1df0%22%2c%22Oid%22%3a%2235b14083-8d73-46a1-9d91-ad2d0410dbf5%22%7d\">Clique e entre na sala virtual<\/a><\/td>\n<td style=\"text-align: center\" width=\"94\"><a href=\"https:\/\/docs.google.com\/forms\/d\/e\/1FAIpQLScIifC9_4JO2jBUfUWByJPEPKYti-LKZvBaOx0hpI6L4lb0_Q\/viewform?usp=pp_url\">Click aqui e se inscreva!<\/a><\/td>\n<\/tr>\n<tr>\n<td width=\"472\"><\/td>\n<td style=\"text-align: center\" width=\"94\"><\/td>\n<\/tr>\n<\/tbody>\n<\/table>\n<p>&nbsp;<\/p>\n<h3 style=\"text-align: center\">Contamos com a presen\u00e7a de todos! Se inscrevam, repassem essa informa\u00e7\u00e3o a seus familiares, amigos, colegas de trabalho&#8230;<\/h3>\n<h3 style=\"text-align: center\">E se ficar com alguma d\u00favida, deixa que <span style=\"color: #0000ff\">&#8220;A Gen\u00e9tica te explica!&#8221;<\/span><\/h3>\n<p><img loading=\"lazy\" decoding=\"async\" class=\"aligncenter size-full wp-image-2292\" src=\"https:\/\/bio.ufpr.br\/ppggenetica\/wp-content\/uploads\/sites\/54\/2021\/09\/jovens-cientistas.jpg\" alt=\"jovens cientistas.cdr\" width=\"3454\" height=\"2437\" srcset=\"https:\/\/bio.ufpr.br\/ppggenetica\/wp-content\/uploads\/sites\/54\/2021\/09\/jovens-cientistas.jpg 3454w, https:\/\/bio.ufpr.br\/ppggenetica\/wp-content\/uploads\/sites\/54\/2021\/09\/jovens-cientistas-300x212.jpg 300w, https:\/\/bio.ufpr.br\/ppggenetica\/wp-content\/uploads\/sites\/54\/2021\/09\/jovens-cientistas-768x542.jpg 768w, https:\/\/bio.ufpr.br\/ppggenetica\/wp-content\/uploads\/sites\/54\/2021\/09\/jovens-cientistas-1024x722.jpg 1024w\" sizes=\"auto, (max-width: 3454px) 100vw, 3454px\" \/><\/p>\n<p>&nbsp;<\/p>\n","protected":false},"excerpt":{"rendered":"<p>EDI\u00c7\u00c3O 2022 O que \u00e9 a Semana Nacional de Ci\u00eancia e Tecnologia? \u00a0 \u00a0 \u00a0\u00a0\u00c9 uma semana totalmente dedicada \u00e0\u00a0populariza\u00e7\u00e3o e divulga\u00e7\u00e3o cient\u00edfica\u00a0no \u00e2mbito Nacional. [&hellip;]<\/p>\n","protected":false},"author":6,"featured_media":0,"parent":0,"menu_order":0,"comment_status":"closed","ping_status":"closed","template":"","meta":{"_acf_changed":false,"_monsterinsights_skip_tracking":false,"_monsterinsights_sitenote_active":false,"_monsterinsights_sitenote_note":"","_monsterinsights_sitenote_category":0,"footnotes":""},"class_list":["post-2241","page","type-page","status-publish","hentry"],"acf":[],"_links":{"self":[{"href":"https:\/\/bio.ufpr.br\/ppggenetica\/wp-json\/wp\/v2\/pages\/2241","targetHints":{"allow":["GET"]}}],"collection":[{"href":"https:\/\/bio.ufpr.br\/ppggenetica\/wp-json\/wp\/v2\/pages"}],"about":[{"href":"https:\/\/bio.ufpr.br\/ppggenetica\/wp-json\/wp\/v2\/types\/page"}],"author":[{"embeddable":true,"href":"https:\/\/bio.ufpr.br\/ppggenetica\/wp-json\/wp\/v2\/users\/6"}],"replies":[{"embeddable":true,"href":"https:\/\/bio.ufpr.br\/ppggenetica\/wp-json\/wp\/v2\/comments?post=2241"}],"version-history":[{"count":17,"href":"https:\/\/bio.ufpr.br\/ppggenetica\/wp-json\/wp\/v2\/pages\/2241\/revisions"}],"predecessor-version":[{"id":2271,"href":"https:\/\/bio.ufpr.br\/ppggenetica\/wp-json\/wp\/v2\/pages\/2241\/revisions\/2271"}],"wp:attachment":[{"href":"https:\/\/bio.ufpr.br\/ppggenetica\/wp-json\/wp\/v2\/media?parent=2241"}],"curies":[{"name":"wp","href":"https:\/\/api.w.org\/{rel}","templated":true}]}}