{"id":3896,"date":"2025-04-29T09:48:04","date_gmt":"2025-04-29T12:48:04","guid":{"rendered":"https:\/\/bio.ufpr.br\/ppggenetica\/?page_id=3896"},"modified":"2025-05-19T12:05:52","modified_gmt":"2025-05-19T15:05:52","slug":"spanish","status":"publish","type":"page","link":"https:\/\/bio.ufpr.br\/ppggenetica\/spanish\/","title":{"rendered":"Spanish"},"content":{"rendered":"<h1 style=\"text-align: center\">Programa de Postgrado en Gen\u00e9tica<\/h1>\n<hr style=\"width: 100%;height: 2px\" \/>\n<p class=\"MsoNormal\">\n<p class=\"MsoNormal\"><a href=\"#El_Programa\">El Programa<\/a><\/p>\n<p class=\"MsoNormal\"><a href=\"#Investigaci%F3n\">Investigaci\u00f3n<\/a><\/p>\n<p class=\"MsoNormal\"><a href=\"#Admisi%F3n\">Admisi\u00f3n<\/a><\/p>\n<p class=\"MsoNormal\"><a href=\"#Becas\">Becas<\/a><\/p>\n<p class=\"MsoNormal\"><a href=\"#Contacto\">Contacto<\/a><\/p>\n<p class=\"MsoNormal\">\n<hr style=\"width: 100%;height: 2px\" \/>\n<p>&nbsp;<\/p>\n<h2><a name=\"El_Programa\"><\/a>El Programa<\/h2>\n<p class=\"MsoNormal\">\n<h3>Presentaci\u00f3n<\/h3>\n<p class=\"MsoNormal\">Formar recursos humanos de calidad con una s\u00f3lida<br \/>\nformaci\u00f3n en Gen\u00e9tica, priorizando la producci\u00f3n de conocimiento cient\u00edfico por<br \/>\nparte de\u00a0 los estudiantes, generando conocimiento apropiado para atender las<br \/>\ndemandas regionales y nacionales en los sectores de salud, agronegocios,<br \/>\nambiente y biotecnolog\u00eda, generando conocimiento cient\u00edfico b\u00e1sico y aplicado,<br \/>\ninnovaciones y tecnolog\u00edas educativas.<\/p>\n<p class=\"MsoNormal\">\n<h3>Objetivos<\/h3>\n<p class=\"MsoNormal\">\n<p class=\"MsoNormal\">\u2013 Producir conocimiento cient\u00edfico innovador, orientado a<br \/>\nsatisfacer las demandas nacionales de ciencia y tecnolog\u00eda, capaces de<br \/>\nsustentar el desarrollo social y econ\u00f3mico del pa\u00eds;<\/p>\n<p class=\"MsoNormal\">\u00a0\u2013 Formar y cualificar docentes e investigadores capaces de<br \/>\npromover el desarrollo cient\u00edfico, ocupar puestos de trabajo en<br \/>\nuniversidades y centros educativos y liderar la creaci\u00f3n de nuevos centros de<br \/>\ninvestigaci\u00f3n a nivel regional y nacional;<\/p>\n<p class=\"MsoNormal\">\u00a0\u2013 Generar productos y servicios de calidad para la<br \/>\ncomunidad, posibilitando la integraci\u00f3n entre el \u00e1mbito acad\u00e9mico y su<br \/>\nentorno, generando herramientas educativas especializadas y tecnolog\u00edas<br \/>\ntransferibles a la cadena productiva y\/o de servicios de salud.<\/p>\n<p>&nbsp;<\/p>\n<h3 class=\"MsoNormal\">\u00a0Perfil de los graduados<\/h3>\n<p class=\"MsoNormal\">\n<p class=\"MsoNormal\">El perfil esperado del egresado del PPG-GEN es un profesional calificado para actuar en la docencia de pregrado y<br \/>\nposgrado, en la investigaci\u00f3n cient\u00edfica acad\u00e9mica e industrial, atendiendo demandas<br \/>\nsociales en otros sectores de la sociedad, como el agronegocio, la preservaci\u00f3n<br \/>\ndel medio ambiente y la salud humana. Por vocaci\u00f3n, el PPG-GEN ha trabajado<br \/>\ndirectamente en la formaci\u00f3n de profesores de la red de educaci\u00f3n<br \/>\nb\u00e1sica y, por tanto, muchos de los egresados han trabajado en ese segmento de la educaci\u00f3n.<\/p>\n<p class=\"MsoNormal\">\n<p class=\"MsoNormal\">El programa realiza un seguimiento continuo de sus egresados<br \/>\ny cuenta con una herramienta institucional (Portal del Egresado),<br \/>\nplataforma creada con tecnolog\u00eda propia de la UFPR. A trav\u00e9s de este, indicadores<br \/>\nactualizados y auditables recogen datos de bancos p\u00fablicos, como el<br \/>\nMinisterio de Trabajo y Econom\u00eda, CAPES y CNPq, lo que ha permitido el seguimiento<br \/>\nde los puestos de trabajo ocupados por egresados del PPG-GEN.<\/p>\n<p class=\"MsoNormal\">\n<p class=\"MsoNormal\">Con base en estos indicadores, se destaca el papel de<br \/>\nliderazgo del programa en el establecimiento de centros de excelencia<br \/>\nen investigaci\u00f3n y ense\u00f1anza en el \u00e1rea de Gen\u00e9tica en todo el pa\u00eds,<br \/>\nespecialmente en la regi\u00f3n sur de Brasil. La mayor\u00eda de los egresados del Programa<br \/>\nhan desarrollado carreras acad\u00e9micas en instituciones p\u00fablicas y privadas,<br \/>\nen todos los segmentos de la educaci\u00f3n (desde la b\u00e1sica hasta la superior). Otra<br \/>\nparte se ha colocado en grandes empresas, trabajando en \u00e1reas de<br \/>\ninvestigaci\u00f3n y desarrollo (I+D) o en ventas y soporte t\u00e9cnico. En el corto plazo,<br \/>\nobservamos una buena parte de los graduados realizando pr\u00e1cticas postdoctorales en<br \/>\nprestigiosas instituciones nacionales e internacionales.<\/p>\n<p class=\"MsoNormal\">\n<h2><a name=\"Investigaci\u00f3n\"><\/a>Investigaci\u00f3n<\/h2>\n<p class=\"MsoNormal\">\n<h3>L\u00edneas de investigaci\u00f3n<\/h3>\n<p class=\"MsoNormal\">El \u00e1rea de concentraci\u00f3n del programa es Gen\u00e9tica<br \/>\ny cuenta con cinco l\u00edneas de investigaci\u00f3n:<\/p>\n<p class=\"MsoNormal\">\n<h3>Diversidad gen\u00e9tica normal y patol\u00f3gica<\/h3>\n<p class=\"MsoNormal\">\n<p class=\"MsoNormal\">Estudio estructural y funcional de variantes gen\u00f3micas<br \/>\nasociadas a fenotipos complejos, condiciones gen\u00e9ticas raras o<br \/>\nrespuestas terap\u00e9uticas, capaces de proporcionar una mejor comprensi\u00f3n de las<br \/>\ncondiciones patol\u00f3gicas y estrategias de tratamiento. El objetivo es reconocer<br \/>\ncambios en biomol\u00e9culas que sean biomarcadores potenciales para nuevas estrategias<br \/>\nde diagn\u00f3stico, clasificaci\u00f3n de enfermedades y\/o terapia.<\/p>\n<p class=\"MsoNormal\">\n<p class=\"MsoNormal\">Temas: Asociaci\u00f3n de polimorfismos gen\u00e9ticos con fenotipos<br \/>\ncomplejos; identificaci\u00f3n de variantes gen\u00e9ticas raras; variantes<br \/>\nmitocondriales; epidemiolog\u00eda gen\u00e9tica; fenotipos monog\u00e9nicos<br \/>\n(mendelianos); fenotipos multifactoriales (complejos); inmunogen\u00e9tica; oncogen\u00e9tica;<br \/>\nbiomarcadores.<\/p>\n<p class=\"MsoNormal\">\n<h3>Gen\u00e9tica y gen\u00f3mica funcional<\/h3>\n<p class=\"MsoNormal\">\n<p class=\"MsoNormal\">Combina herramientas de biolog\u00eda molecular, ensayos<br \/>\nfuncionales y enfoques \u201c\u00f3micos\u201d con el objetivo de identificar,<br \/>\ncomprender y validar genes y v\u00edas biol\u00f3gicas involucradas en la regulaci\u00f3n de la<br \/>\nexpresi\u00f3n g\u00e9nica y sus implicaciones en el metabolismo de los organismos. Sus<br \/>\nresultados permiten reconocer la contribuci\u00f3n de las variaciones gen\u00e9ticas y<br \/>\nepigen\u00e9ticas relacionadas con el funcionamiento de los genomas y sus respuestas<br \/>\ncelulares.<\/p>\n<p class=\"MsoNormal\">\n<p class=\"MsoNormal\">Temas: An\u00e1lisis del transcriptoma y proteoma, regulaci\u00f3n de<br \/>\nla expresi\u00f3n g\u00e9nica en eucariotas y procariotas, ARN extracelulares,<br \/>\nARN no codificantes, epigen\u00e9tica; genes de interacci\u00f3n interespec\u00edfica;<br \/>\nbiolog\u00eda de sistemas.<\/p>\n<p class=\"MsoNormal\">\n<h3>Evoluci\u00f3n gen\u00f3mica y gen\u00e9tica de poblaciones<\/h3>\n<p class=\"MsoNormal\">\n<p class=\"MsoNormal\">Estudia, a trav\u00e9s de enfoques tradicionales y \u201c\u00f3micos\u201d, los<br \/>\nprocesos evolutivos y las estrategias adaptativas de diferentes<br \/>\norganismos en busca de una mejor comprensi\u00f3n de la diversidad biol\u00f3gica en el tiempo<br \/>\ny el espacio. Los resultados contribuyen a la descripci\u00f3n de la<br \/>\nbiodiversidad neotropical, al dise\u00f1o de estrategias de conservaci\u00f3n de especies, a la<br \/>\ncomprensi\u00f3n de la evoluci\u00f3n humana y al desarrollo de tecnolog\u00edas<br \/>\nforenses que contribuyan a la soberan\u00eda nacional.<\/p>\n<p class=\"MsoNormal\">\n<p class=\"MsoNormal\">Temas: Evoluci\u00f3n de genes y genomas, gen\u00f3mica comparativa,<br \/>\ncitogen\u00e9tica comparativa y evoluci\u00f3n cromos\u00f3mica, ADN repetitivos,<br \/>\nsistem\u00e1tica filogen\u00e9tica, filogeograf\u00eda, procesos macro y microevolutivos, gen\u00e9tica<br \/>\nde poblaciones; gen\u00e9tica de conservaci\u00f3n; gen\u00e9tica forense.<\/p>\n<p class=\"MsoNormal\">\n<h3>Biotecnolog\u00eda ambiental y bioprospecci\u00f3n<\/h3>\n<p class=\"MsoNormal\">\n<p class=\"MsoNormal\">Estudia la diversidad biol\u00f3gica con un enfoque en la<br \/>\nidentificaci\u00f3n de recursos gen\u00e9ticos con potencial para la prospecci\u00f3n<br \/>\nde compuestos bioactivos para su uso en la agricultura, la industria,<br \/>\nfuentes de energ\u00eda renovables y en la soluci\u00f3n de problemas ambientales. Aplica<br \/>\nbioensayos utilizando animales y microorganismos como bioindicadores en el<br \/>\nmonitoreo ambiental. Realiza estudios para identificar el peligro y determinar el<br \/>\nriesgo de las sustancias qu\u00edmicas. Esta l\u00ednea de investigaci\u00f3n tambi\u00e9n incluye<br \/>\nel desarrollo de nuevas tecnolog\u00edas de ensayo alternativas a la<br \/>\nexperimentaci\u00f3n con animales, que puedan aplicarse en el proceso de desarrollo de<br \/>\nproductos y contribuir as\u00ed a la sostenibilidad del mismo.<\/p>\n<p class=\"MsoNormal\">\n<p class=\"MsoNormal\">Temas: Bioprospecci\u00f3n; identificaci\u00f3n de recursos gen\u00e9ticos<br \/>\ncon potencial biotecnol\u00f3gico; (eco)toxicolog\u00eda ambiental; evaluaci\u00f3n de<br \/>\nla genotoxicidad y el da\u00f1o al ADN; vigilancia ambiental y evaluaci\u00f3n de<br \/>\nriesgos de sustancias y productos; identificaci\u00f3n de marcadores moleculares para<br \/>\nrespuestas de (eco)toxicidad; desarrollo de nuevas metodolog\u00edas alternativas al<br \/>\nuso de la experimentaci\u00f3n animal.<\/p>\n<p class=\"MsoNormal\">\n<h3>Educaci\u00f3n cient\u00edfica<\/h3>\n<p class=\"MsoNormal\">\n<p class=\"MsoNormal\">Busca promover el diagn\u00f3stico de las dificultades de<br \/>\nense\u00f1anza, desarrollo y evaluaci\u00f3n de recursos educativos (estrategias<br \/>\ndid\u00e1cticas, computacionales y de difusi\u00f3n) que sean capaces de hacer la<br \/>\nCiencia m\u00e1s interesante y relacionada con la sociedad. Sus resultados pretenden<br \/>\ndespertar la curiosidad y el inter\u00e9s de la sociedad por los fen\u00f3menos<br \/>\nnaturales que nos rodean y por los productos y servicios tecnol\u00f3gicos que se<br \/>\nderivan del desarrollo cient\u00edfico.<\/p>\n<p class=\"MsoNormal\">\n<p class=\"MsoNormal\">Temas: M\u00e9todo cient\u00edfico y divulgaci\u00f3n de la ciencia;<br \/>\nRecursos did\u00e1cticos para la ense\u00f1anza de Gen\u00e9tica y Biotecnolog\u00eda;<br \/>\nnuevas estrategias de ense\u00f1anza; metodolog\u00edas de ense\u00f1anza<\/p>\n<p class=\"MsoNormal\">\n<h2><a name=\"Admisi\u00f3n\"><\/a>Admisi\u00f3n<\/h2>\n<p class=\"MsoNormal\">\n<p class=\"MsoNormal\">Los estudiantes interesados en unirse al Programa de<br \/>\nGen\u00e9tica de la UFPR deben postularse en los procesos de selecci\u00f3n de<br \/>\nmaestr\u00eda o doctorado.<\/p>\n<p class=\"MsoNormal\">\n<p class=\"MsoNormal\">El Programa de Gen\u00e9tica es gratuito y los estudiantes pueden<br \/>\nrecibir apoyo financiero a trav\u00e9s de becas otorgadas por agencias<br \/>\nbrasile\u00f1as como el CNPq y la CAPES.<\/p>\n<p class=\"MsoNormal\">\n<h2><a name=\"Becas\"><\/a>Becas<\/h2>\n<p class=\"MsoNormal\">\n<p class=\"MsoNormal\">Actualmente, los proyectos de investigaci\u00f3n cuentan con el<br \/>\napoyo de diversas fuentes, como el CNPq, la CAPES y la FUNDA\u00c7\u00c3O<br \/>\nARAUCARIA.<\/p>\n<p class=\"MsoNormal\">Los estudiantes de maestr\u00eda, doctorado y posdoctorado pueden<br \/>\nrecibir becas.<\/p>\n<p class=\"MsoNormal\">\n<h2><a name=\"Contacto\"><\/a>Contacto<\/h2>\n<p class=\"MsoNormal\">\n<p class=\"MsoNormal\">Secretario: Guilherme Negrao<\/p>\n<p class=\"MsoNormal\">Correo electr\u00f3nico de contacto: ppg-gen@ufpr.br<\/p>\n<p class=\"MsoNormal\">Tel\u00e9fono: +55 |41| 3361-1684<\/p>\n<p class=\"MsoNormal\">Horario de apertura: de 08:00 a 12:00 y de 13:00 a 17:00<\/p>\n<p class=\"MsoNormal\">Direcci\u00f3n: Apartado Postal 19071 | C\u00f3digo Postal 81531-980 |<br \/>\nCentro Polit\u00e9cnico | Jard\u00edn de las Am\u00e9ricas | Curitiba | PR | Brasil<\/p>\n<p>&nbsp;<\/p>\n","protected":false},"excerpt":{"rendered":"<p>Programa de Postgrado en Gen\u00e9tica El Programa Investigaci\u00f3n Admisi\u00f3n Becas Contacto &nbsp; El Programa Presentaci\u00f3n Formar recursos humanos de calidad con una s\u00f3lida formaci\u00f3n en [&hellip;]<\/p>\n","protected":false},"author":2125,"featured_media":0,"parent":0,"menu_order":0,"comment_status":"closed","ping_status":"closed","template":"","meta":{"_acf_changed":false,"_monsterinsights_skip_tracking":false,"_monsterinsights_sitenote_active":false,"_monsterinsights_sitenote_note":"","_monsterinsights_sitenote_category":0,"footnotes":""},"class_list":["post-3896","page","type-page","status-publish","hentry"],"acf":[],"_links":{"self":[{"href":"https:\/\/bio.ufpr.br\/ppggenetica\/wp-json\/wp\/v2\/pages\/3896","targetHints":{"allow":["GET"]}}],"collection":[{"href":"https:\/\/bio.ufpr.br\/ppggenetica\/wp-json\/wp\/v2\/pages"}],"about":[{"href":"https:\/\/bio.ufpr.br\/ppggenetica\/wp-json\/wp\/v2\/types\/page"}],"author":[{"embeddable":true,"href":"https:\/\/bio.ufpr.br\/ppggenetica\/wp-json\/wp\/v2\/users\/2125"}],"replies":[{"embeddable":true,"href":"https:\/\/bio.ufpr.br\/ppggenetica\/wp-json\/wp\/v2\/comments?post=3896"}],"version-history":[{"count":3,"href":"https:\/\/bio.ufpr.br\/ppggenetica\/wp-json\/wp\/v2\/pages\/3896\/revisions"}],"predecessor-version":[{"id":3938,"href":"https:\/\/bio.ufpr.br\/ppggenetica\/wp-json\/wp\/v2\/pages\/3896\/revisions\/3938"}],"wp:attachment":[{"href":"https:\/\/bio.ufpr.br\/ppggenetica\/wp-json\/wp\/v2\/media?parent=3896"}],"curies":[{"name":"wp","href":"https:\/\/api.w.org\/{rel}","templated":true}]}}